CRAN Package Check Results for Package PRISMA

Last updated on 2014-04-19 01:48:24.

Flavor Version Tinstall Tcheck Ttotal Status Flags
r-devel-linux-x86_64-debian-clang 0.2-1 4.50 63.19 67.70 OK
r-devel-linux-x86_64-debian-gcc OK
r-devel-linux-x86_64-fedora-clang 0.2-1 156.55 OK
r-devel-linux-x86_64-fedora-gcc 0.2-1 149.01 OK
r-devel-macosx-x86_64-clang 0.2-1 133.59 OK
r-devel-macosx-x86_64-gcc 0.2-1 ERROR
r-devel-windows-ix86+x86_64 0.2-1 12.00 88.00 100.00 OK
r-patched-linux-x86_64 0.2-1 4.70 62.51 67.21 OK
r-patched-solaris-sparc 0.2-1 834.20 OK
r-patched-solaris-x86 0.2-1 194.70 OK
r-release-linux-ix86 0.2-1 11.00 104.00 115.00 OK
r-release-linux-x86_64 0.2-1 4.58 61.86 66.44 OK
r-release-macosx-x86_64 0.2-1 OK
r-release-windows-ix86+x86_64 0.2-1 13.00 98.00 111.00 OK
r-oldrel-windows-ix86+x86_64 0.2-1 15.00 97.00 112.00 OK

Check Details

Version: 0.2-1
Check: package dependencies
Result: ERROR
    Package required but not available: ‘ggplot2’
    
    Package suggested but not available for checking: ‘tm’
    
    See the information on DESCRIPTION files in the chapter ‘Creating R
    packages’ of the ‘Writing R Extensions’ manual.
Flavor: r-devel-macosx-x86_64-gcc