CRAN Package Check Results for Package PRISMA

Last updated on 2015-07-02 07:48:51.

Flavor Version Tinstall Tcheck Ttotal Status Flags
r-devel-linux-x86_64-debian-clang 0.2-5 3.35 44.84 48.19 NOTE
r-devel-linux-x86_64-debian-gcc 0.2-5 3.02 42.95 45.97 NOTE
r-devel-linux-x86_64-fedora-clang 0.2-5 99.07 NOTE
r-devel-linux-x86_64-fedora-gcc 0.2-5 93.41 NOTE
r-devel-osx-x86_64-clang 0.2-5 90.44 OK
r-devel-windows-ix86+x86_64 0.2-5 10.00 76.00 86.00 NOTE
r-patched-linux-x86_64 0.2-5 3.30 43.66 46.96 OK
r-patched-solaris-sparc 0.2-5 630.20 OK
r-patched-solaris-x86 0.2-5 142.30 OK
r-release-linux-x86_64 0.2-5 3.25 43.29 46.54 OK
r-release-osx-x86_64-mavericks 0.2-5 OK
r-release-windows-ix86+x86_64 0.2-5 9.00 67.00 76.00 OK
r-oldrel-windows-ix86+x86_64 0.2-5 15.00 98.00 113.00 OK

Check Details

Version: 0.2-5
Check: R code for possible problems
Result: NOTE
    corpusToPrisma: no visible global function definition for
     ‘packageVersion’
    estimateDimension : calcConfidence: no visible global function
     definition for ‘qnorm’
    filterDataByTestAndCor: no visible global function definition for
     ‘p.adjust’
    plot.prismaDimension: no visible binding for global variable ‘var’
    plotMatrixFactor: no visible global function definition for
     ‘as.dendrogram’
    plotMatrixFactor: no visible global function definition for ‘hclust’
    plotMatrixFactor: no visible global function definition for ‘dist’
    plotMatrixFactor : <anonymous>: no visible global function definition
     for ‘gray’
    pmf: no visible global function definition for ‘rnorm’
    prismaHclust: no visible global function definition for ‘dist’
    prismaHclust: no visible global function definition for ‘hclust’
    prismaHclust: no visible global function definition for ‘cutree’
    readHarry: no visible global function definition for ‘read.table’
    scramblePCA: no visible global function definition for ‘prcomp’
    sparseCov: no visible global function definition for ‘new’
    ttestNgrams : <anonymous>: no visible global function definition for
     ‘pnorm’
Flavors: r-devel-linux-x86_64-debian-clang, r-devel-linux-x86_64-debian-gcc, r-devel-linux-x86_64-fedora-gcc, r-devel-windows-ix86+x86_64

Version: 0.2-5
Check: R code for possible problems
Result: NOTE
    corpusToPrisma: no visible global function definition for
     ‘packageVersion’
    estimateDimension : calcConfidence: no visible global function
     definition for ‘qnorm’
    filterDataByTestAndCor: no visible global function definition for
     ‘p.adjust’
    plot.prismaDimension: no visible binding for global variable ‘var’
    plotMatrixFactor: no visible global function definition for
     ‘as.dendrogram’
    plotMatrixFactor: no visible global function definition for ‘hclust’
    plotMatrixFactor: no visible global function definition for ‘dist’
    plotMatrixFactor : <anonymous>: no visible global function definition
     for ‘gray’
    pmf: no visible global function definition for ‘rnorm’
    prismaHclust: no visible global function definition for ‘dist’
    prismaHclust: no visible global function definition for ‘hclust’
    prismaHclust: no visible global function definition for ‘cutree’
    readHarry: no visible global function definition for ‘read.table’
    scramblePCA: no visible global function definition for ‘prcomp’
    sparseCov: no visible global function definition for ‘new’
    ttestNgrams : <anonymous>: no visible global function definition for
     ‘pnorm’
    Undefined global functions or variables:
     as.dendrogram cutree dist gray hclust new p.adjust packageVersion
     pnorm prcomp qnorm read.table rnorm var
Flavor: r-devel-linux-x86_64-fedora-clang