CRAN Package Check Results for Package PRISMA

Last updated on 2015-09-03 23:47:43.

Flavor Version Tinstall Tcheck Ttotal Status Flags
r-devel-linux-x86_64-debian-clang 0.2-5 3.09 42.92 46.01 NOTE
r-devel-linux-x86_64-debian-gcc 0.2-5 2.94 44.88 47.82 NOTE
r-devel-linux-x86_64-fedora-clang 0.2-5 90.09 NOTE
r-devel-linux-x86_64-fedora-gcc 0.2-5 89.58 NOTE
r-devel-osx-x86_64-clang 0.2-5 86.80 OK
r-devel-windows-ix86+x86_64 0.2-5 9.00 83.00 92.00 NOTE
r-patched-linux-x86_64 0.2-5 3.05 46.32 49.37 OK
r-patched-solaris-sparc 0.2-5 625.40 OK
r-patched-solaris-x86 0.2-5 139.90 OK
r-release-linux-x86_64 0.2-5 3.10 45.60 48.70 OK
r-release-osx-x86_64-mavericks 0.2-5 OK
r-release-windows-ix86+x86_64 0.2-5 13.00 80.00 93.00 OK
r-oldrel-windows-ix86+x86_64 0.2-5 22.00 115.00 137.00 OK

Check Details

Version: 0.2-5
Check: R code for possible problems
Result: NOTE
    corpusToPrisma: no visible global function definition for
     ‘packageVersion’
    estimateDimension : calcConfidence: no visible global function
     definition for ‘qnorm’
    filterDataByTestAndCor: no visible global function definition for
     ‘p.adjust’
    plot.prismaDimension: no visible binding for global variable ‘var’
    plotMatrixFactor: no visible global function definition for
     ‘as.dendrogram’
    plotMatrixFactor: no visible global function definition for ‘hclust’
    plotMatrixFactor: no visible global function definition for ‘dist’
    plotMatrixFactor : <anonymous>: no visible global function definition
     for ‘gray’
    pmf: no visible global function definition for ‘rnorm’
    prismaHclust: no visible global function definition for ‘dist’
    prismaHclust: no visible global function definition for ‘hclust’
    prismaHclust: no visible global function definition for ‘cutree’
    readHarry: no visible global function definition for ‘read.table’
    scramblePCA: no visible global function definition for ‘prcomp’
    sparseCov: no visible global function definition for ‘new’
    ttestNgrams : <anonymous>: no visible global function definition for
     ‘pnorm’
    Undefined global functions or variables:
     as.dendrogram cutree dist gray hclust new p.adjust packageVersion
     pnorm prcomp qnorm read.table rnorm var
    Consider adding
     importFrom("grDevices", "gray")
     importFrom("methods", "new")
     importFrom("stats", "as.dendrogram", "cutree", "dist", "hclust",
     "p.adjust", "pnorm", "prcomp", "qnorm", "rnorm", "var")
     importFrom("utils", "packageVersion", "read.table")
    to your NAMESPACE (and ensure that your DESCRIPTION Imports field
    contains 'methods').
Flavors: r-devel-linux-x86_64-debian-clang, r-devel-linux-x86_64-debian-gcc, r-devel-linux-x86_64-fedora-clang, r-devel-linux-x86_64-fedora-gcc, r-devel-windows-ix86+x86_64