CRAN Package Check Results for Package PRISMA

Last updated on 2015-05-27 19:47:16.

Flavor Version Tinstall Tcheck Ttotal Status Flags
r-devel-linux-x86_64-debian-clang 0.2-5 3.26 44.69 47.95 OK
r-devel-linux-x86_64-debian-gcc 0.2-5 3.08 43.74 46.82 OK
r-devel-linux-x86_64-fedora-clang 0.2-5 99.61 OK
r-devel-linux-x86_64-fedora-gcc 0.2-5 95.14 OK
r-devel-osx-x86_64-clang 0.2-5 89.90 OK
r-devel-windows-ix86+x86_64 0.2-5 10.00 69.00 79.00 OK
r-patched-linux-x86_64 0.2-5 3.04 42.98 46.01 OK
r-patched-solaris-sparc 0.2-5 630.20 OK
r-patched-solaris-x86 0.2-5 141.30 OK
r-release-linux-x86_64 0.2-5 3.05 44.20 47.24 OK
r-release-osx-x86_64-mavericks 0.2-5 OK
r-release-osx-x86_64-snowleopard 0.2-5 ERROR
r-release-windows-ix86+x86_64 0.2-5 10.00 73.00 83.00 OK
r-oldrel-windows-ix86+x86_64 0.2-5 17.00 96.00 113.00 OK

Check Details

Version: 0.2-5
Check: package dependencies
Result: ERROR
    Package required but not available: ‘ggplot2’
    
    Package suggested but not available for checking: ‘tm’
    
    See section ‘The DESCRIPTION file’ in the ‘Writing R Extensions’
    manual.
Flavor: r-release-osx-x86_64-snowleopard