CRAN Package Check Results for Package PRISMA

Last updated on 2015-04-20 02:48:41.

Flavor Version Tinstall Tcheck Ttotal Status Flags
r-devel-linux-x86_64-debian-clang 0.2-5 3.45 43.78 47.23 OK
r-devel-linux-x86_64-debian-gcc 0.2-5 3.30 42.68 45.98 OK
r-devel-linux-x86_64-fedora-clang 0.2-5 102.30 OK
r-devel-linux-x86_64-fedora-gcc 0.2-5 95.16 OK
r-devel-osx-x86_64-clang 0.2-5 95.60 OK
r-devel-windows-ix86+x86_64 0.2-5 14.00 93.00 107.00 OK
r-patched-linux-x86_64 0.2-5 3.13 44.55 47.68 OK
r-patched-solaris-sparc 0.2-5 493.00 OK
r-patched-solaris-x86 0.2-5 132.90 OK
r-release-linux-x86_64 0.2-5 3.07 42.79 45.86 OK
r-release-osx-x86_64-mavericks 0.2-5 OK
r-release-osx-x86_64-snowleopard 0.2-5 ERROR
r-release-windows-ix86+x86_64 0.2-5 8.00 65.00 73.00 OK
r-oldrel-windows-ix86+x86_64 0.2-5 13.00 86.00 99.00 OK

Check Details

Version: 0.2-5
Check: package dependencies
Result: ERROR
    Package required but not available: ‘ggplot2’
    
    Package suggested but not available for checking: ‘tm’
    
    See section ‘The DESCRIPTION file’ in the ‘Writing R Extensions’
    manual.
Flavor: r-release-osx-x86_64-snowleopard