CRAN Package Check Results for Package PROFANCY

Last updated on 2014-07-24 03:48:53.

Flavor Version Tinstall Tcheck Ttotal Status Flags
r-devel-linux-x86_64-debian-clang 1.0 3.57 65.48 69.04 NOTE
r-devel-linux-x86_64-debian-gcc 1.0 3.51 64.06 67.57 NOTE
r-devel-linux-x86_64-fedora-clang 1.0 165.66 NOTE
r-devel-linux-x86_64-fedora-gcc 1.0 157.93 NOTE
r-devel-osx-x86_64-clang 1.0 126.11 NOTE
r-devel-windows-ix86+x86_64 1.0 10.00 93.00 103.00 NOTE
r-patched-linux-x86_64 1.0 3.52 63.62 67.14 NOTE
r-patched-solaris-sparc 1.0 866.90 NOTE
r-patched-solaris-x86 1.0 259.20 NOTE
r-release-linux-ix86 1.0 4.30 102.40 106.70 NOTE
r-release-linux-x86_64 1.0 3.80 64.60 68.39 NOTE
r-release-osx-x86_64-mavericks 1.0 NOTE
r-release-osx-x86_64-snowleopard 1.0 NOTE
r-release-windows-ix86+x86_64 1.0 10.00 98.00 108.00 NOTE
r-oldrel-windows-ix86+x86_64 1.0 10.00 85.00 95.00 NOTE

Check Details

Version: 1.0
Check: dependencies in R code
Result: NOTE
    'library' or 'require' call to ‘igraph’ which was already attached by Depends.
     Please remove these calls from your code.
    See the information on DESCRIPTION files in the chapter ‘Creating R
    packages’ of the ‘Writing R Extensions’ manual.
Flavors: r-devel-linux-x86_64-debian-clang, r-devel-linux-x86_64-debian-gcc, r-devel-linux-x86_64-fedora-clang, r-devel-linux-x86_64-fedora-gcc, r-devel-osx-x86_64-clang, r-devel-windows-ix86+x86_64, r-patched-linux-x86_64, r-patched-solaris-sparc, r-patched-solaris-x86, r-release-linux-ix86, r-release-linux-x86_64, r-release-osx-x86_64-mavericks, r-release-osx-x86_64-snowleopard, r-release-windows-ix86+x86_64, r-oldrel-windows-ix86+x86_64