CRAN Package Check Results for Package PROFANCY

Last updated on 2016-07-24 06:47:02.

Flavor Version Tinstall Tcheck Ttotal Status Flags
r-devel-linux-x86_64-debian-clang 1.0 3.62 83.84 87.46 NOTE
r-devel-linux-x86_64-debian-gcc 1.0 3.08 60.39 63.47 NOTE
r-devel-linux-x86_64-fedora-clang 1.0 89.90 NOTE
r-devel-linux-x86_64-fedora-gcc 1.0 88.36 NOTE
r-devel-osx-x86_64-clang 1.0 70.60 NOTE
r-devel-windows-ix86+x86_64 1.0 8.00 84.00 92.00 NOTE
r-patched-linux-x86_64 1.0 3.52 57.22 60.75 NOTE
r-patched-solaris-sparc 1.0 540.70 NOTE
r-patched-solaris-x86 1.0 145.90 NOTE
r-release-linux-x86_64 1.0 3.71 57.20 60.90 NOTE
r-release-osx-x86_64-mavericks 1.0 NOTE
r-release-windows-ix86+x86_64 1.0 7.00 81.00 88.00 NOTE
r-oldrel-windows-ix86+x86_64 1.0 12.00 103.00 115.00 NOTE

Check Details

Version: 1.0
Check: dependencies in R code
Result: NOTE
    'library' or 'require' call to ‘igraph’ which was already attached by Depends.
     Please remove these calls from your code.
Flavors: r-devel-linux-x86_64-debian-clang, r-devel-linux-x86_64-debian-gcc, r-devel-linux-x86_64-fedora-clang, r-devel-linux-x86_64-fedora-gcc, r-devel-osx-x86_64-clang, r-devel-windows-ix86+x86_64, r-patched-linux-x86_64, r-patched-solaris-sparc, r-patched-solaris-x86, r-release-linux-x86_64, r-release-osx-x86_64-mavericks, r-release-windows-ix86+x86_64, r-oldrel-windows-ix86+x86_64

Version: 1.0
Check: R code for possible problems
Result: NOTE
    getCandidates: no visible binding for global variable ‘envData’
    getGraph: no visible binding for global variable ‘envData’
    getProvidedDiseaseName: no visible binding for global variable
     ‘envData’
    getSeed: no visible binding for global variable ‘envData’
    getTopDiseaseMetabolites: no visible binding for global variable
     ‘envData’
    Undefined global functions or variables:
     envData
Flavors: r-devel-linux-x86_64-debian-clang, r-devel-linux-x86_64-debian-gcc, r-devel-linux-x86_64-fedora-clang, r-devel-linux-x86_64-fedora-gcc, r-devel-osx-x86_64-clang, r-devel-windows-ix86+x86_64, r-patched-linux-x86_64, r-patched-solaris-sparc, r-patched-solaris-x86, r-release-linux-x86_64, r-release-osx-x86_64-mavericks, r-release-windows-ix86+x86_64

Version: 1.0
Check: R code for possible problems
Result: NOTE
    getCandidates: no visible binding for global variable 'envData'
    getGraph: no visible binding for global variable 'envData'
    getProvidedDiseaseName: no visible binding for global variable
     'envData'
    getSeed: no visible binding for global variable 'envData'
    getTopDiseaseMetabolites: no visible binding for global variable
     'envData'
Flavor: r-oldrel-windows-ix86+x86_64