CRAN Package Check Results for Package PROFANCY

Last updated on 2015-05-23 09:48:32.

Flavor Version Tinstall Tcheck Ttotal Status Flags
r-devel-linux-x86_64-debian-clang 1.0 2.84 60.74 63.59 NOTE
r-devel-linux-x86_64-debian-gcc 1.0 2.77 56.79 59.56 NOTE
r-devel-linux-x86_64-fedora-clang 1.0 120.48 NOTE
r-devel-linux-x86_64-fedora-gcc 1.0 115.29 NOTE
r-devel-osx-x86_64-clang 1.0 103.60 NOTE
r-devel-windows-ix86+x86_64 1.0 7.00 81.00 88.00 NOTE
r-patched-linux-x86_64 1.0 2.78 56.36 59.14 NOTE
r-patched-solaris-sparc 1.0 799.20 NOTE
r-patched-solaris-x86 1.0 226.50 NOTE
r-release-linux-x86_64 1.0 2.84 57.06 59.90 NOTE
r-release-osx-x86_64-mavericks 1.0 NOTE
r-release-osx-x86_64-snowleopard 1.0 ERROR
r-release-windows-ix86+x86_64 1.0 8.00 84.00 92.00 NOTE
r-oldrel-windows-ix86+x86_64 1.0 10.00 84.00 94.00 NOTE

Check Details

Version: 1.0
Check: dependencies in R code
Result: NOTE
    'library' or 'require' call to ‘igraph’ which was already attached by Depends.
     Please remove these calls from your code.
Flavors: r-devel-linux-x86_64-debian-clang, r-devel-linux-x86_64-debian-gcc, r-devel-linux-x86_64-fedora-clang, r-devel-linux-x86_64-fedora-gcc, r-devel-osx-x86_64-clang, r-devel-windows-ix86+x86_64, r-patched-linux-x86_64, r-patched-solaris-sparc, r-patched-solaris-x86, r-release-linux-x86_64, r-release-osx-x86_64-mavericks, r-release-windows-ix86+x86_64, r-oldrel-windows-ix86+x86_64

Version: 1.0
Check: R code for possible problems
Result: NOTE
    getCandidates: no visible binding for global variable ‘envData’
    getGraph: no visible binding for global variable ‘envData’
    getProvidedDiseaseName: no visible binding for global variable
     ‘envData’
    getSeed: no visible binding for global variable ‘envData’
    getTopDiseaseMetabolites: no visible binding for global variable
     ‘envData’
Flavors: r-devel-linux-x86_64-debian-clang, r-devel-linux-x86_64-debian-gcc, r-devel-linux-x86_64-fedora-clang, r-devel-linux-x86_64-fedora-gcc, r-devel-osx-x86_64-clang, r-devel-windows-ix86+x86_64, r-patched-linux-x86_64, r-patched-solaris-sparc, r-patched-solaris-x86, r-release-linux-x86_64, r-release-osx-x86_64-mavericks, r-release-windows-ix86+x86_64, r-oldrel-windows-ix86+x86_64

Version: 1.0
Check: package dependencies
Result: ERROR
    Package required but not available: ‘igraph’
    
    See section ‘The DESCRIPTION file’ in the ‘Writing R Extensions’
    manual.
Flavor: r-release-osx-x86_64-snowleopard