CRAN Package Check Results for Package PROFANCY

Last updated on 2014-08-21 15:47:50.

Flavor Version Tinstall Tcheck Ttotal Status Flags
r-devel-linux-x86_64-debian-clang 1.0 3.41 64.18 67.59 NOTE
r-devel-linux-x86_64-debian-gcc 1.0 3.34 62.76 66.10 NOTE
r-devel-linux-x86_64-fedora-clang 1.0 179.29 NOTE
r-devel-linux-x86_64-fedora-gcc 1.0 153.24 NOTE
r-devel-osx-x86_64-clang 1.0 125.87 NOTE
r-devel-windows-ix86+x86_64 1.0 9.00 88.00 97.00 NOTE
r-patched-linux-x86_64 1.0 3.44 63.63 67.08 NOTE
r-patched-solaris-sparc 1.0 892.80 NOTE
r-patched-solaris-x86 1.0 260.40 NOTE
r-release-linux-ix86 1.0 4.31 103.11 107.42 NOTE
r-release-linux-x86_64 1.0 3.54 65.66 69.20 NOTE
r-release-osx-x86_64-mavericks 1.0 NOTE
r-release-osx-x86_64-snowleopard 1.0 NOTE
r-release-windows-ix86+x86_64 1.0 9.00 91.00 100.00 NOTE
r-oldrel-windows-ix86+x86_64 1.0 10.00 91.00 101.00 NOTE

Check Details

Version: 1.0
Check: dependencies in R code
Result: NOTE
    'library' or 'require' call to ‘igraph’ which was already attached by Depends.
     Please remove these calls from your code.
    See the information on DESCRIPTION files in the chapter ‘Creating R
    packages’ of the ‘Writing R Extensions’ manual.
Flavors: r-devel-linux-x86_64-debian-clang, r-devel-linux-x86_64-debian-gcc, r-devel-linux-x86_64-fedora-clang, r-devel-linux-x86_64-fedora-gcc, r-devel-osx-x86_64-clang, r-devel-windows-ix86+x86_64, r-patched-linux-x86_64, r-patched-solaris-sparc, r-patched-solaris-x86, r-release-linux-ix86, r-release-linux-x86_64, r-release-osx-x86_64-mavericks, r-release-osx-x86_64-snowleopard, r-release-windows-ix86+x86_64, r-oldrel-windows-ix86+x86_64

Version: 1.0
Check: R code for possible problems
Result: NOTE
    getCandidates: no visible binding for global variable ‘envData’
    getGraph: no visible binding for global variable ‘envData’
    getProvidedDiseaseName: no visible binding for global variable
     ‘envData’
    getSeed: no visible binding for global variable ‘envData’
    getTopDiseaseMetabolites: no visible binding for global variable
     ‘envData’
Flavors: r-devel-linux-x86_64-fedora-clang, r-devel-linux-x86_64-fedora-gcc, r-devel-osx-x86_64-clang