CRAN Package Check Results for Package PROFANCY

Last updated on 2017-01-22 22:48:34.

Flavor Version Tinstall Tcheck Ttotal Status Flags
r-devel-linux-x86_64-debian-clang 1.0 2.81 41.91 44.71 NOTE
r-devel-linux-x86_64-debian-gcc 1.0 2.56 41.93 44.49 NOTE
r-devel-linux-x86_64-fedora-clang 1.0 104.44 NOTE --no-stop-on-test-error
r-devel-linux-x86_64-fedora-gcc 1.0 87.84 NOTE --no-stop-on-test-error
r-devel-macos-x86_64-clang 1.0 74.50 NOTE --no-stop-on-test-error
r-devel-windows-ix86+x86_64 1.0 8.00 89.00 97.00 NOTE
r-patched-linux-x86_64 1.0 2.36 38.72 41.09 NOTE
r-patched-solaris-sparc 1.0 553.80 NOTE
r-patched-solaris-x86 1.0 149.30 NOTE
r-release-linux-x86_64 1.0 2.31 38.68 40.99 NOTE
r-release-osx-x86_64-mavericks 1.0 NOTE
r-release-windows-ix86+x86_64 1.0 17.00 101.00 118.00 NOTE
r-oldrel-windows-ix86+x86_64 1.0 12.00 124.00 136.00 NOTE

Check Details

Version: 1.0
Check: dependencies in R code
Result: NOTE
    'library' or 'require' call to ‘igraph’ which was already attached by Depends.
     Please remove these calls from your code.
Flavors: r-devel-linux-x86_64-debian-clang, r-devel-linux-x86_64-debian-gcc, r-devel-windows-ix86+x86_64, r-patched-linux-x86_64, r-patched-solaris-sparc, r-patched-solaris-x86, r-release-linux-x86_64, r-release-osx-x86_64-mavericks, r-release-windows-ix86+x86_64, r-oldrel-windows-ix86+x86_64

Version: 1.0
Check: R code for possible problems
Result: NOTE
    getCandidates: no visible binding for global variable ‘envData’
    getGraph: no visible binding for global variable ‘envData’
    getProvidedDiseaseName: no visible binding for global variable
     ‘envData’
    getSeed: no visible binding for global variable ‘envData’
    getTopDiseaseMetabolites: no visible binding for global variable
     ‘envData’
    Undefined global functions or variables:
     envData
Flavors: r-devel-linux-x86_64-debian-clang, r-devel-linux-x86_64-debian-gcc, r-devel-windows-ix86+x86_64, r-patched-linux-x86_64, r-patched-solaris-sparc, r-patched-solaris-x86, r-release-linux-x86_64, r-release-osx-x86_64-mavericks, r-release-windows-ix86+x86_64

Version: 1.0
Flags: --no-stop-on-test-error
Check: dependencies in R code
Result: NOTE
    'library' or 'require' call to ‘igraph’ which was already attached by Depends.
     Please remove these calls from your code.
Flavors: r-devel-linux-x86_64-fedora-clang, r-devel-linux-x86_64-fedora-gcc, r-devel-macos-x86_64-clang

Version: 1.0
Flags: --no-stop-on-test-error
Check: R code for possible problems
Result: NOTE
    getCandidates: no visible binding for global variable ‘envData’
    getGraph: no visible binding for global variable ‘envData’
    getProvidedDiseaseName: no visible binding for global variable
     ‘envData’
    getSeed: no visible binding for global variable ‘envData’
    getTopDiseaseMetabolites: no visible binding for global variable
     ‘envData’
    Undefined global functions or variables:
     envData
Flavors: r-devel-linux-x86_64-fedora-clang, r-devel-linux-x86_64-fedora-gcc, r-devel-macos-x86_64-clang

Version: 1.0
Check: R code for possible problems
Result: NOTE
    getCandidates: no visible binding for global variable 'envData'
    getGraph: no visible binding for global variable 'envData'
    getProvidedDiseaseName: no visible binding for global variable
     'envData'
    getSeed: no visible binding for global variable 'envData'
    getTopDiseaseMetabolites: no visible binding for global variable
     'envData'
Flavor: r-oldrel-windows-ix86+x86_64