CRAN Package Check Results for Package PROFANCY

Last updated on 2014-04-23 20:47:18.

Flavor Version Tinstall Tcheck Ttotal Status Flags
r-devel-linux-x86_64-debian-clang 1.0 3.73 67.26 70.99 NOTE
r-devel-linux-x86_64-debian-gcc 1.0 3.75 67.63 71.38 NOTE
r-devel-linux-x86_64-fedora-clang 1.0 156.52 NOTE
r-devel-linux-x86_64-fedora-gcc 1.0 148.36 NOTE
r-devel-osx-x86_64-clang 1.0 125.84 NOTE
r-devel-osx-x86_64-gcc 1.0 ERROR
r-devel-windows-ix86+x86_64 1.0 9.00 89.00 98.00 NOTE
r-patched-linux-x86_64 1.0 3.74 68.04 71.78 NOTE
r-patched-solaris-sparc 1.0 866.90 NOTE
r-patched-solaris-x86 1.0 260.60 NOTE
r-release-linux-ix86 1.0 5.00 130.00 135.00 NOTE
r-release-linux-x86_64 1.0 3.74 66.41 70.16 NOTE
r-release-osx-x86_64-mavericks 1.0 WARN
r-release-osx-x86_64-snowleopard 1.0 NOTE
r-release-windows-ix86+x86_64 1.0 9.00 86.00 95.00 NOTE
r-oldrel-windows-ix86+x86_64 1.0 9.00 88.00 97.00 NOTE

Check Details

Version: 1.0
Check: dependencies in R code
Result: NOTE
    'library' or 'require' call to ‘igraph’ which was already attached by Depends.
     Please remove these calls from your code.
    See the information on DESCRIPTION files in the chapter ‘Creating R
    packages’ of the ‘Writing R Extensions’ manual.
Flavors: r-devel-linux-x86_64-debian-clang, r-devel-linux-x86_64-debian-gcc, r-devel-linux-x86_64-fedora-clang, r-devel-linux-x86_64-fedora-gcc, r-devel-osx-x86_64-clang, r-devel-windows-ix86+x86_64, r-patched-linux-x86_64, r-patched-solaris-sparc, r-patched-solaris-x86, r-release-linux-ix86, r-release-linux-x86_64, r-release-osx-x86_64-mavericks, r-release-osx-x86_64-snowleopard, r-release-windows-ix86+x86_64, r-oldrel-windows-ix86+x86_64

Version: 1.0
Check: package dependencies
Result: ERROR
    Package required but not available: ‘igraph’
    
    See the information on DESCRIPTION files in the chapter ‘Creating R
    packages’ of the ‘Writing R Extensions’ manual.
Flavor: r-devel-osx-x86_64-gcc

Version: 1.0
Check: PDF version of manual
Result: WARNING
    LaTeX errors when creating PDF version.
    This typically indicates Rd problems.
    LaTeX errors found:
    ! LaTeX Error: File `upquote.sty' not found.
    
    Type X to quit or <RETURN> to proceed,
    or enter new name. (Default extension: sty)
    
    c03cb8/Rd2.tex:8: ==> Fatal error occurred, no output PDF file produced!
Flavor: r-release-osx-x86_64-mavericks