CRAN Package Check Results for Package PROFANCY

Last updated on 2017-08-21 06:47:02.

Flavor Version Tinstall Tcheck Ttotal Status Flags
r-devel-linux-x86_64-debian-clang 1.0 2.54 44.29 46.83 NOTE
r-devel-linux-x86_64-debian-gcc 1.0 3.22 43.00 46.23 NOTE
r-devel-linux-x86_64-fedora-clang 1.0 101.07 NOTE
r-devel-linux-x86_64-fedora-gcc 1.0 109.51 NOTE
r-devel-windows-ix86+x86_64 1.0 7.00 80.00 87.00 NOTE
r-patched-linux-x86_64 1.0 2.80 44.57 47.37 NOTE
r-patched-solaris-x86 1.0 163.30 NOTE
r-release-linux-x86_64 1.0 2.69 47.05 49.74 NOTE
r-release-windows-ix86+x86_64 1.0 10.00 107.00 117.00 NOTE
r-release-osx-x86_64 1.0 NOTE
r-oldrel-windows-ix86+x86_64 1.0 7.00 78.00 85.00 NOTE
r-oldrel-osx-x86_64 1.0 NOTE

Check Details

Version: 1.0
Check: dependencies in R code
Result: NOTE
    'library' or 'require' call to ‘igraph’ which was already attached by Depends.
     Please remove these calls from your code.
Flavors: r-devel-linux-x86_64-debian-clang, r-devel-linux-x86_64-debian-gcc, r-devel-linux-x86_64-fedora-clang, r-devel-linux-x86_64-fedora-gcc, r-devel-windows-ix86+x86_64, r-patched-linux-x86_64, r-patched-solaris-x86, r-release-linux-x86_64, r-release-windows-ix86+x86_64, r-release-osx-x86_64, r-oldrel-windows-ix86+x86_64, r-oldrel-osx-x86_64

Version: 1.0
Check: R code for possible problems
Result: NOTE
    getCandidates: no visible binding for global variable ‘envData’
    getGraph: no visible binding for global variable ‘envData’
    getProvidedDiseaseName: no visible binding for global variable
     ‘envData’
    getSeed: no visible binding for global variable ‘envData’
    getTopDiseaseMetabolites: no visible binding for global variable
     ‘envData’
    Undefined global functions or variables:
     envData
Flavors: r-devel-linux-x86_64-debian-clang, r-devel-linux-x86_64-debian-gcc, r-devel-linux-x86_64-fedora-clang, r-devel-linux-x86_64-fedora-gcc, r-devel-windows-ix86+x86_64, r-patched-linux-x86_64, r-patched-solaris-x86, r-release-linux-x86_64, r-release-windows-ix86+x86_64, r-release-osx-x86_64, r-oldrel-windows-ix86+x86_64, r-oldrel-osx-x86_64