CRAN Package Check Results for Package PROFANCY

Last updated on 2014-12-22 11:51:46.

Flavor Version Tinstall Tcheck Ttotal Status Flags
r-devel-linux-x86_64-debian-clang 1.0 3.25 65.39 68.64 NOTE
r-devel-linux-x86_64-debian-gcc 1.0 4.23 61.64 65.87 NOTE
r-devel-linux-x86_64-fedora-clang 1.0 159.60 NOTE
r-devel-linux-x86_64-fedora-gcc 1.0 157.08 NOTE
r-devel-osx-x86_64-clang 1.0 127.68 NOTE
r-devel-windows-ix86+x86_64 1.0 9.00 91.00 100.00 NOTE
r-patched-linux-x86_64 1.0 3.49 64.58 68.07 NOTE
r-patched-solaris-sparc 1.0 910.60 NOTE
r-patched-solaris-x86 1.0 264.20 NOTE
r-release-linux-ix86 1.0 4.15 98.06 102.21 NOTE
r-release-linux-x86_64 1.0 3.50 63.93 67.43 NOTE
r-release-osx-x86_64-mavericks 1.0 NOTE
r-release-osx-x86_64-snowleopard 1.0 NOTE
r-release-windows-ix86+x86_64 1.0 10.00 97.00 107.00 NOTE
r-oldrel-windows-ix86+x86_64 1.0 10.00 88.00 98.00 NOTE

Check Details

Version: 1.0
Check: dependencies in R code
Result: NOTE
    'library' or 'require' call to ‘igraph’ which was already attached by Depends.
     Please remove these calls from your code.
    See the information on DESCRIPTION files in the chapter ‘Creating R
    packages’ of the ‘Writing R Extensions’ manual.
Flavors: r-devel-linux-x86_64-debian-clang, r-devel-linux-x86_64-debian-gcc, r-devel-linux-x86_64-fedora-clang, r-devel-linux-x86_64-fedora-gcc, r-devel-osx-x86_64-clang, r-devel-windows-ix86+x86_64, r-patched-linux-x86_64, r-patched-solaris-sparc, r-patched-solaris-x86, r-release-linux-ix86, r-release-linux-x86_64, r-release-osx-x86_64-mavericks, r-release-osx-x86_64-snowleopard, r-release-windows-ix86+x86_64, r-oldrel-windows-ix86+x86_64

Version: 1.0
Check: R code for possible problems
Result: NOTE
    getCandidates: no visible binding for global variable ‘envData’
    getGraph: no visible binding for global variable ‘envData’
    getProvidedDiseaseName: no visible binding for global variable
     ‘envData’
    getSeed: no visible binding for global variable ‘envData’
    getTopDiseaseMetabolites: no visible binding for global variable
     ‘envData’
Flavors: r-devel-linux-x86_64-debian-clang, r-devel-linux-x86_64-debian-gcc, r-devel-linux-x86_64-fedora-clang, r-devel-linux-x86_64-fedora-gcc, r-devel-osx-x86_64-clang, r-devel-windows-ix86+x86_64, r-patched-linux-x86_64, r-patched-solaris-sparc, r-patched-solaris-x86, r-release-linux-ix86, r-release-linux-x86_64, r-release-windows-ix86+x86_64