CRAN Package Check Results for Package PROFANCY

Last updated on 2016-10-01 06:47:34.

Flavor Version Tinstall Tcheck Ttotal Status Flags
r-devel-linux-x86_64-debian-clang 1.0 2.69 68.27 70.96 NOTE
r-devel-linux-x86_64-debian-gcc 1.0 2.42 49.80 52.22 NOTE
r-devel-linux-x86_64-fedora-clang 1.0 107.49 NOTE
r-devel-linux-x86_64-fedora-gcc 1.0 85.27 NOTE
r-devel-macos-x86_64-clang 1.0 66.43 NOTE
r-devel-windows-ix86+x86_64 1.0 7.00 95.00 102.00 NOTE
r-patched-linux-x86_64 1.0 2.43 50.06 52.49 NOTE
r-patched-solaris-sparc 1.0 540.70 NOTE
r-patched-solaris-x86 1.0 148.50 NOTE
r-release-linux-x86_64 1.0 2.39 48.65 51.04 NOTE
r-release-osx-x86_64-mavericks 1.0 NOTE
r-release-windows-ix86+x86_64 1.0 7.00 80.00 87.00 NOTE
r-oldrel-windows-ix86+x86_64 1.0 11.00 119.00 130.00 NOTE

Check Details

Version: 1.0
Check: dependencies in R code
Result: NOTE
    'library' or 'require' call to ‘igraph’ which was already attached by Depends.
     Please remove these calls from your code.
Flavors: r-devel-linux-x86_64-debian-clang, r-devel-linux-x86_64-debian-gcc, r-devel-linux-x86_64-fedora-clang, r-devel-linux-x86_64-fedora-gcc, r-devel-macos-x86_64-clang, r-devel-windows-ix86+x86_64, r-patched-linux-x86_64, r-patched-solaris-sparc, r-patched-solaris-x86, r-release-linux-x86_64, r-release-osx-x86_64-mavericks, r-release-windows-ix86+x86_64, r-oldrel-windows-ix86+x86_64

Version: 1.0
Check: R code for possible problems
Result: NOTE
    getCandidates: no visible binding for global variable ‘envData’
    getGraph: no visible binding for global variable ‘envData’
    getProvidedDiseaseName: no visible binding for global variable
     ‘envData’
    getSeed: no visible binding for global variable ‘envData’
    getTopDiseaseMetabolites: no visible binding for global variable
     ‘envData’
    Undefined global functions or variables:
     envData
Flavors: r-devel-linux-x86_64-debian-clang, r-devel-linux-x86_64-debian-gcc, r-devel-linux-x86_64-fedora-clang, r-devel-linux-x86_64-fedora-gcc, r-devel-macos-x86_64-clang, r-devel-windows-ix86+x86_64, r-patched-linux-x86_64, r-patched-solaris-sparc, r-patched-solaris-x86, r-release-linux-x86_64, r-release-osx-x86_64-mavericks, r-release-windows-ix86+x86_64

Version: 1.0
Check: R code for possible problems
Result: NOTE
    getCandidates: no visible binding for global variable 'envData'
    getGraph: no visible binding for global variable 'envData'
    getProvidedDiseaseName: no visible binding for global variable
     'envData'
    getSeed: no visible binding for global variable 'envData'
    getTopDiseaseMetabolites: no visible binding for global variable
     'envData'
Flavor: r-oldrel-windows-ix86+x86_64