CRAN Package Check Results for Package PROFANCY

Last updated on 2017-06-27 04:48:28.

Flavor Version Tinstall Tcheck Ttotal Status Flags
r-devel-linux-x86_64-debian-clang 1.0 2.55 43.21 45.77 NOTE
r-devel-linux-x86_64-debian-gcc 1.0 2.66 44.07 46.72 NOTE
r-devel-linux-x86_64-fedora-clang 1.0 102.68 NOTE
r-devel-linux-x86_64-fedora-gcc 1.0 99.87 NOTE
r-devel-windows-ix86+x86_64 1.0 11.00 89.00 100.00 NOTE
r-patched-linux-x86_64 1.0 2.60 42.53 45.13 NOTE
r-patched-solaris-sparc 1.0 589.40 NOTE
r-patched-solaris-x86 1.0 168.40 NOTE
r-release-linux-x86_64 1.0 2.71 42.49 45.21 NOTE
r-release-windows-ix86+x86_64 1.0 10.00 108.00 118.00 NOTE
r-release-osx-x86_64 1.0 NOTE
r-oldrel-windows-ix86+x86_64 1.0 8.00 104.00 112.00 NOTE
r-oldrel-osx-x86_64 1.0 NOTE

Check Details

Version: 1.0
Check: dependencies in R code
Result: NOTE
    'library' or 'require' call to ‘igraph’ which was already attached by Depends.
     Please remove these calls from your code.
Flavors: r-devel-linux-x86_64-debian-clang, r-devel-linux-x86_64-debian-gcc, r-devel-linux-x86_64-fedora-clang, r-devel-linux-x86_64-fedora-gcc, r-devel-windows-ix86+x86_64, r-patched-linux-x86_64, r-patched-solaris-sparc, r-patched-solaris-x86, r-release-linux-x86_64, r-release-windows-ix86+x86_64, r-release-osx-x86_64, r-oldrel-windows-ix86+x86_64, r-oldrel-osx-x86_64

Version: 1.0
Check: R code for possible problems
Result: NOTE
    getCandidates: no visible binding for global variable ‘envData’
    getGraph: no visible binding for global variable ‘envData’
    getProvidedDiseaseName: no visible binding for global variable
     ‘envData’
    getSeed: no visible binding for global variable ‘envData’
    getTopDiseaseMetabolites: no visible binding for global variable
     ‘envData’
    Undefined global functions or variables:
     envData
Flavors: r-devel-linux-x86_64-debian-clang, r-devel-linux-x86_64-debian-gcc, r-devel-linux-x86_64-fedora-clang, r-devel-linux-x86_64-fedora-gcc, r-devel-windows-ix86+x86_64, r-patched-linux-x86_64, r-patched-solaris-sparc, r-patched-solaris-x86, r-release-linux-x86_64, r-release-windows-ix86+x86_64, r-release-osx-x86_64, r-oldrel-windows-ix86+x86_64, r-oldrel-osx-x86_64