CRAN Package Check Results for Package PROFANCY

Last updated on 2015-06-30 12:47:28.

Flavor Version Tinstall Tcheck Ttotal Status Flags
r-devel-linux-x86_64-debian-clang 1.0 2.83 59.22 62.06 NOTE
r-devel-linux-x86_64-debian-gcc 1.0 2.91 56.64 59.55 NOTE
r-devel-linux-x86_64-fedora-clang 1.0 120.20 NOTE
r-devel-linux-x86_64-fedora-gcc 1.0 114.64 NOTE
r-devel-osx-x86_64-clang 1.0 107.25 NOTE
r-devel-windows-ix86+x86_64 1.0 11.00 86.00 97.00 NOTE
r-patched-linux-x86_64 1.0 2.86 56.16 59.02 NOTE
r-patched-solaris-sparc 1.0 799.20 NOTE
r-patched-solaris-x86 1.0 224.10 NOTE
r-release-linux-x86_64 1.0 2.91 57.51 60.42 NOTE
r-release-osx-x86_64-mavericks 1.0 NOTE
r-release-windows-ix86+x86_64 1.0 11.00 86.00 97.00 NOTE
r-oldrel-windows-ix86+x86_64 1.0 13.00 92.00 105.00 NOTE

Check Details

Version: 1.0
Check: dependencies in R code
Result: NOTE
    'library' or 'require' call to ‘igraph’ which was already attached by Depends.
     Please remove these calls from your code.
Flavors: r-devel-linux-x86_64-debian-clang, r-devel-linux-x86_64-debian-gcc, r-devel-linux-x86_64-fedora-clang, r-devel-linux-x86_64-fedora-gcc, r-devel-osx-x86_64-clang, r-devel-windows-ix86+x86_64, r-patched-linux-x86_64, r-patched-solaris-sparc, r-patched-solaris-x86, r-release-linux-x86_64, r-release-osx-x86_64-mavericks, r-release-windows-ix86+x86_64, r-oldrel-windows-ix86+x86_64

Version: 1.0
Check: R code for possible problems
Result: NOTE
    getCandidates: no visible binding for global variable ‘envData’
    getGraph: no visible binding for global variable ‘envData’
    getProvidedDiseaseName: no visible binding for global variable
     ‘envData’
    getSeed: no visible binding for global variable ‘envData’
    getTopDiseaseMetabolites: no visible binding for global variable
     ‘envData’
Flavors: r-devel-linux-x86_64-debian-clang, r-devel-linux-x86_64-debian-gcc, r-devel-linux-x86_64-fedora-clang, r-devel-linux-x86_64-fedora-gcc, r-devel-osx-x86_64-clang, r-devel-windows-ix86+x86_64, r-patched-linux-x86_64, r-patched-solaris-sparc, r-patched-solaris-x86, r-release-linux-x86_64, r-release-osx-x86_64-mavericks, r-release-windows-ix86+x86_64, r-oldrel-windows-ix86+x86_64