CRAN Package Check Results for Package PROreg

Last updated on 2021-12-07 21:52:34 CET.

Flavor Version Tinstall Tcheck Ttotal Status Flags
r-devel-linux-x86_64-debian-clang 1.1 9.43 104.25 113.68 NOTE
r-devel-linux-x86_64-debian-gcc 1.1 9.28 81.30 90.58 NOTE
r-devel-linux-x86_64-fedora-clang 1.1 141.41 NOTE
r-devel-linux-x86_64-fedora-gcc 1.1 129.67 NOTE
r-devel-windows-x86_64-new-UL 1.1 22.00 137.00 159.00 NOTE
r-devel-windows-x86_64-new-TK 1.1 NOTE
r-devel-windows-x86_64-old 1.1 16.00 136.00 152.00 NOTE
r-patched-linux-x86_64 1.1 16.23 103.29 119.52 NOTE
r-release-linux-x86_64 1.1 8.65 103.22 111.87 NOTE
r-release-macos-arm64 1.1 NOTE
r-release-macos-x86_64 1.1 NOTE
r-release-windows-ix86+x86_64 1.1 17.00 125.00 142.00 NOTE
r-oldrel-macos-x86_64 1.1 OK
r-oldrel-windows-ix86+x86_64 1.1 23.00 125.00 148.00 OK

Check Details

Version: 1.1
Check: LazyData
Result: NOTE
     'LazyData' is specified without a 'data' directory
Flavors: r-devel-linux-x86_64-debian-clang, r-devel-linux-x86_64-debian-gcc, r-devel-linux-x86_64-fedora-clang, r-devel-linux-x86_64-fedora-gcc, r-devel-windows-x86_64-new-UL, r-devel-windows-x86_64-new-TK, r-devel-windows-x86_64-old, r-patched-linux-x86_64, r-release-linux-x86_64, r-release-macos-arm64, r-release-macos-x86_64, r-release-windows-ix86+x86_64