CRAN Package Check Results for Package PReMiuM

Last updated on 2017-10-18 23:47:59.

Flavor Version Tinstall Tcheck Ttotal Status Flags
r-devel-linux-x86_64-debian-clang 3.1.4 38.94 32.94 71.87 NOTE
r-devel-linux-x86_64-debian-gcc 3.1.4 36.54 35.02 71.56 NOTE
r-devel-linux-x86_64-fedora-clang 3.1.4 135.76 NOTE
r-devel-linux-x86_64-fedora-gcc 3.1.4 132.40 NOTE
r-devel-windows-ix86+x86_64 3.1.4 92.00 82.00 174.00 WARN
r-patched-linux-x86_64 3.1.4 37.47 32.63 70.10 NOTE
r-patched-solaris-x86 3.1.4 130.90 OK
r-release-linux-x86_64 3.1.4 37.39 31.76 69.15 NOTE
r-release-windows-ix86+x86_64 3.1.4 130.00 108.00 238.00 OK
r-release-osx-x86_64 3.1.4 NOTE
r-oldrel-windows-ix86+x86_64 3.1.4 128.00 114.00 242.00 OK
r-oldrel-osx-x86_64 3.1.4 NOTE

Additional issues

gcc-UBSAN

Check Details

Version: 3.1.4
Check: compiled code
Result: NOTE
    File ‘PReMiuM/libs/PReMiuM.so’:
     Found no calls to: ‘R_registerRoutines’, ‘R_useDynamicSymbols’
    
    It is good practice to register native routines and to disable symbol
    search.
    
    See ‘Writing portable packages’ in the ‘Writing R Extensions’ manual.
Flavors: r-devel-linux-x86_64-debian-clang, r-devel-linux-x86_64-debian-gcc, r-devel-linux-x86_64-fedora-clang, r-devel-linux-x86_64-fedora-gcc, r-patched-linux-x86_64, r-release-linux-x86_64

Version: 3.1.4
Check: installed package size
Result: NOTE
     installed size is 13.4Mb
     sub-directories of 1Mb or more:
     libs 13.2Mb
Flavors: r-devel-linux-x86_64-fedora-clang, r-devel-linux-x86_64-fedora-gcc, r-release-osx-x86_64, r-oldrel-osx-x86_64

Version: 3.1.4
Check: whether package can be installed
Result: WARN
    Found the following significant warnings:
     d:/RCompile/CRANpkg/lib/3.5/BH/include/boost/math/special_functions/detail/bernoulli_details.hpp:128:36: warning: ISO C++ 1998 does not support 'long long' [-Wlong-long]
     d:/RCompile/CRANpkg/lib/3.5/BH/include/boost/math/special_functions/detail/bernoulli_details.hpp:152:9: warning: ISO C++ 1998 does not support 'long long' [-Wlong-long]
Flavor: r-devel-windows-ix86+x86_64