CRAN Package Check Results for Package PReMiuM

Last updated on 2014-10-01 03:48:17.

Flavor Version Tinstall Tcheck Ttotal Status Flags
r-devel-linux-x86_64-debian-clang 3.0.30 25.14 35.00 60.13 NOTE
r-devel-linux-x86_64-debian-gcc 3.0.30 31.34 33.46 64.80 NOTE
r-devel-linux-x86_64-fedora-clang 3.0.30 129.06 NOTE
r-devel-linux-x86_64-fedora-gcc 3.0.30 129.76 NOTE
r-devel-osx-x86_64-clang 3.0.30 87.28 OK
r-devel-windows-ix86+x86_64 3.0.30 71.00 75.00 146.00 OK
r-patched-linux-x86_64 3.0.30 31.23 33.89 65.12 NOTE
r-patched-solaris-sparc 3.0.30 783.70 NOTE
r-patched-solaris-x86 3.0.30 171.40 NOTE
r-release-linux-ix86 3.0.30 40.41 43.69 84.10 NOTE
r-release-linux-x86_64 3.0.30 34.96 35.12 70.07 NOTE
r-release-osx-x86_64-mavericks 3.0.30 NOTE
r-release-osx-x86_64-snowleopard 3.0.30 NOTE
r-release-windows-ix86+x86_64 3.0.30 76.00 85.00 161.00 OK
r-oldrel-windows-ix86+x86_64 3.0.30 74.00 85.00 159.00 OK

Check Details

Version: 3.0.30
Check: installed package size
Result: NOTE
     installed size is 12.4Mb
     sub-directories of 1Mb or more:
     libs 12.2Mb
Flavors: r-devel-linux-x86_64-debian-clang, r-devel-linux-x86_64-debian-gcc, r-devel-linux-x86_64-fedora-clang, r-devel-linux-x86_64-fedora-gcc, r-patched-linux-x86_64, r-patched-solaris-sparc, r-patched-solaris-x86, r-release-linux-ix86, r-release-linux-x86_64, r-release-osx-x86_64-mavericks, r-release-osx-x86_64-snowleopard