CRAN Package Check Results for Package PReMiuM

Last updated on 2017-01-18 12:54:53.

Flavor Version Tinstall Tcheck Ttotal Status Flags
r-devel-linux-x86_64-debian-clang 3.1.4 34.12 32.96 67.08 OK
r-devel-linux-x86_64-debian-gcc 3.1.4 33.05 32.24 65.29 OK
r-devel-linux-x86_64-fedora-clang 3.1.4 128.58 NOTE --no-stop-on-test-error
r-devel-linux-x86_64-fedora-gcc 3.1.4 123.19 NOTE --no-stop-on-test-error
r-devel-macos-x86_64-clang 3.1.4 91.42 OK --no-stop-on-test-error
r-devel-windows-ix86+x86_64 3.1.4 111.00 135.00 246.00 WARN
r-patched-linux-x86_64 3.1.4 29.72 30.76 60.48 OK
r-patched-solaris-sparc 3.1.4 617.60 OK
r-patched-solaris-x86 3.1.4 119.20 OK
r-release-linux-x86_64 3.1.4 29.72 30.58 60.30 OK
r-release-osx-x86_64-mavericks 3.1.4 NOTE
r-release-windows-ix86+x86_64 3.1.4 74.00 69.00 143.00 OK
r-oldrel-windows-ix86+x86_64 3.1.4 79.00 83.00 162.00 OK

Memtest notes: gcc6-UBSAN

Check Details

Version: 3.1.4
Flags: --no-stop-on-test-error
Check: installed package size
Result: NOTE
     installed size is 11.8Mb
     sub-directories of 1Mb or more:
     libs 11.6Mb
Flavors: r-devel-linux-x86_64-fedora-clang, r-devel-linux-x86_64-fedora-gcc

Version: 3.1.4
Check: whether package can be installed
Result: WARN
    Found the following significant warnings:
     d:/RCompile/CRANpkg/lib/3.4/BH/include/boost/math/special_functions/detail/bernoulli_details.hpp:128:36: warning: ISO C++ 1998 does not support 'long long' [-Wlong-long]
     d:/RCompile/CRANpkg/lib/3.4/BH/include/boost/math/special_functions/detail/bernoulli_details.hpp:152:9: warning: ISO C++ 1998 does not support 'long long' [-Wlong-long]
Flavor: r-devel-windows-ix86+x86_64

Version: 3.1.4
Check: installed package size
Result: NOTE
     installed size is 12.0Mb
     sub-directories of 1Mb or more:
     libs 11.8Mb
Flavor: r-release-osx-x86_64-mavericks