CRAN Package Check Results for Package PReMiuM

Last updated on 2016-12-05 16:47:33.

Flavor Version Tinstall Tcheck Ttotal Status Flags
r-devel-linux-x86_64-debian-clang 3.1.3 36.45 47.90 84.35 OK
r-devel-linux-x86_64-debian-gcc 3.1.3 33.40 40.83 74.23 OK
r-devel-linux-x86_64-fedora-clang 3.1.3 136.30 NOTE --no-stop-on-test-error
r-devel-linux-x86_64-fedora-gcc 3.1.3 126.16 NOTE --no-stop-on-test-error
r-devel-macos-x86_64-clang 3.1.3 92.88 OK
r-devel-windows-ix86+x86_64 3.1.3 89.00 76.00 165.00 WARN
r-patched-linux-x86_64 3.1.3 29.76 38.78 68.54 OK
r-patched-solaris-sparc 3.1.3 625.30 OK
r-patched-solaris-x86 3.1.3 117.80 OK
r-release-linux-x86_64 3.1.3 30.14 38.55 68.69 OK
r-release-osx-x86_64-mavericks 3.1.3 NOTE
r-release-windows-ix86+x86_64 3.1.3 113.00 71.00 184.00 OK
r-oldrel-windows-ix86+x86_64 3.1.3 100.00 112.00 212.00 OK

Memtest notes: valgrind

Check Details

Version: 3.1.3
Flags: --no-stop-on-test-error
Check: installed package size
Result: NOTE
     installed size is 11.9Mb
     sub-directories of 1Mb or more:
     libs 11.7Mb
Flavors: r-devel-linux-x86_64-fedora-clang, r-devel-linux-x86_64-fedora-gcc

Version: 3.1.3
Check: whether package can be installed
Result: WARN
    Found the following significant warnings:
     d:/RCompile/CRANpkg/lib/3.4/BH/include/boost/math/special_functions/detail/bernoulli_details.hpp:128:36: warning: ISO C++ 1998 does not support 'long long' [-Wlong-long]
     d:/RCompile/CRANpkg/lib/3.4/BH/include/boost/math/special_functions/detail/bernoulli_details.hpp:152:9: warning: ISO C++ 1998 does not support 'long long' [-Wlong-long]
Flavor: r-devel-windows-ix86+x86_64

Version: 3.1.3
Check: installed package size
Result: NOTE
     installed size is 12.4Mb
     sub-directories of 1Mb or more:
     libs 12.2Mb
Flavor: r-release-osx-x86_64-mavericks