CRAN Package Check Results for Package PReMiuM

Last updated on 2014-12-20 21:46:57.

Flavor Version Tinstall Tcheck Ttotal Status Flags
r-devel-linux-x86_64-debian-clang 3.0.30 24.45 33.96 58.41 NOTE
r-devel-linux-x86_64-debian-gcc 3.0.30 31.33 33.67 65.00 NOTE
r-devel-linux-x86_64-fedora-clang 3.0.30 131.73 NOTE
r-devel-linux-x86_64-fedora-gcc 3.0.30 121.33 NOTE
r-devel-osx-x86_64-clang 3.0.30 92.48 OK
r-devel-windows-ix86+x86_64 3.0.30 83.00 78.00 161.00 OK
r-patched-linux-x86_64 3.0.30 30.96 33.41 64.36 NOTE
r-patched-solaris-sparc 3.0.30 817.60 NOTE
r-patched-solaris-x86 3.0.30 169.30 NOTE
r-release-linux-ix86 3.0.30 37.85 42.04 79.89 NOTE
r-release-linux-x86_64 3.0.30 31.22 35.10 66.31 NOTE
r-release-osx-x86_64-mavericks 3.0.30 NOTE
r-release-osx-x86_64-snowleopard 3.0.30 NOTE
r-release-windows-ix86+x86_64 3.0.30 81.00 88.00 169.00 OK
r-oldrel-windows-ix86+x86_64 3.0.30 77.00 89.00 166.00 OK

Check Details

Version: 3.0.30
Check: installed package size
Result: NOTE
     installed size is 12.4Mb
     sub-directories of 1Mb or more:
     libs 12.2Mb
Flavors: r-devel-linux-x86_64-debian-clang, r-devel-linux-x86_64-debian-gcc, r-devel-linux-x86_64-fedora-clang, r-devel-linux-x86_64-fedora-gcc, r-patched-linux-x86_64, r-patched-solaris-sparc, r-patched-solaris-x86, r-release-linux-ix86, r-release-linux-x86_64, r-release-osx-x86_64-mavericks, r-release-osx-x86_64-snowleopard