CRAN Package Check Results for Package PReMiuM

Last updated on 2015-04-18 03:50:23.

Flavor Version Tinstall Tcheck Ttotal Status Flags
r-devel-linux-x86_64-debian-clang 3.1.0 25.52 28.32 53.83 NOTE
r-devel-linux-x86_64-debian-gcc 3.1.0 32.69 28.56 61.26 NOTE
r-devel-linux-x86_64-fedora-clang 3.1.0 110.36 NOTE
r-devel-linux-x86_64-fedora-gcc 3.1.0 113.92 NOTE
r-devel-osx-x86_64-clang 3.1.0 90.79 OK
r-prerel-windows-ix86+x86_64 3.1.0 81.00 68.00 149.00 OK
r-prerel-linux-x86_64 3.1.0 32.68 28.57 61.25 NOTE
r-prerel-solaris-sparc 3.1.0 149.00 ERROR
r-prerel-solaris-x86 3.1.0 153.40 NOTE
r-release-linux-x86_64 3.1.0 38.95 39.17 78.12 NOTE
r-release-osx-x86_64-mavericks 3.1.0 NOTE
r-release-osx-x86_64-snowleopard 3.1.0 NOTE
r-release-windows-ix86+x86_64 3.1.0 102.00 121.00 223.00 OK
r-oldrel-windows-ix86+x86_64 3.1.0 102.00 130.00 232.00 OK

Check Details

Version: 3.1.0
Check: installed package size
Result: NOTE
     installed size is 11.6Mb
     sub-directories of 1Mb or more:
     libs 11.4Mb
Flavors: r-devel-linux-x86_64-debian-clang, r-devel-linux-x86_64-debian-gcc, r-devel-linux-x86_64-fedora-clang, r-devel-linux-x86_64-fedora-gcc, r-prerel-linux-x86_64, r-prerel-solaris-x86, r-release-linux-x86_64, r-release-osx-x86_64-mavericks, r-release-osx-x86_64-snowleopard

Version: 3.1.0
Check: whether package can be installed
Result: ERROR
    Installation failed.
Flavor: r-prerel-solaris-sparc