CRAN Package Check Results for Package PReMiuM

Last updated on 2016-05-29 15:46:46.

Flavor Version Tinstall Tcheck Ttotal Status Flags
r-devel-linux-x86_64-debian-gcc 3.1.3 35.99 36.28 72.27 NOTE
r-devel-linux-x86_64-fedora-clang 3.1.3 118.29 NOTE
r-devel-linux-x86_64-fedora-gcc 3.1.3 111.08 NOTE
r-devel-osx-x86_64-clang 3.1.3 117.41 OK
r-devel-windows-ix86+x86_64 3.1.3 87.00 66.00 153.00 OK
r-patched-linux-x86_64 3.1.3 30.70 35.51 66.21 NOTE
r-patched-solaris-sparc 3.1.3 623.00 OK
r-patched-solaris-x86 3.1.3 122.20 OK
r-release-linux-x86_64 3.1.3 31.15 36.27 67.43 NOTE
r-release-osx-x86_64-mavericks 3.1.3 NOTE
r-release-windows-ix86+x86_64 3.1.3 125.00 65.00 190.00 OK
r-oldrel-windows-ix86+x86_64 3.1.3 84.00 71.00 155.00 OK

Check Details

Version: 3.1.3
Check: installed package size
Result: NOTE
     installed size is 12.6Mb
     sub-directories of 1Mb or more:
     libs 12.4Mb
Flavors: r-devel-linux-x86_64-debian-gcc, r-devel-linux-x86_64-fedora-clang, r-devel-linux-x86_64-fedora-gcc, r-patched-linux-x86_64, r-release-linux-x86_64, r-release-osx-x86_64-mavericks