CRAN Package Check Results for Package PReMiuM

Last updated on 2014-08-23 06:48:40.

Flavor Version Tinstall Tcheck Ttotal Status Flags
r-devel-linux-x86_64-debian-clang 3.0.28 22.39 32.90 55.28 NOTE
r-devel-linux-x86_64-debian-gcc 3.0.28 30.80 31.94 62.74 NOTE
r-devel-linux-x86_64-fedora-clang 3.0.28 121.66 NOTE
r-devel-linux-x86_64-fedora-gcc 3.0.28 119.62 NOTE
r-devel-osx-x86_64-clang 3.0.28 89.76 OK
r-devel-windows-ix86+x86_64 3.0.28 71.00 82.00 153.00 OK
r-patched-linux-x86_64 3.0.28 30.68 33.00 63.68 NOTE
r-patched-solaris-sparc 3.0.28 861.90 NOTE
r-patched-solaris-x86 3.0.28 166.90 NOTE
r-release-linux-ix86 3.0.28 39.84 43.45 83.30 NOTE
r-release-linux-x86_64 3.0.28 31.07 34.24 65.30 NOTE
r-release-osx-x86_64-mavericks 3.0.28 NOTE
r-release-osx-x86_64-snowleopard 3.0.28 NOTE
r-release-windows-ix86+x86_64 3.0.28 73.00 84.00 157.00 OK
r-oldrel-windows-ix86+x86_64 3.0.28 82.00 83.00 165.00 OK

Check Details

Version: 3.0.28
Check: installed package size
Result: NOTE
     installed size is 10.7Mb
     sub-directories of 1Mb or more:
     libs 10.5Mb
Flavors: r-devel-linux-x86_64-debian-clang, r-devel-linux-x86_64-debian-gcc, r-devel-linux-x86_64-fedora-clang, r-devel-linux-x86_64-fedora-gcc, r-patched-linux-x86_64, r-patched-solaris-sparc, r-patched-solaris-x86, r-release-linux-ix86, r-release-linux-x86_64, r-release-osx-x86_64-mavericks, r-release-osx-x86_64-snowleopard