CRAN Package Check Results for Package PReMiuM

Last updated on 2015-05-29 19:47:51.

Flavor Version Tinstall Tcheck Ttotal Status Flags
r-devel-linux-x86_64-debian-clang 3.1.0 24.78 29.54 54.33 NOTE
r-devel-linux-x86_64-debian-gcc 3.1.0 31.46 27.98 59.43 NOTE
r-devel-linux-x86_64-fedora-clang 3.1.0 118.19 NOTE
r-devel-linux-x86_64-fedora-gcc 3.1.0 115.22 NOTE
r-devel-osx-x86_64-clang 3.1.0 101.97 OK
r-devel-windows-ix86+x86_64 3.1.0 86.00 69.00 155.00 OK
r-patched-linux-x86_64 3.1.0 31.01 28.21 59.22 NOTE
r-patched-solaris-sparc 3.1.0 859.80 NOTE
r-patched-solaris-x86 3.1.0 159.50 NOTE
r-release-linux-x86_64 3.1.0 31.44 28.68 60.11 NOTE
r-release-osx-x86_64-mavericks 3.1.0 NOTE
r-release-osx-x86_64-snowleopard 3.1.0 ERROR
r-release-windows-ix86+x86_64 3.1.0 84.00 76.00 160.00 OK
r-oldrel-windows-ix86+x86_64 3.1.0 88.00 99.00 187.00 OK

Check Details

Version: 3.1.0
Check: installed package size
Result: NOTE
     installed size is 11.6Mb
     sub-directories of 1Mb or more:
     libs 11.4Mb
Flavors: r-devel-linux-x86_64-debian-clang, r-devel-linux-x86_64-debian-gcc, r-devel-linux-x86_64-fedora-clang, r-devel-linux-x86_64-fedora-gcc, r-patched-linux-x86_64, r-patched-solaris-sparc, r-patched-solaris-x86, r-release-linux-x86_64, r-release-osx-x86_64-mavericks

Version: 3.1.0
Check: package dependencies
Result: ERROR
    Package required but not available: ‘ggplot2’
    
    See section ‘The DESCRIPTION file’ in the ‘Writing R Extensions’
    manual.
Flavor: r-release-osx-x86_64-snowleopard