CRAN Package Check Results for Package PReMiuM

Last updated on 2017-04-28 05:48:45.

Flavor Version Tinstall Tcheck Ttotal Status Flags
r-devel-linux-x86_64-debian-clang 3.1.4 36.63 31.93 68.56 NOTE
r-devel-linux-x86_64-debian-gcc 3.1.4 34.92 31.00 65.92 NOTE
r-devel-linux-x86_64-fedora-clang 3.1.4 133.47 NOTE --no-stop-on-test-error
r-devel-linux-x86_64-fedora-gcc 3.1.4 124.07 NOTE --no-stop-on-test-error
r-devel-windows-ix86+x86_64 3.1.4 89.00 81.00 170.00 WARN
r-patched-linux-x86_64 3.1.4 29.67 31.61 61.28 NOTE
r-patched-solaris-sparc 3.1.4 617.90 OK
r-patched-solaris-x86 3.1.4 124.90 OK
r-release-linux-x86_64 3.1.4 29.22 32.04 61.26 NOTE
r-release-windows-ix86+x86_64 3.1.4 83.00 82.00 165.00 OK
r-release-osx-x86_64 3.1.4 NOTE
r-oldrel-windows-ix86+x86_64 3.1.4 111.00 106.00 217.00 OK
r-oldrel-osx-x86_64 3.1.4 NOTE

Memtest notes: gcc-UBSAN

Check Details

Version: 3.1.4
Check: compiled code
Result: NOTE
    File ‘PReMiuM/libs/PReMiuM.so’:
     Found no calls to: ‘R_registerRoutines’, ‘R_useDynamicSymbols’
    
    It is good practice to register native routines and to disable symbol
    search.
    
    See ‘Writing portable packages’ in the ‘Writing R Extensions’ manual.
Flavors: r-devel-linux-x86_64-debian-clang, r-devel-linux-x86_64-debian-gcc, r-patched-linux-x86_64, r-release-linux-x86_64

Version: 3.1.4
Flags: --no-stop-on-test-error
Check: installed package size
Result: NOTE
     installed size is 11.8Mb
     sub-directories of 1Mb or more:
     libs 11.6Mb
Flavors: r-devel-linux-x86_64-fedora-clang, r-devel-linux-x86_64-fedora-gcc

Version: 3.1.4
Flags: --no-stop-on-test-error
Check: compiled code
Result: NOTE
    File ‘PReMiuM/libs/PReMiuM.so’:
     Found no calls to: ‘R_registerRoutines’, ‘R_useDynamicSymbols’
    
    It is good practice to register native routines and to disable symbol
    search.
    
    See ‘Writing portable packages’ in the ‘Writing R Extensions’ manual.
Flavors: r-devel-linux-x86_64-fedora-clang, r-devel-linux-x86_64-fedora-gcc

Version: 3.1.4
Check: whether package can be installed
Result: WARN
    Found the following significant warnings:
     d:/RCompile/CRANpkg/lib/3.5/BH/include/boost/math/special_functions/detail/bernoulli_details.hpp:128:36: warning: ISO C++ 1998 does not support 'long long' [-Wlong-long]
     d:/RCompile/CRANpkg/lib/3.5/BH/include/boost/math/special_functions/detail/bernoulli_details.hpp:152:9: warning: ISO C++ 1998 does not support 'long long' [-Wlong-long]
Flavor: r-devel-windows-ix86+x86_64

Version: 3.1.4
Check: installed package size
Result: NOTE
     installed size is 11.8Mb
     sub-directories of 1Mb or more:
     libs 11.6Mb
Flavors: r-release-osx-x86_64, r-oldrel-osx-x86_64