CRAN Package Check Results for Package PReMiuM

Last updated on 2015-07-06 08:48:18.

Flavor Version Tinstall Tcheck Ttotal Status Flags
r-devel-linux-x86_64-debian-clang 3.1.1 25.67 29.13 54.80 NOTE
r-devel-linux-x86_64-debian-gcc 3.1.1 31.97 27.97 59.94 NOTE
r-devel-linux-x86_64-fedora-clang 3.1.1 114.44 NOTE
r-devel-linux-x86_64-fedora-gcc 3.1.1 118.57 NOTE
r-devel-osx-x86_64-clang 3.1.1 93.24 OK
r-devel-windows-ix86+x86_64 3.1.1 91.00 71.00 162.00 NOTE
r-patched-linux-x86_64 3.1.1 33.17 28.34 61.51 NOTE
r-patched-solaris-sparc 3.1.1 773.90 NOTE
r-patched-solaris-x86 3.1.1 163.30 NOTE
r-release-linux-x86_64 3.1.1 32.92 29.26 62.18 NOTE
r-release-osx-x86_64-mavericks 3.1.1 NOTE
r-release-windows-ix86+x86_64 3.1.1 119.00 73.00 192.00 OK
r-oldrel-windows-ix86+x86_64 3.1.1 88.00 101.00 189.00 OK

Check Details

Version: 3.1.1
Check: installed package size
Result: NOTE
     installed size is 12.5Mb
     sub-directories of 1Mb or more:
     libs 12.3Mb
Flavors: r-devel-linux-x86_64-debian-clang, r-devel-linux-x86_64-debian-gcc, r-devel-linux-x86_64-fedora-clang, r-devel-linux-x86_64-fedora-gcc, r-patched-linux-x86_64, r-patched-solaris-sparc, r-patched-solaris-x86, r-release-linux-x86_64, r-release-osx-x86_64-mavericks

Version: 3.1.1
Check: R code for possible problems
Result: NOTE
    .cs.draw: no visible global function definition for ‘par’
    .cs.draw: no visible global function definition for ‘rect’
    .cs.draw: no visible global function definition for ‘text’
    .pYGivenZW_Bernoulli: no visible global function definition for ‘head’
    .pYGivenZW_Bernoulli: no visible global function definition for ‘tail’
    .pYGivenZW_Bernoulli_gradient: no visible global function definition
     for ‘head’
    .pYGivenZW_Bernoulli_gradient: no visible global function definition
     for ‘tail’
    .pYGivenZW_Bernoulli_hessianMat: no visible global function definition
     for ‘head’
    .pYGivenZW_Bernoulli_hessianMat: no visible global function definition
     for ‘tail’
    .pZpXpY: no visible global function definition for ‘head’
    .pZpXpY: no visible global function definition for ‘optim’
    calcAvgRiskAndProfile: no visible global function definition for
     ‘read.table’
    calcPredictions: no visible global function definition for ‘read.table’
    calcPredictions: no visible binding for global variable ‘median’
    computeRatioOfVariance: no visible global function definition for ‘var’
    generateSampleDataFile: no visible global function definition for
     ‘runif’
    generateSampleDataFile: no visible global function definition for
     ‘rnorm’
    generateSampleDataFile: no visible global function definition for
     ‘rpois’
    generateSampleDataFile: no visible global function definition for
     ‘rmultinom’
    globalParsTrace: no visible global function definition for ‘read.table’
    globalParsTrace: no visible global function definition for ‘plot’
    heatDissMat: no visible global function definition for
     ‘colorRampPalette’
    heatDissMat: no visible global function definition for ‘heatmap’
    mapforGeneratedData: no visible global function definition for
     ‘colorRampPalette’
    mapforGeneratedData: no visible global function definition for ‘par’
    mapforGeneratedData: no visible global function definition for
     ‘plot.new’
    mapforGeneratedData: no visible global function definition for
     ‘plot.window’
    mapforGeneratedData: no visible global function definition for ‘rect’
    mapforGeneratedData: no visible global function definition for ‘axis’
    mapforGeneratedData: no visible global function definition for ‘mtext’
    margModelPosterior: no visible global function definition for ‘median’
    margModelPosterior: no visible global function definition for
     ‘write.table’
    plotPredictions: no visible global function definition for ‘read.table’
    plotPredictions: no visible global function definition for ‘pdf’
    plotPredictions: no visible global function definition for ‘density’
    plotPredictions: no visible global function definition for ‘na.omit’
    plotPredictions: no visible binding for global variable ‘density’
    plotPredictions: no visible global function definition for ‘dev.off’
    plotRiskProfile: no visible global function definition for ‘png’
    plotRiskProfile: no visible binding for global variable ‘median’
    plotRiskProfile: no visible binding for global variable ‘quantile’
    plotRiskProfile: no visible global function definition for ‘dev.off’
    profRegr: no visible global function definition for ‘tail’
    profRegr: no visible global function definition for ‘head’
    summariseVarSelectRho: no visible binding for global variable ‘median’
    summariseVarSelectRho: no visible binding for global variable
     ‘quantile’
    Undefined global functions or variables:
     axis colorRampPalette density dev.off head heatmap median mtext
     na.omit optim par pdf plot plot.new plot.window png quantile
     read.table rect rmultinom rnorm rpois runif tail text var write.table
Flavors: r-devel-linux-x86_64-debian-clang, r-devel-linux-x86_64-debian-gcc, r-devel-linux-x86_64-fedora-clang, r-devel-linux-x86_64-fedora-gcc, r-devel-windows-ix86+x86_64