CRAN Package Check Results for Package PReMiuM

Last updated on 2016-07-23 19:47:54.

Flavor Version Tinstall Tcheck Ttotal Status Flags
r-devel-linux-x86_64-debian-clang 3.1.3 40.90 58.50 99.40 NOTE
r-devel-linux-x86_64-debian-gcc 3.1.3 40.91 42.44 83.35 NOTE
r-devel-linux-x86_64-fedora-clang 3.1.3 120.30 NOTE
r-devel-linux-x86_64-fedora-gcc 3.1.3 110.08 NOTE
r-devel-osx-x86_64-clang 3.1.3 92.59 OK
r-devel-windows-ix86+x86_64 3.1.3 113.00 81.00 194.00 OK
r-patched-linux-x86_64 3.1.3 34.96 41.45 76.41 NOTE
r-patched-solaris-sparc 3.1.3 627.70 NOTE
r-patched-solaris-x86 3.1.3 117.60 OK
r-release-linux-x86_64 3.1.3 34.84 41.65 76.49 NOTE
r-release-osx-x86_64-mavericks 3.1.3 NOTE
r-release-windows-ix86+x86_64 3.1.3 90.00 64.00 154.00 OK
r-oldrel-windows-ix86+x86_64 3.1.3 104.00 94.00 198.00 OK

Check Details

Version: 3.1.3
Check: installed package size
Result: NOTE
     installed size is 12.7Mb
     sub-directories of 1Mb or more:
     libs 12.5Mb
Flavors: r-devel-linux-x86_64-debian-clang, r-devel-linux-x86_64-debian-gcc, r-devel-linux-x86_64-fedora-clang, r-devel-linux-x86_64-fedora-gcc, r-patched-linux-x86_64, r-patched-solaris-sparc, r-release-linux-x86_64, r-release-osx-x86_64-mavericks