CRAN Package Check Results for Package PReMiuM

Last updated on 2017-12-13 20:48:50 CET.

Flavor Version Tinstall Tcheck Ttotal Status Flags
r-devel-linux-x86_64-debian-clang 3.1.6 57.59 49.12 106.71 OK
r-devel-linux-x86_64-debian-gcc 3.1.6 50.50 32.07 82.57 FAIL
r-devel-linux-x86_64-fedora-clang 3.1.6 142.24 NOTE
r-devel-linux-x86_64-fedora-gcc 3.1.6 142.66 NOTE
r-devel-windows-ix86+x86_64 3.1.6 141.00 127.00 268.00 OK
r-patched-linux-x86_64 3.1.6 57.71 52.01 109.72 OK
r-patched-solaris-x86 3.1.6 144.00 OK
r-release-linux-x86_64 3.1.6 55.04 54.73 109.77 OK
r-release-windows-ix86+x86_64 3.1.6 108.00 97.00 205.00 OK
r-release-osx-x86_64 3.1.6 NOTE
r-oldrel-windows-ix86+x86_64 3.1.4 134.00 103.00 237.00 OK
r-oldrel-osx-x86_64 3.1.6 ERROR

Additional issues

gcc-UBSAN

Check Details

Version: 3.1.6
Check: pragmas in C/C++ headers and code
Result: FAIL
    
Flavor: r-devel-linux-x86_64-debian-gcc

Version: 3.1.6
Check: installed package size
Result: NOTE
     installed size is 13.5Mb
     sub-directories of 1Mb or more:
     libs 13.3Mb
Flavors: r-devel-linux-x86_64-fedora-clang, r-devel-linux-x86_64-fedora-gcc, r-release-osx-x86_64

Version: 3.1.6
Check: whether package can be installed
Result: ERROR
    Installation failed.
Flavor: r-oldrel-osx-x86_64