CRAN Package Check Results for Package PReMiuM

Last updated on 2016-02-09 11:52:46.

Flavor Version Tinstall Tcheck Ttotal Status Flags
r-devel-linux-x86_64-debian-gcc 3.1.2 29.94 34.54 64.48 NOTE
r-devel-linux-x86_64-fedora-clang 3.1.2 111.73 NOTE
r-devel-linux-x86_64-fedora-gcc 3.1.2 112.97 NOTE
r-devel-osx-x86_64-clang 3.1.2 100.11 OK
r-devel-windows-ix86+x86_64 3.1.2 108.00 67.00 175.00 OK
r-patched-linux-x86_64 3.1.2 30.75 37.74 68.49 NOTE
r-patched-solaris-sparc 3.1.2 628.80 OK
r-patched-solaris-x86 3.1.2 122.30 OK
r-release-linux-x86_64 3.1.2 30.84 36.44 67.28 WARN
r-release-osx-x86_64-mavericks 3.1.2 NOTE
r-release-windows-ix86+x86_64 3.1.2 111.00 65.00 176.00 OK
r-oldrel-windows-ix86+x86_64 3.1.2 117.00 103.00 220.00 WARN

Check Details

Version: 3.1.2
Check: installed package size
Result: NOTE
     installed size is 12.3Mb
     sub-directories of 1Mb or more:
     libs 12.1Mb
Flavors: r-devel-linux-x86_64-debian-gcc, r-devel-linux-x86_64-fedora-clang, r-devel-linux-x86_64-fedora-gcc, r-patched-linux-x86_64, r-release-linux-x86_64, r-release-osx-x86_64-mavericks

Version: 3.1.2
Check: whether package can be installed
Result: WARN
    Found the following significant warnings:
     Warning: replacing previous import by ‘ggplot2::unit’ when loading ‘PReMiuM’
Flavors: r-release-linux-x86_64, r-oldrel-windows-ix86+x86_64