CRAN Package Check Results for Package PReMiuM

Last updated on 2014-07-31 09:49:26.

Flavor Version Tinstall Tcheck Ttotal Status Flags
r-devel-linux-x86_64-debian-clang 3.0.28 22.30 33.04 55.34 NOTE
r-devel-linux-x86_64-debian-gcc 3.0.28 30.98 32.98 63.96 NOTE
r-devel-linux-x86_64-fedora-clang 3.0.28 123.83 NOTE
r-devel-linux-x86_64-fedora-gcc 3.0.28 124.55 NOTE
r-devel-osx-x86_64-clang 3.0.28 95.89 OK
r-devel-windows-ix86+x86_64 3.0.28 78.00 82.00 160.00 OK
r-patched-linux-x86_64 3.0.28 31.00 33.67 64.67 NOTE
r-patched-solaris-sparc 3.0.28 861.90 NOTE
r-patched-solaris-x86 3.0.28 165.80 NOTE
r-release-linux-ix86 3.0.28 39.67 42.71 82.38 NOTE
r-release-linux-x86_64 3.0.28 31.35 34.48 65.83 NOTE
r-release-osx-x86_64-mavericks 3.0.28 NOTE
r-release-osx-x86_64-snowleopard 3.0.28 NOTE
r-release-windows-ix86+x86_64 3.0.28 109.00 113.00 222.00 OK
r-oldrel-windows-ix86+x86_64 3.0.28 96.00 120.00 216.00 OK

Check Details

Version: 3.0.28
Check: installed package size
Result: NOTE
     installed size is 10.7Mb
     sub-directories of 1Mb or more:
     libs 10.5Mb
Flavors: r-devel-linux-x86_64-debian-clang, r-devel-linux-x86_64-debian-gcc, r-devel-linux-x86_64-fedora-clang, r-devel-linux-x86_64-fedora-gcc, r-patched-linux-x86_64, r-patched-solaris-sparc, r-patched-solaris-x86, r-release-linux-ix86, r-release-linux-x86_64, r-release-osx-x86_64-mavericks, r-release-osx-x86_64-snowleopard