CRAN Package Check Results for Package PReMiuM

Last updated on 2018-04-21 09:50:11 CEST.

Flavor Version Tinstall Tcheck Ttotal Status Flags
r-devel-linux-x86_64-debian-clang 3.1.7 63.94 50.55 114.49 OK
r-devel-linux-x86_64-debian-gcc 3.1.7 52.00 39.70 91.70 OK
r-devel-linux-x86_64-fedora-clang 3.1.7 156.22 NOTE
r-devel-linux-x86_64-fedora-gcc 3.1.7 145.95 NOTE
r-devel-windows-ix86+x86_64 3.1.7 153.00 104.00 257.00 OK
r-devel-osx-x86_64 3.1.7 NOTE
r-patched-linux-x86_64 3.1.7 56.16 49.77 105.93 OK
r-patched-solaris-x86 3.1.7 155.60 OK
r-release-linux-x86_64 3.1.7 56.64 53.95 110.59 OK
r-release-windows-ix86+x86_64 3.1.7 142.00 124.00 266.00 OK
r-release-osx-x86_64 3.1.7 NOTE
r-oldrel-windows-ix86+x86_64 3.1.4 134.00 103.00 237.00 OK

Additional issues

gcc-UBSAN

Check Details

Version: 3.1.7
Check: installed package size
Result: NOTE
     installed size is 13.7Mb
     sub-directories of 1Mb or more:
     libs 13.4Mb
Flavors: r-devel-linux-x86_64-fedora-clang, r-devel-linux-x86_64-fedora-gcc, r-devel-osx-x86_64, r-release-osx-x86_64