CRAN Package Check Results for Package PReMiuM

Last updated on 2015-03-04 00:47:16.

Flavor Version Tinstall Tcheck Ttotal Status Flags
r-devel-linux-x86_64-debian-clang 3.0.32 23.92 29.20 53.13 NOTE
r-devel-linux-x86_64-debian-gcc 3.0.32 31.18 27.26 58.44 NOTE
r-devel-linux-x86_64-fedora-clang 3.0.32 116.35 NOTE
r-devel-linux-x86_64-fedora-gcc 3.0.32 109.29 NOTE
r-devel-osx-x86_64-clang 3.0.32 88.30 OK
r-devel-windows-ix86+x86_64 3.0.32 81.00 72.00 153.00 OK
r-patched-linux-x86_64 3.0.32 31.93 37.64 69.57 NOTE
r-patched-solaris-sparc 3.0.32 167.60 ERROR
r-patched-solaris-x86 3.0.32 176.70 NOTE
r-release-linux-ix86 3.0.32 39.18 51.41 90.59 NOTE
r-release-linux-x86_64 3.0.32 32.27 39.14 71.41 NOTE
r-release-osx-x86_64-mavericks 3.0.32 NOTE
r-release-osx-x86_64-snowleopard 3.0.32 NOTE
r-release-windows-ix86+x86_64 3.0.32 127.00 123.00 250.00 OK
r-oldrel-windows-ix86+x86_64 3.0.32 87.00 95.00 182.00 OK

Check Details

Version: 3.0.32
Check: installed package size
Result: NOTE
     installed size is 12.5Mb
     sub-directories of 1Mb or more:
     libs 12.3Mb
Flavors: r-devel-linux-x86_64-debian-clang, r-devel-linux-x86_64-debian-gcc, r-devel-linux-x86_64-fedora-clang, r-devel-linux-x86_64-fedora-gcc, r-patched-linux-x86_64, r-patched-solaris-x86, r-release-linux-ix86, r-release-linux-x86_64, r-release-osx-x86_64-mavericks, r-release-osx-x86_64-snowleopard

Version: 3.0.32
Check: whether package can be installed
Result: ERROR
    Installation failed.
Flavor: r-patched-solaris-sparc