CRAN Package Check Results for Package PReMiuM

Last updated on 2017-08-18 00:50:17.

Flavor Version Tinstall Tcheck Ttotal Status Flags
r-devel-linux-x86_64-debian-clang 3.1.4 37.89 31.60 69.48 NOTE
r-devel-linux-x86_64-debian-gcc 3.1.4 37.83 31.87 69.70 NOTE
r-devel-linux-x86_64-fedora-clang 3.1.4 135.37 NOTE
r-devel-linux-x86_64-fedora-gcc 3.1.4 137.28 NOTE
r-devel-windows-ix86+x86_64 3.1.4 91.00 87.00 178.00 WARN
r-patched-linux-x86_64 3.1.4 37.56 32.71 70.27 NOTE
r-patched-solaris-x86 3.1.4 131.40 OK
r-release-linux-x86_64 3.1.4 37.02 31.95 68.97 NOTE
r-release-windows-ix86+x86_64 3.1.4 99.00 87.00 186.00 OK
r-release-osx-x86_64 3.1.4 NOTE
r-oldrel-windows-ix86+x86_64 3.1.4 88.00 76.00 164.00 OK
r-oldrel-osx-x86_64 3.1.4 NOTE

Additional issues

gcc-UBSAN

Check Details

Version: 3.1.4
Check: compiled code
Result: NOTE
    File ‘PReMiuM/libs/PReMiuM.so’:
     Found no calls to: ‘R_registerRoutines’, ‘R_useDynamicSymbols’
    
    It is good practice to register native routines and to disable symbol
    search.
    
    See ‘Writing portable packages’ in the ‘Writing R Extensions’ manual.
Flavors: r-devel-linux-x86_64-debian-clang, r-devel-linux-x86_64-debian-gcc, r-devel-linux-x86_64-fedora-clang, r-devel-linux-x86_64-fedora-gcc, r-patched-linux-x86_64, r-release-linux-x86_64

Version: 3.1.4
Check: installed package size
Result: NOTE
     installed size is 13.4Mb
     sub-directories of 1Mb or more:
     libs 13.2Mb
Flavors: r-devel-linux-x86_64-fedora-clang, r-devel-linux-x86_64-fedora-gcc, r-release-osx-x86_64, r-oldrel-osx-x86_64

Version: 3.1.4
Check: whether package can be installed
Result: WARN
    Found the following significant warnings:
     d:/RCompile/CRANpkg/lib/3.5/BH/include/boost/math/special_functions/detail/bernoulli_details.hpp:128:36: warning: ISO C++ 1998 does not support 'long long' [-Wlong-long]
     d:/RCompile/CRANpkg/lib/3.5/BH/include/boost/math/special_functions/detail/bernoulli_details.hpp:152:9: warning: ISO C++ 1998 does not support 'long long' [-Wlong-long]
Flavor: r-devel-windows-ix86+x86_64