CRAN Package Check Results for Package PReMiuM

Last updated on 2014-09-03 03:50:35.

Flavor Version Tinstall Tcheck Ttotal Status Flags
r-devel-linux-x86_64-debian-clang 3.0.28 22.59 32.10 54.69 NOTE
r-devel-linux-x86_64-debian-gcc 3.0.28 30.74 32.09 62.83 NOTE
r-devel-linux-x86_64-fedora-clang 3.0.28 125.24 NOTE
r-devel-linux-x86_64-fedora-gcc 3.0.28 123.18 NOTE
r-devel-osx-x86_64-clang 3.0.28 87.69 OK
r-devel-windows-ix86+x86_64 3.0.28 71.00 75.00 146.00 OK
r-patched-linux-x86_64 3.0.28 30.70 33.45 64.15 NOTE
r-patched-solaris-sparc 3.0.28 861.90 NOTE
r-patched-solaris-x86 3.0.28 165.70 NOTE
r-release-linux-ix86 3.0.28 41.40 43.30 84.70 NOTE
r-release-linux-x86_64 3.0.28 30.56 34.18 64.74 NOTE
r-release-osx-x86_64-mavericks 3.0.28 NOTE
r-release-osx-x86_64-snowleopard 3.0.28 NOTE
r-release-windows-ix86+x86_64 3.0.28 78.00 84.00 162.00 OK
r-oldrel-windows-ix86+x86_64 3.0.28 80.00 88.00 168.00 OK

Check Details

Version: 3.0.28
Check: installed package size
Result: NOTE
     installed size is 10.7Mb
     sub-directories of 1Mb or more:
     libs 10.5Mb
Flavors: r-devel-linux-x86_64-debian-clang, r-devel-linux-x86_64-debian-gcc, r-devel-linux-x86_64-fedora-clang, r-devel-linux-x86_64-fedora-gcc, r-patched-linux-x86_64, r-patched-solaris-sparc, r-patched-solaris-x86, r-release-linux-ix86, r-release-linux-x86_64, r-release-osx-x86_64-mavericks, r-release-osx-x86_64-snowleopard