CRAN Package Check Results for Package PReMiuM

Last updated on 2016-09-29 12:48:01.

Flavor Version Tinstall Tcheck Ttotal Status Flags
r-devel-linux-x86_64-debian-clang 3.1.3 37.07 45.77 82.84 NOTE
r-devel-linux-x86_64-debian-gcc 3.1.3 35.36 37.15 72.51 NOTE
r-devel-linux-x86_64-fedora-clang 3.1.3 121.69 NOTE
r-devel-linux-x86_64-fedora-gcc 3.1.3 117.74 NOTE
r-devel-macos-x86_64-clang 3.1.3 85.92 OK
r-devel-windows-ix86+x86_64 3.1.3 124.00 86.00 210.00 WARN
r-patched-linux-x86_64 3.1.3 31.18 36.71 67.89 NOTE
r-patched-solaris-sparc 3.1.3 623.40 OK
r-patched-solaris-x86 3.1.3 116.20 OK
r-release-linux-x86_64 3.1.3 32.00 37.67 69.67 NOTE
r-release-osx-x86_64-mavericks 3.1.3 NOTE
r-release-windows-ix86+x86_64 3.1.3 113.00 85.00 198.00 OK
r-oldrel-windows-ix86+x86_64 3.1.3 112.00 102.00 214.00 OK

Check Details

Version: 3.1.3
Check: installed package size
Result: NOTE
     installed size is 12.9Mb
     sub-directories of 1Mb or more:
     libs 12.7Mb
Flavors: r-devel-linux-x86_64-debian-clang, r-devel-linux-x86_64-debian-gcc, r-devel-linux-x86_64-fedora-clang, r-devel-linux-x86_64-fedora-gcc, r-patched-linux-x86_64, r-release-linux-x86_64, r-release-osx-x86_64-mavericks

Version: 3.1.3
Check: whether package can be installed
Result: WARN
    Found the following significant warnings:
     d:\RCompile\CRANpkg\lib\3.4/BH/include/boost/math/special_functions/detail/bernoulli_details.hpp:127:36: warning: ISO C++ 1998 does not support 'long long' [-Wlong-long]
     d:\RCompile\CRANpkg\lib\3.4/BH/include/boost/math/special_functions/detail/bernoulli_details.hpp:151:9: warning: ISO C++ 1998 does not support 'long long' [-Wlong-long]
Flavor: r-devel-windows-ix86+x86_64