CRAN Package Check Results for Package PReMiuM

Last updated on 2016-06-28 14:48:35.

Flavor Version Tinstall Tcheck Ttotal Status Flags
r-devel-linux-x86_64-debian-gcc 3.1.3 35.26 36.43 71.69 NOTE
r-devel-linux-x86_64-fedora-clang 3.1.3 117.57 NOTE
r-devel-linux-x86_64-fedora-gcc 3.1.3 111.68 NOTE
r-devel-osx-x86_64-clang 3.1.3 92.37 OK
r-devel-windows-ix86+x86_64 3.1.3 118.00 76.00 194.00 OK
r-patched-linux-x86_64 3.1.3 31.76 38.12 69.88 NOTE
r-patched-solaris-sparc 3.1.3 627.70 NOTE
r-patched-solaris-x86 3.1.3 123.80 NOTE
r-release-linux-x86_64 3.1.3 30.82 35.72 66.54 NOTE
r-release-osx-x86_64-mavericks 3.1.3 NOTE
r-release-windows-ix86+x86_64 3.1.3 126.00 67.00 193.00 OK
r-oldrel-windows-ix86+x86_64 3.1.3 109.00 93.00 202.00 OK

Check Details

Version: 3.1.3
Check: installed package size
Result: NOTE
     installed size is 12.6Mb
     sub-directories of 1Mb or more:
     libs 12.4Mb
Flavors: r-devel-linux-x86_64-debian-gcc, r-devel-linux-x86_64-fedora-clang, r-devel-linux-x86_64-fedora-gcc, r-patched-linux-x86_64, r-patched-solaris-sparc, r-patched-solaris-x86, r-release-linux-x86_64, r-release-osx-x86_64-mavericks