CRAN Package Check Results for Package PReMiuM

Last updated on 2018-02-21 01:47:47 CET.

Flavor Version Tinstall Tcheck Ttotal Status Flags
r-devel-linux-x86_64-debian-clang 3.1.6 65.30 48.55 113.85 OK
r-devel-linux-x86_64-debian-gcc 3.1.6 53.69 39.21 92.90 OK
r-devel-linux-x86_64-fedora-clang 3.1.6 156.43 NOTE
r-devel-linux-x86_64-fedora-gcc 3.1.6 146.38 NOTE
r-devel-windows-ix86+x86_64 3.1.6 112.00 89.00 201.00 OK
r-patched-linux-x86_64 3.1.6 56.92 53.52 110.44 OK
r-patched-solaris-x86 3.1.6 144.50 OK
r-release-linux-x86_64 3.1.6 50.82 53.25 104.07 OK
r-release-windows-ix86+x86_64 3.1.6 136.00 120.00 256.00 OK
r-release-osx-x86_64 3.1.6 NOTE
r-oldrel-windows-ix86+x86_64 3.1.4 134.00 103.00 237.00 OK
r-oldrel-osx-x86_64 3.1.6 ERROR

Additional issues

gcc-UBSAN

Check Details

Version: 3.1.6
Check: installed package size
Result: NOTE
     installed size is 13.7Mb
     sub-directories of 1Mb or more:
     libs 13.4Mb
Flavors: r-devel-linux-x86_64-fedora-clang, r-devel-linux-x86_64-fedora-gcc, r-release-osx-x86_64

Version: 3.1.6
Check: whether package can be installed
Result: ERROR
    Installation failed.
Flavor: r-oldrel-osx-x86_64