CRAN Package Check Results for Package PReMiuM

Last updated on 2014-04-24 15:50:44.

Flavor Version Tinstall Tcheck Ttotal Status Flags
r-devel-linux-x86_64-debian-clang 3.0.24 21.50 34.78 56.29 NOTE
r-devel-linux-x86_64-debian-gcc 3.0.24 28.89 34.53 63.42 NOTE
r-devel-linux-x86_64-fedora-clang 3.0.24 117.62 NOTE
r-devel-linux-x86_64-fedora-gcc 3.0.24 120.15 NOTE
r-devel-osx-x86_64-clang 3.0.24 97.56 OK
r-devel-osx-x86_64-gcc 3.0.24 ERROR
r-devel-windows-ix86+x86_64 3.0.24 73.00 78.00 151.00 OK
r-patched-linux-x86_64 3.0.24 29.25 34.56 63.81 NOTE
r-patched-solaris-sparc 3.0.24 756.10 NOTE
r-patched-solaris-x86 3.0.24 157.20 NOTE
r-release-linux-ix86 3.0.24 57.00 62.00 119.00 NOTE
r-release-linux-x86_64 3.0.24 28.92 34.40 63.32 NOTE
r-release-osx-x86_64-mavericks 3.0.24 NOTE
r-release-osx-x86_64-snowleopard 3.0.24 NOTE
r-release-windows-ix86+x86_64 3.0.24 71.00 80.00 151.00 OK
r-oldrel-windows-ix86+x86_64 3.0.24 73.00 84.00 157.00 OK

Memtest notes: UBSAN

Check Details

Version: 3.0.24
Check: installed package size
Result: NOTE
     installed size is 10.5Mb
     sub-directories of 1Mb or more:
     libs 10.3Mb
Flavors: r-devel-linux-x86_64-debian-clang, r-devel-linux-x86_64-debian-gcc, r-devel-linux-x86_64-fedora-clang, r-devel-linux-x86_64-fedora-gcc, r-patched-linux-x86_64, r-patched-solaris-sparc, r-patched-solaris-x86, r-release-linux-ix86, r-release-linux-x86_64, r-release-osx-x86_64-mavericks, r-release-osx-x86_64-snowleopard

Version: 3.0.24
Check: package dependencies
Result: ERROR
    Package required but not available: ‘ggplot2’
    
    See the information on DESCRIPTION files in the chapter ‘Creating R
    packages’ of the ‘Writing R Extensions’ manual.
Flavor: r-devel-osx-x86_64-gcc