CRAN Package Check Results for Package PReMiuM

Last updated on 2017-02-22 07:48:33.

Flavor Version Tinstall Tcheck Ttotal Status Flags
r-devel-linux-x86_64-debian-clang 3.1.4 34.38 31.38 65.77 NOTE
r-devel-linux-x86_64-debian-gcc 3.1.4 34.64 31.82 66.46 NOTE
r-devel-linux-x86_64-fedora-clang 3.1.4 128.56 NOTE --no-stop-on-test-error
r-devel-linux-x86_64-fedora-gcc 3.1.4 123.75 NOTE --no-stop-on-test-error
r-devel-macos-x86_64-clang 3.1.4 91.83 NOTE --no-stop-on-test-error
r-devel-windows-ix86+x86_64 3.1.4 119.00 132.00 251.00 WARN
r-patched-linux-x86_64 3.1.4 30.03 28.74 58.76 OK
r-patched-solaris-sparc 3.1.4 617.60 OK
r-patched-solaris-x86 3.1.4 122.70 OK
r-release-linux-x86_64 3.1.4 30.01 28.75 58.76 OK
r-release-osx-x86_64-mavericks 3.1.4 NOTE
r-release-windows-ix86+x86_64 3.1.4 157.00 110.00 267.00 OK
r-oldrel-windows-ix86+x86_64 3.1.4 113.00 123.00 236.00 OK

Memtest notes: gcc6-UBSAN gcc7-UBSAN

Check Details

Version: 3.1.4
Check: compiled code
Result: NOTE
    File ‘PReMiuM/libs/PReMiuM.so’:
     Found no calls to: ‘R_registerRoutines’, ‘R_useDynamicSymbols’
    
    It is good practice to register native routines and to disable symbol
    search.
    
    See ‘Writing portable packages’ in the ‘Writing R Extensions’ manual.
Flavors: r-devel-linux-x86_64-debian-clang, r-devel-linux-x86_64-debian-gcc

Version: 3.1.4
Flags: --no-stop-on-test-error
Check: installed package size
Result: NOTE
     installed size is 11.8Mb
     sub-directories of 1Mb or more:
     libs 11.6Mb
Flavors: r-devel-linux-x86_64-fedora-clang, r-devel-linux-x86_64-fedora-gcc

Version: 3.1.4
Flags: --no-stop-on-test-error
Check: compiled code
Result: NOTE
    File ‘PReMiuM/libs/PReMiuM.so’:
     Found no calls to: ‘R_registerRoutines’, ‘R_useDynamicSymbols’
    
    It is good practice to register native routines and to disable symbol
    search.
    
    See ‘Writing portable packages’ in the ‘Writing R Extensions’ manual.
Flavors: r-devel-linux-x86_64-fedora-clang, r-devel-linux-x86_64-fedora-gcc, r-devel-macos-x86_64-clang

Version: 3.1.4
Check: whether package can be installed
Result: WARN
    Found the following significant warnings:
     d:/RCompile/CRANpkg/lib/3.4/BH/include/boost/math/special_functions/detail/bernoulli_details.hpp:128:36: warning: ISO C++ 1998 does not support 'long long' [-Wlong-long]
     d:/RCompile/CRANpkg/lib/3.4/BH/include/boost/math/special_functions/detail/bernoulli_details.hpp:152:9: warning: ISO C++ 1998 does not support 'long long' [-Wlong-long]
Flavor: r-devel-windows-ix86+x86_64

Version: 3.1.4
Check: installed package size
Result: NOTE
     installed size is 12.0Mb
     sub-directories of 1Mb or more:
     libs 11.8Mb
Flavor: r-release-osx-x86_64-mavericks