CRAN Package Check Results for Package PReMiuM

Last updated on 2015-09-05 06:48:21.

Flavor Version Tinstall Tcheck Ttotal Status Flags
r-devel-linux-x86_64-debian-clang 3.1.2 26.54 27.77 54.31 NOTE
r-devel-linux-x86_64-debian-gcc 3.1.2 35.04 28.35 63.39 NOTE
r-devel-linux-x86_64-fedora-clang 3.1.2 115.05 NOTE
r-devel-linux-x86_64-fedora-gcc 3.1.2 117.89 NOTE
r-devel-osx-x86_64-clang 3.1.2 98.23 OK
r-devel-windows-ix86+x86_64 3.1.2 114.00 76.00 190.00 OK
r-patched-linux-x86_64 3.1.2 32.04 29.10 61.14 NOTE
r-patched-solaris-sparc 3.1.2 634.70 OK
r-patched-solaris-x86 3.1.2 134.10 OK
r-release-linux-x86_64 3.1.2 32.91 29.08 61.99 NOTE
r-release-osx-x86_64-mavericks 3.1.2 NOTE
r-release-windows-ix86+x86_64 3.1.2 113.00 78.00 191.00 OK
r-oldrel-windows-ix86+x86_64 3.1.2 92.00 112.00 204.00 OK

Check Details

Version: 3.1.2
Check: installed package size
Result: NOTE
     installed size is 12.5Mb
     sub-directories of 1Mb or more:
     libs 12.3Mb
Flavors: r-devel-linux-x86_64-debian-clang, r-devel-linux-x86_64-debian-gcc, r-devel-linux-x86_64-fedora-clang, r-devel-linux-x86_64-fedora-gcc, r-patched-linux-x86_64, r-release-linux-x86_64, r-release-osx-x86_64-mavericks