CRAN Package Check Results for Package PReMiuM

Last updated on 2016-04-28 21:47:39.

Flavor Version Tinstall Tcheck Ttotal Status Flags
r-devel-linux-x86_64-debian-gcc 3.1.3 31.52 35.62 67.15 NOTE
r-devel-linux-x86_64-fedora-clang 3.1.3 119.55 NOTE
r-devel-linux-x86_64-fedora-gcc 3.1.3 109.89 NOTE
r-devel-osx-x86_64-clang 3.1.3 117.52 OK
r-devel-windows-ix86+x86_64 3.1.3 134.00 90.00 224.00 OK
r-patched-linux-x86_64 3.1.3 31.83 35.81 67.64 NOTE
r-patched-solaris-sparc 3.1.3 616.50 OK
r-patched-solaris-x86 3.1.3 119.50 OK
r-release-linux-x86_64 3.1.3 30.37 37.61 67.99 NOTE
r-release-osx-x86_64-mavericks 3.1.3 NOTE
r-release-windows-ix86+x86_64 3.1.3 91.00 74.00 165.00 OK
r-oldrel-windows-ix86+x86_64 3.1.3 112.00 130.00 242.00 OK

Check Details

Version: 3.1.3
Check: installed package size
Result: NOTE
     installed size is 12.3Mb
     sub-directories of 1Mb or more:
     libs 12.1Mb
Flavors: r-devel-linux-x86_64-debian-gcc, r-devel-linux-x86_64-fedora-clang, r-devel-linux-x86_64-fedora-gcc, r-patched-linux-x86_64, r-release-linux-x86_64, r-release-osx-x86_64-mavericks