CRAN Package Check Results for Package PReMiuM

Last updated on 2015-08-02 21:47:16.

Flavor Version Tinstall Tcheck Ttotal Status Flags
r-devel-linux-x86_64-debian-clang 3.1.1 26.71 30.30 57.01 NOTE
r-devel-linux-x86_64-debian-gcc 3.1.1 32.43 28.40 60.82 NOTE
r-devel-linux-x86_64-fedora-clang 3.1.1 114.07 NOTE
r-devel-linux-x86_64-fedora-gcc 3.1.1 119.83 NOTE
r-devel-osx-x86_64-clang 3.1.1 97.16 OK
r-devel-windows-ix86+x86_64 3.1.1 89.00 76.00 165.00 NOTE
r-patched-linux-x86_64 3.1.1 32.04 28.52 60.55 NOTE
r-patched-solaris-sparc 3.1.1 682.50 OK
r-patched-solaris-x86 3.1.1 135.60 OK
r-release-linux-x86_64 3.1.1 32.09 28.89 60.98 NOTE
r-release-osx-x86_64-mavericks 3.1.1 NOTE
r-release-windows-ix86+x86_64 3.1.1 116.00 71.00 187.00 OK
r-oldrel-windows-ix86+x86_64 3.1.1 122.00 111.00 233.00 OK

Check Details

Version: 3.1.1
Check: installed package size
Result: NOTE
     installed size is 12.5Mb
     sub-directories of 1Mb or more:
     libs 12.3Mb
Flavors: r-devel-linux-x86_64-debian-clang, r-devel-linux-x86_64-debian-gcc, r-devel-linux-x86_64-fedora-clang, r-devel-linux-x86_64-fedora-gcc, r-patched-linux-x86_64, r-release-linux-x86_64, r-release-osx-x86_64-mavericks

Version: 3.1.1
Check: R code for possible problems
Result: NOTE
    .cs.draw: no visible global function definition for ‘par’
    .cs.draw: no visible global function definition for ‘rect’
    .cs.draw: no visible global function definition for ‘text’
    .pYGivenZW_Bernoulli: no visible global function definition for ‘head’
    .pYGivenZW_Bernoulli: no visible global function definition for ‘tail’
    .pYGivenZW_Bernoulli_gradient: no visible global function definition
     for ‘head’
    .pYGivenZW_Bernoulli_gradient: no visible global function definition
     for ‘tail’
    .pYGivenZW_Bernoulli_hessianMat: no visible global function definition
     for ‘head’
    .pYGivenZW_Bernoulli_hessianMat: no visible global function definition
     for ‘tail’
    .pZpXpY: no visible global function definition for ‘head’
    .pZpXpY: no visible global function definition for ‘optim’
    calcAvgRiskAndProfile: no visible global function definition for
     ‘read.table’
    calcPredictions: no visible global function definition for ‘read.table’
    calcPredictions: no visible binding for global variable ‘median’
    computeRatioOfVariance: no visible global function definition for ‘var’
    generateSampleDataFile: no visible global function definition for
     ‘runif’
    generateSampleDataFile: no visible global function definition for
     ‘rnorm’
    generateSampleDataFile: no visible global function definition for
     ‘rpois’
    generateSampleDataFile: no visible global function definition for
     ‘rmultinom’
    globalParsTrace: no visible global function definition for ‘read.table’
    globalParsTrace: no visible global function definition for ‘plot’
    heatDissMat: no visible global function definition for
     ‘colorRampPalette’
    heatDissMat: no visible global function definition for ‘heatmap’
    mapforGeneratedData: no visible global function definition for
     ‘colorRampPalette’
    mapforGeneratedData: no visible global function definition for ‘par’
    mapforGeneratedData: no visible global function definition for
     ‘plot.new’
    mapforGeneratedData: no visible global function definition for
     ‘plot.window’
    mapforGeneratedData: no visible global function definition for ‘rect’
    mapforGeneratedData: no visible global function definition for ‘axis’
    mapforGeneratedData: no visible global function definition for ‘mtext’
    margModelPosterior: no visible global function definition for ‘median’
    margModelPosterior: no visible global function definition for
     ‘write.table’
    plotPredictions: no visible global function definition for ‘read.table’
    plotPredictions: no visible global function definition for ‘pdf’
    plotPredictions: no visible global function definition for ‘density’
    plotPredictions: no visible global function definition for ‘na.omit’
    plotPredictions: no visible binding for global variable ‘density’
    plotPredictions: no visible global function definition for ‘dev.off’
    plotRiskProfile: no visible global function definition for ‘png’
    plotRiskProfile: no visible binding for global variable ‘median’
    plotRiskProfile: no visible binding for global variable ‘quantile’
    plotRiskProfile: no visible global function definition for ‘dev.off’
    profRegr: no visible global function definition for ‘tail’
    profRegr: no visible global function definition for ‘head’
    summariseVarSelectRho: no visible binding for global variable ‘median’
    summariseVarSelectRho: no visible binding for global variable
     ‘quantile’
    Undefined global functions or variables:
     axis colorRampPalette density dev.off head heatmap median mtext
     na.omit optim par pdf plot plot.new plot.window png quantile
     read.table rect rmultinom rnorm rpois runif tail text var write.table
    Consider adding
     importFrom("grDevices", "colorRampPalette", "dev.off", "pdf", "png")
     importFrom("graphics", "axis", "mtext", "par", "plot", "plot.new",
     "plot.window", "rect", "text")
     importFrom("stats", "density", "heatmap", "median", "na.omit", "optim",
     "quantile", "rmultinom", "rnorm", "rpois", "runif", "var")
     importFrom("utils", "head", "read.table", "tail", "write.table")
    to your NAMESPACE.
Flavors: r-devel-linux-x86_64-debian-clang, r-devel-linux-x86_64-debian-gcc, r-devel-linux-x86_64-fedora-clang, r-devel-linux-x86_64-fedora-gcc, r-devel-windows-ix86+x86_64