CRAN Package Check Results for Package PReMiuM

Last updated on 2016-08-25 15:47:33.

Flavor Version Tinstall Tcheck Ttotal Status Flags
r-devel-linux-x86_64-debian-clang 3.1.3 35.71 52.95 88.66 NOTE
r-devel-linux-x86_64-debian-gcc 3.1.3 35.79 37.61 73.40 NOTE
r-devel-linux-x86_64-fedora-clang 3.1.3 123.98 NOTE
r-devel-linux-x86_64-fedora-gcc 3.1.3 116.35 NOTE
r-devel-osx-x86_64-clang 3.1.3 93.06 OK
r-devel-windows-ix86+x86_64 3.1.3 117.00 82.00 199.00 OK
r-patched-linux-x86_64 3.1.3 30.20 38.24 68.44 NOTE
r-patched-solaris-sparc 3.1.3 623.40 OK
r-patched-solaris-x86 3.1.3 118.50 OK
r-release-linux-x86_64 3.1.3 31.43 38.37 69.80 NOTE
r-release-osx-x86_64-mavericks 3.1.3 NOTE
r-release-windows-ix86+x86_64 3.1.3 119.00 61.00 180.00 OK
r-oldrel-windows-ix86+x86_64 3.1.3 79.00 71.00 150.00 OK

Check Details

Version: 3.1.3
Check: installed package size
Result: NOTE
     installed size is 12.9Mb
     sub-directories of 1Mb or more:
     libs 12.7Mb
Flavors: r-devel-linux-x86_64-debian-clang, r-devel-linux-x86_64-debian-gcc, r-devel-linux-x86_64-fedora-clang, r-devel-linux-x86_64-fedora-gcc, r-patched-linux-x86_64, r-release-linux-x86_64, r-release-osx-x86_64-mavericks