CRAN Package Check Results for Package PReMiuM

Last updated on 2017-03-25 23:54:06.

Flavor Version Tinstall Tcheck Ttotal Status Flags
r-devel-linux-x86_64-debian-clang 3.1.4 36.05 31.49 67.54 NOTE
r-devel-linux-x86_64-debian-gcc 3.1.4 32.82 32.29 65.11 NOTE
r-devel-linux-x86_64-fedora-clang 3.1.4 131.73 NOTE --no-stop-on-test-error
r-devel-linux-x86_64-fedora-gcc 3.1.4 125.82 NOTE --no-stop-on-test-error
r-devel-macos-x86_64-clang 3.1.4 92.06 NOTE --no-stop-on-test-error
r-patched-linux-x86_64 3.1.4 29.97 31.22 61.19 NOTE
r-patched-solaris-sparc 3.1.4 617.90 OK
r-patched-solaris-x86 3.1.4 130.70 OK
r-release-linux-x86_64 3.1.4 30.88 29.22 60.10 OK
r-release-osx-x86_64-mavericks 3.1.4 NOTE
r-release-windows-ix86+x86_64 3.1.4 110.00 88.00 198.00 OK
r-oldrel-windows-ix86+x86_64 3.1.4 80.00 82.00 162.00 OK

Check Details

Version: 3.1.4
Check: compiled code
Result: NOTE
    File ‘PReMiuM/libs/PReMiuM.so’:
     Found no calls to: ‘R_registerRoutines’, ‘R_useDynamicSymbols’
    
    It is good practice to register native routines and to disable symbol
    search.
    
    See ‘Writing portable packages’ in the ‘Writing R Extensions’ manual.
Flavors: r-devel-linux-x86_64-debian-clang, r-devel-linux-x86_64-debian-gcc, r-patched-linux-x86_64

Version: 3.1.4
Flags: --no-stop-on-test-error
Check: installed package size
Result: NOTE
     installed size is 11.8Mb
     sub-directories of 1Mb or more:
     libs 11.6Mb
Flavors: r-devel-linux-x86_64-fedora-clang, r-devel-linux-x86_64-fedora-gcc

Version: 3.1.4
Flags: --no-stop-on-test-error
Check: compiled code
Result: NOTE
    File ‘PReMiuM/libs/PReMiuM.so’:
     Found no calls to: ‘R_registerRoutines’, ‘R_useDynamicSymbols’
    
    It is good practice to register native routines and to disable symbol
    search.
    
    See ‘Writing portable packages’ in the ‘Writing R Extensions’ manual.
Flavors: r-devel-linux-x86_64-fedora-clang, r-devel-linux-x86_64-fedora-gcc, r-devel-macos-x86_64-clang

Version: 3.1.4
Check: installed package size
Result: NOTE
     installed size is 12.0Mb
     sub-directories of 1Mb or more:
     libs 11.8Mb
Flavor: r-release-osx-x86_64-mavericks