CRAN Package Check Results for Package PSAgraphics

Last updated on 2014-10-30 16:48:27.

Flavor Version Tinstall Tcheck Ttotal Status Flags
r-devel-linux-x86_64-debian-clang 2.1.1 0.85 27.58 28.43 NOTE
r-devel-linux-x86_64-debian-gcc 2.1.1 0.72 25.78 26.49 NOTE
r-devel-linux-x86_64-fedora-clang 2.1.1 54.05 NOTE
r-devel-linux-x86_64-fedora-gcc 2.1.1 52.04 NOTE
r-devel-osx-x86_64-clang 2.1.1 47.61 NOTE
r-devel-windows-ix86+x86_64 2.1.1 3.00 41.00 44.00 NOTE
r-patched-linux-x86_64 2.1.1 0.76 27.47 28.22 NOTE
r-patched-solaris-sparc 2.1.1 308.70 NOTE
r-patched-solaris-x86 2.1.1 65.80 NOTE
r-release-linux-ix86 2.1.1 1.05 42.45 43.50 NOTE
r-release-linux-x86_64 2.1.1 0.72 29.32 30.05 NOTE
r-release-osx-x86_64-mavericks 2.1.1 NOTE
r-release-osx-x86_64-snowleopard 2.1.1 OK
r-release-windows-ix86+x86_64 2.1.1 3.00 42.00 45.00 NOTE
r-oldrel-windows-ix86+x86_64 2.1.1 2.00 45.00 47.00 NOTE

Check Details

Version: 2.1.1
Check: dependencies in R code
Result: NOTE
    Package in Depends field not imported from: ‘rpart’
     These packages need to be imported from (in the NAMESPACE file)
     for when this namespace is loaded but not attached.
    See the information on DESCRIPTION files in the chapter ‘Creating R
    packages’ of the ‘Writing R Extensions’ manual.
Flavors: r-devel-linux-x86_64-debian-clang, r-devel-linux-x86_64-debian-gcc, r-devel-linux-x86_64-fedora-clang, r-devel-linux-x86_64-fedora-gcc, r-devel-osx-x86_64-clang, r-devel-windows-ix86+x86_64, r-patched-linux-x86_64, r-patched-solaris-sparc, r-patched-solaris-x86, r-release-linux-ix86, r-release-linux-x86_64, r-release-osx-x86_64-mavericks, r-release-windows-ix86+x86_64, r-oldrel-windows-ix86+x86_64