CRAN Package Check Results for Package PSAgraphics

Last updated on 2014-09-23 23:47:08.

Flavor Version Tinstall Tcheck Ttotal Status Flags
r-devel-linux-x86_64-debian-clang 2.1.1 0.70 25.90 26.60 NOTE
r-devel-linux-x86_64-debian-gcc 2.1.1 0.85 25.05 25.90 NOTE
r-devel-linux-x86_64-fedora-clang 2.1.1 51.46 NOTE
r-devel-linux-x86_64-fedora-gcc 2.1.1 50.42 NOTE
r-devel-osx-x86_64-clang 2.1.1 47.66 NOTE
r-devel-windows-ix86+x86_64 2.1.1 3.00 39.00 42.00 NOTE
r-patched-linux-x86_64 2.1.1 0.96 27.41 28.38 NOTE
r-patched-solaris-sparc 2.1.1 308.70 NOTE
r-patched-solaris-x86 2.1.1 63.70 NOTE
r-release-linux-ix86 2.1.1 1.06 38.74 39.80 NOTE
r-release-linux-x86_64 2.1.1 0.90 28.18 29.08 NOTE
r-release-osx-x86_64-mavericks 2.1.1 NOTE
r-release-osx-x86_64-snowleopard 2.1.1 OK
r-release-windows-ix86+x86_64 2.1.1 3.00 42.00 45.00 NOTE
r-oldrel-windows-ix86+x86_64 2.1.1 2.00 45.00 47.00 NOTE

Check Details

Version: 2.1.1
Check: dependencies in R code
Result: NOTE
    Package in Depends field not imported from: ‘rpart’
     These packages need to be imported from (in the NAMESPACE file)
     for when this namespace is loaded but not attached.
    See the information on DESCRIPTION files in the chapter ‘Creating R
    packages’ of the ‘Writing R Extensions’ manual.
Flavors: r-devel-linux-x86_64-debian-clang, r-devel-linux-x86_64-debian-gcc, r-devel-linux-x86_64-fedora-clang, r-devel-linux-x86_64-fedora-gcc, r-devel-osx-x86_64-clang, r-devel-windows-ix86+x86_64, r-patched-linux-x86_64, r-patched-solaris-sparc, r-patched-solaris-x86, r-release-linux-ix86, r-release-linux-x86_64, r-release-osx-x86_64-mavericks, r-release-windows-ix86+x86_64, r-oldrel-windows-ix86+x86_64