CRAN Package Check Results for Package PSAgraphics

Last updated on 2014-04-18 01:47:51.

Flavor Version Tinstall Tcheck Ttotal Status Flags
r-devel-linux-x86_64-debian-clang 2.1.1 0.75 26.45 27.20 NOTE
r-devel-linux-x86_64-debian-gcc 2.1.1 0.75 27.72 28.47 NOTE
r-devel-linux-x86_64-fedora-clang 2.1.1 54.89 NOTE
r-devel-linux-x86_64-fedora-gcc 2.1.1 53.06 NOTE
r-devel-macosx-x86_64-clang 2.1.1 48.10 NOTE
r-devel-macosx-x86_64-gcc 2.1.1 NOTE
r-devel-windows-ix86+x86_64 2.1.1 3.00 54.00 57.00 NOTE
r-patched-linux-x86_64 2.1.1 0.92 27.42 28.34 NOTE
r-patched-solaris-sparc 2.1.1 304.30 NOTE
r-patched-solaris-x86 2.1.1 62.70 NOTE
r-release-linux-ix86 2.1.1 2.00 47.00 49.00 NOTE
r-release-linux-x86_64 2.1.1 0.74 28.41 29.15 NOTE
r-release-macosx-x86_64 2.1.1 OK
r-release-windows-ix86+x86_64 2.1.1 5.00 60.00 65.00 NOTE
r-oldrel-windows-ix86+x86_64 2.1.1 2.00 45.00 47.00 NOTE

Check Details

Version: 2.1.1
Check: dependencies in R code
Result: NOTE
    Package in Depends field not imported from: ‘rpart’
     These packages need to be imported from (in the NAMESPACE file)
     for when this namespace is loaded but not attached.
    See the information on DESCRIPTION files in the chapter ‘Creating R
    packages’ of the ‘Writing R Extensions’ manual.
Flavors: r-devel-linux-x86_64-debian-clang, r-devel-linux-x86_64-debian-gcc, r-devel-linux-x86_64-fedora-clang, r-devel-linux-x86_64-fedora-gcc, r-devel-macosx-x86_64-clang, r-devel-macosx-x86_64-gcc, r-devel-windows-ix86+x86_64, r-patched-linux-x86_64, r-patched-solaris-sparc, r-patched-solaris-x86, r-release-linux-ix86, r-release-linux-x86_64, r-release-windows-ix86+x86_64, r-oldrel-windows-ix86+x86_64