CRAN Package Check Results for Package PSAgraphics

Last updated on 2015-07-05 14:46:44.

Flavor Version Tinstall Tcheck Ttotal Status Flags
r-devel-linux-x86_64-debian-clang 2.1.1 0.67 25.71 26.38 NOTE
r-devel-linux-x86_64-debian-gcc 2.1.1 0.80 24.38 25.18 NOTE
r-devel-linux-x86_64-fedora-clang 2.1.1 50.25 NOTE
r-devel-linux-x86_64-fedora-gcc 2.1.1 50.69 NOTE
r-devel-osx-x86_64-clang 2.1.1 45.91 NOTE
r-devel-windows-ix86+x86_64 2.1.1 3.00 42.00 45.00 NOTE
r-patched-linux-x86_64 2.1.1 0.82 25.10 25.92 NOTE
r-patched-solaris-sparc 2.1.1 319.70 NOTE
r-patched-solaris-x86 2.1.1 61.80 NOTE
r-release-linux-x86_64 2.1.1 0.66 25.17 25.82 NOTE
r-release-osx-x86_64-mavericks 2.1.1 NOTE
r-release-windows-ix86+x86_64 2.1.1 5.00 42.00 47.00 NOTE
r-oldrel-windows-ix86+x86_64 2.1.1 4.00 50.00 54.00 NOTE

Check Details

Version: 2.1.1
Check: dependencies in R code
Result: NOTE
    Package in Depends field not imported from: ‘rpart’
     These packages need to be imported from (in the NAMESPACE file)
     for when this namespace is loaded but not attached.
Flavors: r-devel-linux-x86_64-debian-clang, r-devel-linux-x86_64-debian-gcc, r-devel-linux-x86_64-fedora-clang, r-devel-linux-x86_64-fedora-gcc, r-devel-osx-x86_64-clang, r-devel-windows-ix86+x86_64, r-patched-linux-x86_64, r-patched-solaris-sparc, r-patched-solaris-x86, r-release-linux-x86_64, r-release-osx-x86_64-mavericks, r-release-windows-ix86+x86_64, r-oldrel-windows-ix86+x86_64

Version: 2.1.1
Check: R code for possible problems
Result: NOTE
    bal.cs.psa: no visible global function definition for ‘hist’
    bal.cs.psa: no visible global function definition for ‘points’
    bal.cs.psa: no visible global function definition for ‘legend’
    bal.fe.psa: no visible global function definition for ‘fisher.test’
    bal.ks.psa: no visible global function definition for ‘ks.test’
    bal.ms.psa: no visible global function definition for ‘hist’
    bal.ms.psa: no visible global function definition for ‘points’
    bal.ms.psa: no visible global function definition for ‘legend’
    box.psa: no visible global function definition for ‘boxplot’
    box.psa: no visible global function definition for ‘points’
    box.psa: no visible global function definition for ‘text’
    box.psa: no visible global function definition for ‘axis’
    box.psa: no visible global function definition for ‘aggregate’
    box.psa: no visible global function definition for ‘lines’
    box.psa: no visible global function definition for ‘legend’
    cat.psa: no visible global function definition for ‘terrain.colors’
    cat.psa: no visible global function definition for ‘plot’
    cat.psa: no visible global function definition for ‘rect’
    cat.psa: no visible global function definition for ‘axis’
    cat.psa: no visible global function definition for ‘text’
    cat.psa: no visible global function definition for ‘legend’
    circ.psa: no visible global function definition for ‘par’
    circ.psa: no visible binding for global variable ‘var’
    circ.psa: no visible global function definition for ‘symbols’
    circ.psa: no visible global function definition for ‘legend’
    circ.psa: no visible global function definition for ‘abline’
    circ.psa: no visible global function definition for ‘segments’
    circ.psa: no visible global function definition for ‘points’
    circ.psa: no visible global function definition for ‘rug’
    circ.psa: no visible global function definition for ‘title’
    circ.psa: no visible global function definition for ‘qt’
    cstrata.psa: no visible global function definition for ‘quantile’
    cstrata.psa: no visible global function definition for ‘runif’
    cstrata.psa: no visible global function definition for ‘par’
    cstrata.psa: no visible global function definition for ‘plot’
    cstrata.psa: no visible global function definition for ‘points’
    cstrata.psa: no visible global function definition for ‘abline’
    cv.bal.psa: no visible global function definition for ‘var’
    cv.bal.psa: no visible global function definition for ‘sd’
    cv.bal.psa: no visible global function definition for ‘plot’
    cv.bal.psa: no visible global function definition for ‘axis’
    cv.bal.psa: no visible global function definition for ‘points’
    cv.bal.psa: no visible global function definition for ‘lines’
    cv.bal.psa: no visible global function definition for ‘abline’
    cv.bal.psa: no visible global function definition for ‘box’
    cv.bal.psa: no visible binding for global variable ‘sd’
    loess.psa: no visible global function definition for ‘loess’
    loess.psa: no visible global function definition for ‘plot’
    loess.psa: no visible global function definition for ‘points’
    loess.psa: no visible global function definition for ‘quantile’
    loess.psa: no visible global function definition for ‘abline’
    loess.psa: no visible global function definition for ‘rug’
    loess.psa: no visible global function definition for ‘box’
    loess.psa: no visible binding for global variable ‘var’
    loess.psa: no visible global function definition for ‘na.omit’
    loess.psa: no visible global function definition for ‘sd’
    Undefined global functions or variables:
     abline aggregate axis box boxplot fisher.test hist ks.test legend
     lines loess na.omit par plot points qt quantile rect rug runif sd
     segments symbols terrain.colors text title var
Flavors: r-devel-linux-x86_64-debian-clang, r-devel-linux-x86_64-debian-gcc, r-devel-linux-x86_64-fedora-clang, r-devel-linux-x86_64-fedora-gcc, r-devel-windows-ix86+x86_64