CRAN Package Check Results for Package PSAgraphics

Last updated on 2015-05-05 02:46:43.

Flavor Version Tinstall Tcheck Ttotal Status Flags
r-devel-linux-x86_64-debian-clang 2.1.1 0.66 25.36 26.02 NOTE
r-devel-linux-x86_64-debian-gcc 2.1.1 0.66 24.69 25.35 NOTE
r-devel-linux-x86_64-fedora-clang 2.1.1 51.96 NOTE
r-devel-linux-x86_64-fedora-gcc 2.1.1 47.35 NOTE
r-devel-osx-x86_64-clang 2.1.1 47.16 NOTE
r-devel-windows-ix86+x86_64 2.1.1 3.00 42.00 45.00 NOTE
r-patched-linux-x86_64 2.1.1 0.89 25.68 26.57 NOTE
r-patched-solaris-sparc 2.1.1 325.60 NOTE
r-patched-solaris-x86 2.1.1 60.80 NOTE
r-release-linux-x86_64 2.1.1 0.69 24.42 25.11 NOTE
r-release-osx-x86_64-mavericks 2.1.1 NOTE
r-release-osx-x86_64-snowleopard 2.1.1 NOTE
r-release-windows-ix86+x86_64 2.1.1 2.00 51.00 53.00 NOTE
r-oldrel-windows-ix86+x86_64 2.1.1 5.00 45.00 50.00 NOTE

Check Details

Version: 2.1.1
Check: dependencies in R code
Result: NOTE
    Package in Depends field not imported from: ‘rpart’
     These packages need to be imported from (in the NAMESPACE file)
     for when this namespace is loaded but not attached.
Flavors: r-devel-linux-x86_64-debian-clang, r-devel-linux-x86_64-debian-gcc, r-devel-linux-x86_64-fedora-clang, r-devel-linux-x86_64-fedora-gcc, r-devel-osx-x86_64-clang, r-devel-windows-ix86+x86_64, r-patched-linux-x86_64, r-patched-solaris-sparc, r-patched-solaris-x86, r-release-linux-x86_64, r-release-osx-x86_64-mavericks, r-release-osx-x86_64-snowleopard, r-release-windows-ix86+x86_64, r-oldrel-windows-ix86+x86_64