CRAN Package Check Results for Package PSAgraphics

Last updated on 2015-01-28 01:48:11.

Flavor Version Tinstall Tcheck Ttotal Status Flags
r-devel-linux-x86_64-debian-clang 2.1.1 0.68 25.83 26.52 NOTE
r-devel-linux-x86_64-debian-gcc 2.1.1 0.67 25.88 26.55 NOTE
r-devel-linux-x86_64-fedora-clang 2.1.1 56.54 NOTE
r-devel-linux-x86_64-fedora-gcc 2.1.1 53.04 NOTE
r-devel-osx-x86_64-clang 2.1.1 51.31 NOTE
r-devel-windows-ix86+x86_64 2.1.1 3.00 44.00 47.00 NOTE
r-patched-linux-x86_64 2.1.1 0.72 26.80 27.51 NOTE
r-patched-solaris-sparc 2.1.1 338.50 NOTE
r-patched-solaris-x86 2.1.1 65.90 NOTE
r-release-linux-ix86 2.1.1 1.01 36.00 37.00 NOTE
r-release-linux-x86_64 2.1.1 0.72 26.64 27.36 NOTE
r-release-osx-x86_64-mavericks 2.1.1 NOTE
r-release-osx-x86_64-snowleopard 2.1.1 OK
r-release-windows-ix86+x86_64 2.1.1 3.00 42.00 45.00 NOTE
r-oldrel-windows-ix86+x86_64 2.1.1 2.00 45.00 47.00 NOTE

Check Details

Version: 2.1.1
Check: dependencies in R code
Result: NOTE
    Package in Depends field not imported from: ‘rpart’
     These packages need to be imported from (in the NAMESPACE file)
     for when this namespace is loaded but not attached.
Flavors: r-devel-linux-x86_64-debian-clang, r-devel-linux-x86_64-debian-gcc, r-devel-linux-x86_64-fedora-clang, r-devel-linux-x86_64-fedora-gcc, r-devel-osx-x86_64-clang, r-devel-windows-ix86+x86_64

Version: 2.1.1
Check: dependencies in R code
Result: NOTE
    Package in Depends field not imported from: ‘rpart’
     These packages need to be imported from (in the NAMESPACE file)
     for when this namespace is loaded but not attached.
    See the information on DESCRIPTION files in the chapter ‘Creating R
    packages’ of the ‘Writing R Extensions’ manual.
Flavors: r-patched-linux-x86_64, r-patched-solaris-sparc, r-patched-solaris-x86, r-release-linux-ix86, r-release-linux-x86_64, r-release-osx-x86_64-mavericks, r-release-windows-ix86+x86_64, r-oldrel-windows-ix86+x86_64