CRAN Package Check Results for Package PSAgraphics

Last updated on 2015-03-01 19:48:12.

Flavor Version Tinstall Tcheck Ttotal Status Flags
r-devel-linux-x86_64-debian-clang 2.1.1 0.66 24.92 25.58 NOTE
r-devel-linux-x86_64-debian-gcc 2.1.1 0.66 27.60 28.26 NOTE
r-devel-linux-x86_64-fedora-clang 2.1.1 52.00 NOTE
r-devel-linux-x86_64-fedora-gcc 2.1.1 50.26 NOTE
r-devel-osx-x86_64-clang 2.1.1 47.93 NOTE
r-devel-windows-ix86+x86_64 2.1.1 4.00 44.00 48.00 NOTE
r-patched-linux-x86_64 2.1.1 0.86 26.90 27.76 NOTE
r-patched-solaris-sparc 2.1.1 338.50 NOTE
r-patched-solaris-x86 2.1.1 65.90 NOTE
r-release-linux-ix86 2.1.1 1.02 40.24 41.27 NOTE
r-release-linux-x86_64 2.1.1 0.76 26.80 27.57 NOTE
r-release-osx-x86_64-mavericks 2.1.1 NOTE
r-release-osx-x86_64-snowleopard 2.1.1 OK
r-release-windows-ix86+x86_64 2.1.1 4.00 49.00 53.00 NOTE
r-oldrel-windows-ix86+x86_64 2.1.1 4.00 52.00 56.00 NOTE

Check Details

Version: 2.1.1
Check: dependencies in R code
Result: NOTE
    Package in Depends field not imported from: ‘rpart’
     These packages need to be imported from (in the NAMESPACE file)
     for when this namespace is loaded but not attached.
Flavors: r-devel-linux-x86_64-debian-clang, r-devel-linux-x86_64-debian-gcc, r-devel-linux-x86_64-fedora-clang, r-devel-linux-x86_64-fedora-gcc, r-devel-osx-x86_64-clang, r-devel-windows-ix86+x86_64, r-patched-linux-x86_64, r-patched-solaris-x86

Version: 2.1.1
Check: dependencies in R code
Result: NOTE
    Package in Depends field not imported from: ‘rpart’
     These packages need to be imported from (in the NAMESPACE file)
     for when this namespace is loaded but not attached.
    See the information on DESCRIPTION files in the chapter ‘Creating R
    packages’ of the ‘Writing R Extensions’ manual.
Flavors: r-patched-solaris-sparc, r-release-linux-ix86, r-release-linux-x86_64, r-release-osx-x86_64-mavericks, r-release-windows-ix86+x86_64, r-oldrel-windows-ix86+x86_64