CRAN Package Check Results for Package PSCBS

Last updated on 2017-08-18 02:49:20.

Flavor Version Tinstall Tcheck Ttotal Status Flags
r-devel-linux-x86_64-debian-clang 0.63.0 9.93 262.55 272.48 OK
r-devel-linux-x86_64-debian-gcc 0.63.0 10.01 247.08 257.09 OK
r-devel-linux-x86_64-fedora-clang 0.63.0 525.90 OK
r-devel-linux-x86_64-fedora-gcc 0.63.0 526.97 OK
r-devel-windows-ix86+x86_64 0.63.0 22.00 429.00 451.00 OK
r-patched-linux-x86_64 0.63.0 10.33 265.45 275.78 OK
r-patched-solaris-x86 0.63.0 800.60 OK
r-release-linux-x86_64 0.63.0 10.29 255.41 265.70 OK
r-release-windows-ix86+x86_64 0.63.0 20.00 451.00 471.00 OK
r-release-osx-x86_64 0.63.0 ERROR
r-oldrel-windows-ix86+x86_64 0.63.0 18.00 516.00 534.00 OK
r-oldrel-osx-x86_64 0.63.0 OK

Check Details

Version: 0.63.0
Check: package dependencies
Result: ERROR
    Package required but not available: ‘aroma.light’
    
    See section ‘The DESCRIPTION file’ in the ‘Writing R Extensions’
    manual.
Flavor: r-release-osx-x86_64