CRAN Package Check Results for Package PSCBS

Last updated on 2015-02-01 20:48:42.

Flavor Version Tinstall Tcheck Ttotal Status Flags
r-devel-linux-x86_64-debian-clang 0.43.0 9.47 206.95 216.42 NOTE
r-devel-linux-x86_64-debian-gcc 0.43.0 10.37 192.02 202.39 NOTE
r-devel-linux-x86_64-fedora-clang 0.43.0 385.53 NOTE
r-devel-linux-x86_64-fedora-gcc 0.43.0 372.07 NOTE
r-devel-osx-x86_64-clang 0.43.0 355.14 NOTE
r-devel-windows-ix86+x86_64 0.43.0 27.00 278.00 305.00 OK
r-patched-linux-x86_64 0.43.0 11.43 208.29 219.72 OK
r-patched-solaris-sparc 0.43.0 2152.50 OK --no-build-vignettes
r-patched-solaris-x86 0.43.0 647.30 OK
r-release-linux-ix86 0.43.0 12.22 323.46 335.68 OK
r-release-linux-x86_64 0.43.0 10.75 212.64 223.39 OK
r-release-osx-x86_64-mavericks 0.43.0 OK
r-release-osx-x86_64-snowleopard 0.43.0 OK
r-release-windows-ix86+x86_64 0.43.0 22.00 327.00 349.00 OK
r-oldrel-windows-ix86+x86_64 0.43.0 22.00 343.00 365.00 OK

Check Details

Version: 0.43.0
Check: S3 generic/method consistency
Result: NOTE
    Found the following apparent S3 methods exported but not registered:
     callGLAO.CBS encodeCalls.data.frame unTumorBoost.PairedPSCBS
    See section ‘Registering S3 methods’ in the ‘Writing R Extensions’
    manual.
Flavors: r-devel-linux-x86_64-debian-clang, r-devel-linux-x86_64-debian-gcc, r-devel-linux-x86_64-fedora-clang, r-devel-linux-x86_64-fedora-gcc, r-devel-osx-x86_64-clang