CRAN Package Check Results for Package PSCBS

Last updated on 2020-04-10 04:48:54 CEST.

Flavor Version Tinstall Tcheck Ttotal Status Flags
r-devel-linux-x86_64-debian-clang 0.65.0 14.92 343.90 358.82 OK
r-devel-linux-x86_64-debian-gcc 0.65.0 16.04 272.46 288.50 OK
r-devel-linux-x86_64-fedora-clang 0.65.0 366.72 OK
r-devel-linux-x86_64-fedora-gcc 0.65.0 454.09 OK
r-devel-windows-ix86+x86_64 0.65.0 26.00 355.00 381.00 OK
r-devel-windows-ix86+x86_64-gcc8 0.65.0 26.00 360.00 386.00 OK
r-patched-linux-x86_64 0.65.0 18.24 346.06 364.30 OK
r-patched-osx-x86_64 0.65.0 ERROR
r-patched-solaris-x86 0.65.0 748.70 OK
r-release-linux-x86_64 0.65.0 16.05 324.17 340.22 OK
r-release-windows-ix86+x86_64 0.65.0 26.00 452.00 478.00 OK
r-release-osx-x86_64 0.65.0 OK
r-oldrel-windows-ix86+x86_64 0.65.0 30.00 446.00 476.00 OK
r-oldrel-osx-x86_64 0.65.0 OK

Check Details

Version: 0.65.0
Check: package dependencies
Result: ERROR
    Package required but not available: ‘aroma.light’
    
    See section ‘The DESCRIPTION file’ in the ‘Writing R Extensions’
    manual.
Flavor: r-patched-osx-x86_64