CRAN Package Check Results for Package PSCBS

Last updated on 2017-12-12 02:49:48 CET.

Flavor Version Tinstall Tcheck Ttotal Status Flags
r-devel-linux-x86_64-debian-clang 0.63.0 14.46 368.14 382.60 OK
r-devel-linux-x86_64-debian-gcc 0.63.0 12.48 310.85 323.33 OK
r-devel-linux-x86_64-fedora-clang 0.63.0 498.86 OK
r-devel-linux-x86_64-fedora-gcc 0.63.0 481.82 OK
r-devel-windows-ix86+x86_64 0.63.0 30.00 497.00 527.00 OK
r-patched-linux-x86_64 0.63.0 14.51 423.76 438.27 OK
r-patched-solaris-x86 0.63.0 804.80 OK
r-release-linux-x86_64 0.63.0 14.14 414.87 429.01 OK
r-release-windows-ix86+x86_64 0.63.0 20.00 475.00 495.00 OK
r-release-osx-x86_64 0.63.0 ERROR
r-oldrel-windows-ix86+x86_64 0.63.0 30.00 498.00 528.00 OK
r-oldrel-osx-x86_64 0.63.0 OK

Check Details

Version: 0.63.0
Check: package dependencies
Result: ERROR
    Package required but not available: ‘aroma.light’
    
    See section ‘The DESCRIPTION file’ in the ‘Writing R Extensions’
    manual.
Flavor: r-release-osx-x86_64