CRAN Package Check Results for Package PSCBS

Last updated on 2015-05-23 11:51:29.

Flavor Version Tinstall Tcheck Ttotal Status Flags
r-devel-linux-x86_64-debian-clang 0.44.0 9.17 201.34 210.51 OK
r-devel-linux-x86_64-debian-gcc 0.44.0 8.62 193.44 202.06 OK
r-devel-linux-x86_64-fedora-clang 0.44.0 381.36 OK
r-devel-linux-x86_64-fedora-gcc 0.44.0 366.95 OK
r-devel-osx-x86_64-clang 0.44.0 332.96 OK
r-devel-windows-ix86+x86_64 0.44.0 18.00 305.00 323.00 OK
r-patched-linux-x86_64 0.44.0 9.12 193.48 202.60 OK
r-patched-solaris-sparc 0.44.0 2204.00 OK --no-build-vignettes
r-patched-solaris-x86 0.44.0 603.30 OK
r-release-linux-x86_64 0.44.0 8.68 191.66 200.34 OK
r-release-osx-x86_64-mavericks 0.44.0 OK
r-release-osx-x86_64-snowleopard 0.44.0 ERROR
r-release-windows-ix86+x86_64 0.44.0 20.00 294.00 314.00 OK
r-oldrel-windows-ix86+x86_64 0.44.0 22.00 326.00 348.00 OK

Check Details

Version: 0.44.0
Check: package dependencies
Result: ERROR
    Package required but not available: ‘DNAcopy’
    
    Package suggested but not available for checking: ‘aroma.light’
    
    See section ‘The DESCRIPTION file’ in the ‘Writing R Extensions’
    manual.
Flavor: r-release-osx-x86_64-snowleopard