CRAN Package Check Results for Package PSCBS

Last updated on 2017-10-19 19:47:17.

Flavor Version Tinstall Tcheck Ttotal Status Flags
r-devel-linux-x86_64-debian-clang 0.63.0 11.19 259.62 270.81 OK
r-devel-linux-x86_64-debian-gcc 0.63.0 10.94 270.70 281.64 OK
r-devel-linux-x86_64-fedora-clang 0.63.0 528.68 OK
r-devel-linux-x86_64-fedora-gcc 0.63.0 520.50 OK
r-devel-windows-ix86+x86_64 0.63.0 20.00 427.00 447.00 OK
r-patched-linux-x86_64 0.63.0 10.42 253.26 263.68 OK
r-patched-solaris-x86 0.63.0 801.50 OK
r-release-linux-x86_64 0.63.0 10.77 259.34 270.12 OK
r-release-windows-ix86+x86_64 0.63.0 30.00 572.00 602.00 OK
r-release-osx-x86_64 0.63.0 ERROR
r-oldrel-windows-ix86+x86_64 0.63.0 26.00 503.00 529.00 OK
r-oldrel-osx-x86_64 0.63.0 OK

Check Details

Version: 0.63.0
Check: package dependencies
Result: ERROR
    Package required but not available: ‘aroma.light’
    
    See section ‘The DESCRIPTION file’ in the ‘Writing R Extensions’
    manual.
Flavor: r-release-osx-x86_64