CRAN Package Check Results for Package PSCBS

Last updated on 2018-02-24 12:48:14 CET.

Flavor Version Tinstall Tcheck Ttotal Status Flags
r-devel-linux-x86_64-debian-clang 0.63.0 14.94 309.64 324.58 OK
r-devel-linux-x86_64-debian-gcc 0.63.0 13.05 235.95 249.00 OK
r-devel-windows-ix86+x86_64 0.63.0 29.00 458.00 487.00 OK
r-patched-linux-x86_64 0.63.0 13.19 405.42 418.61 OK
r-patched-solaris-x86 0.63.0 796.80 OK
r-release-linux-x86_64 0.63.0 16.74 405.34 422.08 OK
r-release-windows-ix86+x86_64 0.63.0 18.00 601.00 619.00 OK
r-release-osx-x86_64 0.63.0 ERROR
r-oldrel-windows-ix86+x86_64 0.63.0 19.00 385.00 404.00 OK
r-oldrel-osx-x86_64 0.63.0 OK

Check Details

Version: 0.63.0
Check: package dependencies
Result: ERROR
    Package required but not available: ‘aroma.light’
    
    See section ‘The DESCRIPTION file’ in the ‘Writing R Extensions’
    manual.
Flavor: r-release-osx-x86_64