CRAN Package Check Results for Package PSCBS

Last updated on 2014-04-25 09:52:20.

Flavor Version Tinstall Tcheck Ttotal Status Flags
r-devel-linux-x86_64-debian-clang 0.40.4 3.15 229.68 232.83 OK
r-devel-linux-x86_64-debian-gcc 0.40.4 3.42 211.81 215.23 OK
r-devel-linux-x86_64-fedora-clang 0.40.4 415.85 OK
r-devel-linux-x86_64-fedora-gcc 0.40.4 408.05 OK
r-devel-osx-x86_64-clang 0.40.4 352.52 OK
r-devel-osx-x86_64-gcc 0.40.4 ERROR
r-devel-windows-ix86+x86_64 0.40.4 8.00 293.00 301.00 OK
r-patched-linux-x86_64 0.40.4 3.15 214.16 217.31 OK
r-patched-solaris-sparc 0.40.4 2034.10 OK --no-build-vignettes
r-patched-solaris-x86 0.40.4 624.10 OK
r-release-linux-ix86 0.40.4 5.00 386.00 391.00 OK
r-release-linux-x86_64 0.40.4 3.49 211.21 214.70 OK
r-release-osx-x86_64-mavericks 0.40.4 ERROR
r-release-osx-x86_64-snowleopard 0.40.4 OK
r-release-windows-ix86+x86_64 0.40.4 8.00 301.00 309.00 OK
r-oldrel-windows-ix86+x86_64 0.40.4 10.00 338.00 348.00 OK

Check Details

Version: 0.40.4
Check: package dependencies
Result: ERROR
    Package required but not available: ‘DNAcopy’
    
    Packages suggested but not available for checking:
     ‘aroma.light’ ‘Hmisc’ ‘ggplot2’
    
    See the information on DESCRIPTION files in the chapter ‘Creating R
    packages’ of the ‘Writing R Extensions’ manual.
Flavor: r-devel-osx-x86_64-gcc

Version: 0.40.4
Check: package dependencies
Result: ERROR
    Package required but not available: ‘DNAcopy’
    
    Package suggested but not available for checking: ‘aroma.light’
    
    See the information on DESCRIPTION files in the chapter ‘Creating R
    packages’ of the ‘Writing R Extensions’ manual.
Flavor: r-release-osx-x86_64-mavericks