CRAN Package Check Results for Package PSCBS

Last updated on 2015-04-27 14:46:54.

Flavor Version Tinstall Tcheck Ttotal Status Flags
r-devel-linux-x86_64-debian-clang 0.44.0 9.55 211.66 221.22 OK
r-devel-linux-x86_64-debian-gcc 0.44.0 8.78 193.76 202.54 OK
r-devel-linux-x86_64-fedora-clang 0.44.0 385.76 OK
r-devel-linux-x86_64-fedora-gcc 0.44.0 362.27 OK
r-devel-osx-x86_64-clang 0.44.0 331.74 OK
r-devel-windows-ix86+x86_64 0.44.0 20.00 298.00 318.00 OK
r-patched-linux-x86_64 0.44.0 8.66 192.40 201.06 OK
r-patched-solaris-sparc 0.44.0 2235.80 OK --no-build-vignettes
r-patched-solaris-x86 0.44.0 604.50 OK
r-release-linux-x86_64 0.44.0 8.72 189.34 198.06 OK
r-release-osx-x86_64-mavericks 0.44.0 ERROR
r-release-osx-x86_64-snowleopard 0.44.0 ERROR
r-release-windows-ix86+x86_64 0.44.0 25.00 371.00 396.00 OK
r-oldrel-windows-ix86+x86_64 0.44.0 19.00 321.00 340.00 OK

Check Details

Version: 0.44.0
Check: package dependencies
Result: ERROR
    Packages suggested but not available for checking: ‘R.rsp’ ‘R.devices’
    
    VignetteBuilder package required for checking but installed: ‘R.rsp’
    
    See section ‘The DESCRIPTION file’ in the ‘Writing R Extensions’
    manual.
Flavor: r-release-osx-x86_64-mavericks

Version: 0.44.0
Check: package dependencies
Result: ERROR
    Package required but not available: ‘DNAcopy’
    
    Packages suggested but not available for checking:
     ‘aroma.light’ ‘Hmisc’ ‘ggplot2’
    
    See section ‘The DESCRIPTION file’ in the ‘Writing R Extensions’
    manual.
Flavor: r-release-osx-x86_64-snowleopard