CRAN Package Check Results for Package PSGD

Last updated on 2022-12-03 21:49:59 CET.

Flavor Version Tinstall Tcheck Ttotal Status Flags
r-devel-linux-x86_64-debian-clang 1.0.2 118.56 36.04 154.60 OK
r-devel-linux-x86_64-debian-gcc 1.0.2 90.22 27.62 117.84 OK
r-devel-linux-x86_64-fedora-clang 1.0.2 240.86 OK
r-devel-linux-x86_64-fedora-gcc 1.0.2 231.74 OK
r-devel-windows-x86_64 1.0.2 96.00 83.00 179.00 OK
r-patched-linux-x86_64 1.0.2 89.27 33.72 122.99 OK
r-release-linux-x86_64 1.0.2 93.86 34.79 128.65 OK
r-release-macos-arm64 1.0.2 54.00 NOTE
r-release-macos-x86_64 1.0.2 72.00 NOTE
r-release-windows-x86_64 1.0.2 108.00 84.00 192.00 OK
r-oldrel-macos-arm64 1.0.2 55.00 NOTE
r-oldrel-macos-x86_64 1.0.2 76.00 NOTE
r-oldrel-windows-ix86+x86_64 1.0.2 279.00 89.00 368.00 OK

Check Details

Version: 1.0.2
Check: installed package size
Result: NOTE
     installed size is 5.5Mb
     sub-directories of 1Mb or more:
     libs 5.4Mb
Flavors: r-release-macos-arm64, r-release-macos-x86_64, r-oldrel-macos-arm64, r-oldrel-macos-x86_64