CRAN Package Check Results for Package PSM

Last updated on 2015-04-26 10:48:17.

Flavor Version Tinstall Tcheck Ttotal Status Flags
r-devel-linux-x86_64-debian-clang 0.8-10 2.53 22.52 25.05 NOTE
r-devel-linux-x86_64-debian-gcc 0.8-10 2.18 22.20 24.38 NOTE
r-devel-linux-x86_64-fedora-clang 0.8-10 46.72 NOTE
r-devel-linux-x86_64-fedora-gcc 0.8-10 45.24 NOTE
r-devel-osx-x86_64-clang 0.8-10 44.88 NOTE
r-devel-windows-ix86+x86_64 0.8-10 11.00 37.00 48.00 NOTE
r-patched-linux-x86_64 0.8-10 2.38 22.32 24.70 NOTE
r-patched-solaris-sparc 0.8-10 266.20 NOTE
r-patched-solaris-x86 0.8-10 58.60 NOTE
r-release-linux-x86_64 0.8-10 2.24 22.66 24.89 NOTE
r-release-osx-x86_64-mavericks 0.8-10 NOTE
r-release-osx-x86_64-snowleopard 0.8-10 NOTE
r-release-windows-ix86+x86_64 0.8-10 12.00 38.00 50.00 NOTE
r-oldrel-windows-ix86+x86_64 0.8-10 10.00 49.00 59.00 OK

Check Details

Version: 0.8-10
Check: DESCRIPTION meta-information
Result: NOTE
    Malformed Title field: should not end in a period.
Flavors: r-devel-linux-x86_64-fedora-clang, r-devel-linux-x86_64-fedora-gcc, r-devel-osx-x86_64-clang, r-devel-windows-ix86+x86_64, r-release-osx-x86_64-mavericks, r-release-windows-ix86+x86_64