CRAN Package Check Results for Package PSM

Last updated on 2015-06-30 12:47:28.

Flavor Version Tinstall Tcheck Ttotal Status Flags
r-devel-linux-x86_64-debian-clang 0.8-10 2.22 22.64 24.85 NOTE
r-devel-linux-x86_64-debian-gcc 0.8-10 2.38 21.80 24.18 NOTE
r-devel-linux-x86_64-fedora-clang 0.8-10 45.86 NOTE
r-devel-linux-x86_64-fedora-gcc 0.8-10 42.83 NOTE
r-devel-osx-x86_64-clang 0.8-10 42.51 NOTE
r-devel-windows-ix86+x86_64 0.8-10 18.00 37.00 55.00 NOTE
r-patched-linux-x86_64 0.8-10 2.15 22.18 24.33 NOTE
r-patched-solaris-sparc 0.8-10 266.70 NOTE
r-patched-solaris-x86 0.8-10 59.90 NOTE
r-release-linux-x86_64 0.8-10 2.11 21.93 24.04 NOTE
r-release-osx-x86_64-mavericks 0.8-10 NOTE
r-release-windows-ix86+x86_64 0.8-10 14.00 42.00 56.00 NOTE
r-oldrel-windows-ix86+x86_64 0.8-10 18.00 47.00 65.00 OK

Check Details

Version: 0.8-10
Check: DESCRIPTION meta-information
Result: NOTE
    Malformed Title field: should not end in a period.
Flavors: r-devel-linux-x86_64-debian-clang, r-devel-linux-x86_64-debian-gcc, r-devel-linux-x86_64-fedora-clang, r-devel-linux-x86_64-fedora-gcc, r-devel-osx-x86_64-clang, r-devel-windows-ix86+x86_64, r-patched-linux-x86_64, r-patched-solaris-sparc, r-patched-solaris-x86, r-release-linux-x86_64, r-release-osx-x86_64-mavericks, r-release-windows-ix86+x86_64

Version: 0.8-10
Check: R code for possible problems
Result: NOTE
    APL.KF.individualloop: no visible global function definition for
     ‘optim’
    PSM.estimate: no visible global function definition for ‘optim’
    PSM.plot : smoothplot: no visible global function definition for ‘plot’
    PSM.plot : smoothplot: no visible global function definition for
     ‘na.omit’
    PSM.plot : smoothplot: no visible global function definition for
     ‘points’
    PSM.plot : smoothplot: no visible global function definition for ‘rug’
    PSM.plot : smoothplot: no visible global function definition for
     ‘mtext’
    PSM.plot : smoothplot: no visible global function definition for
     ‘title’
    PSM.plot : dataXplot: no visible global function definition for ‘plot’
    PSM.plot : dataXplot: no visible global function definition for ‘mtext’
    PSM.plot : dataXplot: no visible global function definition for ‘title’
    PSM.plot : dataplot: no visible global function definition for ‘plot’
    PSM.plot : dataplot: no visible global function definition for ‘mtext’
    PSM.plot : dataplot: no visible global function definition for ‘title’
    PSM.plot : resplot: no visible global function definition for ‘plot’
    PSM.plot : resplot: no visible global function definition for ‘abline’
    PSM.plot : resplot: no visible global function definition for ‘mtext’
    PSM.plot : resplot: no visible global function definition for ‘title’
    PSM.plot : acfplot: no visible global function definition for ‘acf’
    PSM.plot : acfplot: no visible global function definition for ‘title’
    PSM.plot : etaplot: no visible global function definition for
     ‘plot.new’
    PSM.plot : etaplot: no visible global function definition for
     ‘plot.window’
    PSM.plot : etaplot: no visible global function definition for ‘mtext’
    PSM.plot: no visible global function definition for ‘par’
    PSM.simulate: no visible global function definition for ‘rnorm’
Flavors: r-devel-linux-x86_64-debian-clang, r-devel-linux-x86_64-debian-gcc, r-devel-windows-ix86+x86_64