CRAN Package Check Results for Package PSM

Last updated on 2014-12-23 01:49:09.

Flavor Version Tinstall Tcheck Ttotal Status Flags
r-devel-linux-x86_64-debian-clang 0.8-10 2.44 24.99 27.43 OK
r-devel-linux-x86_64-debian-gcc 0.8-10 2.25 24.20 26.44 OK
r-devel-linux-x86_64-fedora-clang 0.8-10 52.62 OK
r-devel-linux-x86_64-fedora-gcc 0.8-10 52.32 OK
r-devel-osx-x86_64-clang 0.8-10 50.38 OK
r-devel-windows-ix86+x86_64 0.8-10 12.00 45.00 57.00 OK
r-patched-linux-x86_64 0.8-10 2.51 25.05 27.56 OK
r-patched-solaris-sparc 0.8-10 308.70 OK
r-patched-solaris-x86 0.8-10 66.30 OK
r-release-linux-ix86 0.8-10 3.74 29.34 33.08 OK
r-release-linux-x86_64 0.8-10 2.27 24.80 27.07 OK
r-release-osx-x86_64-mavericks 0.8-10 OK
r-release-osx-x86_64-snowleopard 0.8-10 WARN
r-release-windows-ix86+x86_64 0.8-10 13.00 45.00 58.00 OK
r-oldrel-windows-ix86+x86_64 0.8-10 13.00 46.00 59.00 OK

Check Details

Version: 0.8-10
Check: examples
Result: WARN
    checking a package with encoding 'latin1' in an ASCII locale
    
     OK
Flavor: r-release-osx-x86_64-snowleopard