CRAN Package Check Results for Package PSM

Last updated on 2015-07-29 12:47:35.

Flavor Version Tinstall Tcheck Ttotal Status Flags
r-devel-linux-x86_64-debian-clang 0.8-10 2.50 23.21 25.71 NOTE
r-devel-linux-x86_64-debian-gcc 0.8-10 2.35 22.93 25.28 NOTE
r-devel-linux-x86_64-fedora-clang 0.8-10 48.51 NOTE
r-devel-linux-x86_64-fedora-gcc 0.8-10 46.14 NOTE
r-devel-osx-x86_64-clang 0.8-10 45.00 NOTE
r-devel-windows-ix86+x86_64 0.8-10 11.00 44.00 55.00 NOTE
r-patched-linux-x86_64 0.8-10 2.73 22.92 25.64 NOTE
r-patched-solaris-sparc 0.8-10 293.60 NOTE
r-patched-solaris-x86 0.8-10 63.30 NOTE
r-release-linux-x86_64 0.8-10 2.45 22.84 25.28 NOTE
r-release-osx-x86_64-mavericks 0.8-10 NOTE
r-release-windows-ix86+x86_64 0.8-10 17.00 44.00 61.00 NOTE
r-oldrel-windows-ix86+x86_64 0.8-10 18.00 71.00 89.00 OK

Check Details

Version: 0.8-10
Check: DESCRIPTION meta-information
Result: NOTE
    Malformed Title field: should not end in a period.
Flavors: r-devel-linux-x86_64-debian-clang, r-devel-linux-x86_64-debian-gcc, r-devel-linux-x86_64-fedora-clang, r-devel-linux-x86_64-fedora-gcc, r-devel-osx-x86_64-clang, r-devel-windows-ix86+x86_64, r-patched-linux-x86_64, r-patched-solaris-sparc, r-patched-solaris-x86, r-release-linux-x86_64, r-release-osx-x86_64-mavericks, r-release-windows-ix86+x86_64

Version: 0.8-10
Check: R code for possible problems
Result: NOTE
    APL.KF.individualloop: no visible global function definition for
     ‘optim’
    PSM.estimate: no visible global function definition for ‘optim’
    PSM.plot : smoothplot: no visible global function definition for ‘plot’
    PSM.plot : smoothplot: no visible global function definition for
     ‘na.omit’
    PSM.plot : smoothplot: no visible global function definition for
     ‘points’
    PSM.plot : smoothplot: no visible global function definition for ‘rug’
    PSM.plot : smoothplot: no visible global function definition for
     ‘mtext’
    PSM.plot : smoothplot: no visible global function definition for
     ‘title’
    PSM.plot : dataXplot: no visible global function definition for ‘plot’
    PSM.plot : dataXplot: no visible global function definition for ‘mtext’
    PSM.plot : dataXplot: no visible global function definition for ‘title’
    PSM.plot : dataplot: no visible global function definition for ‘plot’
    PSM.plot : dataplot: no visible global function definition for ‘mtext’
    PSM.plot : dataplot: no visible global function definition for ‘title’
    PSM.plot : resplot: no visible global function definition for ‘plot’
    PSM.plot : resplot: no visible global function definition for ‘abline’
    PSM.plot : resplot: no visible global function definition for ‘mtext’
    PSM.plot : resplot: no visible global function definition for ‘title’
    PSM.plot : acfplot: no visible global function definition for ‘acf’
    PSM.plot : acfplot: no visible global function definition for ‘title’
    PSM.plot : etaplot: no visible global function definition for
     ‘plot.new’
    PSM.plot : etaplot: no visible global function definition for
     ‘plot.window’
    PSM.plot : etaplot: no visible global function definition for ‘mtext’
    PSM.plot: no visible global function definition for ‘par’
    PSM.simulate: no visible global function definition for ‘rnorm’
    Undefined global functions or variables:
     abline acf mtext na.omit optim par plot plot.new plot.window points
     rnorm rug title
    Consider adding
     importFrom("graphics", "abline", "mtext", "par", "plot", "plot.new",
     "plot.window", "points", "rug", "title")
     importFrom("stats", "acf", "na.omit", "optim", "rnorm")
    to your NAMESPACE.
Flavors: r-devel-linux-x86_64-debian-clang, r-devel-linux-x86_64-debian-gcc, r-devel-linux-x86_64-fedora-clang, r-devel-linux-x86_64-fedora-gcc, r-devel-windows-ix86+x86_64