CRAN Package Check Results for Package PSM

Last updated on 2015-01-31 05:48:52.

Flavor Version Tinstall Tcheck Ttotal Status Flags
r-devel-linux-x86_64-debian-clang 0.8-10 2.27 22.14 24.41 OK
r-devel-linux-x86_64-debian-gcc 0.8-10 2.36 21.85 24.21 OK
r-devel-linux-x86_64-fedora-clang 0.8-10 49.57 OK
r-devel-linux-x86_64-fedora-gcc 0.8-10 45.84 OK
r-devel-osx-x86_64-clang 0.8-10 55.58 OK
r-devel-windows-ix86+x86_64 0.8-10 16.00 37.00 53.00 OK
r-patched-linux-x86_64 0.8-10 2.31 25.20 27.51 OK
r-patched-solaris-sparc 0.8-10 307.80 OK
r-patched-solaris-x86 0.8-10 67.00 OK
r-release-linux-ix86 0.8-10 3.70 29.26 32.97 OK
r-release-linux-x86_64 0.8-10 2.26 24.58 26.84 OK
r-release-osx-x86_64-mavericks 0.8-10 OK
r-release-osx-x86_64-snowleopard 0.8-10 WARN
r-release-windows-ix86+x86_64 0.8-10 13.00 43.00 56.00 OK
r-oldrel-windows-ix86+x86_64 0.8-10 12.00 49.00 61.00 OK

Check Details

Version: 0.8-10
Check: examples
Result: WARN
    checking a package with encoding 'latin1' in an ASCII locale
    
     OK
Flavor: r-release-osx-x86_64-snowleopard