CRAN Package Check Results for Package PSM

Last updated on 2017-02-25 17:47:42.

Flavor Version Tinstall Tcheck Ttotal Status Flags
r-devel-linux-x86_64-debian-clang 0.8-10 2.74 24.76 27.50 WARN
r-devel-linux-x86_64-debian-gcc 0.8-10 2.95 24.66 27.61 WARN
r-devel-linux-x86_64-fedora-clang 0.8-10 47.90 WARN --no-stop-on-test-error
r-devel-linux-x86_64-fedora-gcc 0.8-10 45.40 WARN --no-stop-on-test-error
r-devel-macos-x86_64-clang 0.8-10 38.92 WARN --no-stop-on-test-error
r-devel-windows-ix86+x86_64 0.8-10 20.00 71.00 91.00 WARN
r-patched-linux-x86_64 0.8-10 2.39 22.72 25.11 NOTE
r-patched-solaris-sparc 0.8-10 236.40 NOTE
r-patched-solaris-x86 0.8-10 52.30 NOTE
r-release-linux-x86_64 0.8-10 2.57 22.73 25.30 NOTE
r-release-osx-x86_64-mavericks 0.8-10 NOTE
r-release-windows-ix86+x86_64 0.8-10 19.00 67.00 86.00 NOTE
r-oldrel-windows-ix86+x86_64 0.8-10 19.00 51.00 70.00 NOTE

Check Details

Version: 0.8-10
Check: whether package can be installed
Result: WARN
    Found the following significant warnings:
     Warning: GNU Extension: Different type kinds at (1)
Flavors: r-devel-linux-x86_64-debian-clang, r-devel-linux-x86_64-debian-gcc, r-devel-windows-ix86+x86_64

Version: 0.8-10
Check: DESCRIPTION meta-information
Result: NOTE
    Malformed Title field: should not end in a period.
Flavors: r-devel-linux-x86_64-debian-clang, r-devel-linux-x86_64-debian-gcc, r-devel-windows-ix86+x86_64, r-patched-linux-x86_64, r-patched-solaris-sparc, r-patched-solaris-x86, r-release-linux-x86_64, r-release-osx-x86_64-mavericks, r-release-windows-ix86+x86_64, r-oldrel-windows-ix86+x86_64

Version: 0.8-10
Check: R code for possible problems
Result: NOTE
    APL.KF.individualloop: no visible global function definition for
     ‘optim’
    PSM.estimate: no visible global function definition for ‘optim’
    PSM.plot : smoothplot: no visible global function definition for ‘plot’
    PSM.plot : smoothplot: no visible global function definition for
     ‘na.omit’
    PSM.plot : smoothplot: no visible global function definition for
     ‘points’
    PSM.plot : smoothplot: no visible global function definition for ‘rug’
    PSM.plot : smoothplot: no visible global function definition for
     ‘mtext’
    PSM.plot : smoothplot: no visible global function definition for
     ‘title’
    PSM.plot : dataXplot: no visible global function definition for ‘plot’
    PSM.plot : dataXplot: no visible global function definition for ‘mtext’
    PSM.plot : dataXplot: no visible global function definition for ‘title’
    PSM.plot : dataplot: no visible global function definition for ‘plot’
    PSM.plot : dataplot: no visible global function definition for ‘mtext’
    PSM.plot : dataplot: no visible global function definition for ‘title’
    PSM.plot : resplot: no visible global function definition for ‘plot’
    PSM.plot : resplot: no visible global function definition for ‘abline’
    PSM.plot : resplot: no visible global function definition for ‘mtext’
    PSM.plot : resplot: no visible global function definition for ‘title’
    PSM.plot : acfplot: no visible global function definition for ‘acf’
    PSM.plot : acfplot: no visible global function definition for ‘title’
    PSM.plot : etaplot: no visible global function definition for
     ‘plot.new’
    PSM.plot : etaplot: no visible global function definition for
     ‘plot.window’
    PSM.plot : etaplot: no visible global function definition for ‘mtext’
    PSM.plot: no visible global function definition for ‘par’
    PSM.simulate: no visible global function definition for ‘rnorm’
    Undefined global functions or variables:
     abline acf mtext na.omit optim par plot plot.new plot.window points
     rnorm rug title
    Consider adding
     importFrom("graphics", "abline", "mtext", "par", "plot", "plot.new",
     "plot.window", "points", "rug", "title")
     importFrom("stats", "acf", "na.omit", "optim", "rnorm")
    to your NAMESPACE file.
Flavors: r-devel-linux-x86_64-debian-clang, r-devel-linux-x86_64-debian-gcc, r-devel-windows-ix86+x86_64, r-patched-linux-x86_64, r-patched-solaris-sparc, r-patched-solaris-x86, r-release-linux-x86_64, r-release-osx-x86_64-mavericks, r-release-windows-ix86+x86_64

Version: 0.8-10
Check: compiled code
Result: NOTE
    File ‘PSM/libs/PSM.so’:
     Found no calls to: ‘R_registerRoutines’, ‘R_useDynamicSymbols’
    
    It is good practice to register native routines and to disable symbol
    search.
    
    See ‘Writing portable packages’ in the ‘Writing R Extensions’ manual.
Flavors: r-devel-linux-x86_64-debian-clang, r-devel-linux-x86_64-debian-gcc

Version: 0.8-10
Flags: --no-stop-on-test-error
Check: whether package can be installed
Result: WARN
    Found the following significant warnings:
     Warning: GNU Extension: Different type kinds at (1)
Flavors: r-devel-linux-x86_64-fedora-clang, r-devel-linux-x86_64-fedora-gcc, r-devel-macos-x86_64-clang

Version: 0.8-10
Flags: --no-stop-on-test-error
Check: DESCRIPTION meta-information
Result: NOTE
    Malformed Title field: should not end in a period.
Flavors: r-devel-linux-x86_64-fedora-clang, r-devel-linux-x86_64-fedora-gcc, r-devel-macos-x86_64-clang

Version: 0.8-10
Flags: --no-stop-on-test-error
Check: R code for possible problems
Result: NOTE
    APL.KF.individualloop: no visible global function definition for
     ‘optim’
    PSM.estimate: no visible global function definition for ‘optim’
    PSM.plot : smoothplot: no visible global function definition for ‘plot’
    PSM.plot : smoothplot: no visible global function definition for
     ‘na.omit’
    PSM.plot : smoothplot: no visible global function definition for
     ‘points’
    PSM.plot : smoothplot: no visible global function definition for ‘rug’
    PSM.plot : smoothplot: no visible global function definition for
     ‘mtext’
    PSM.plot : smoothplot: no visible global function definition for
     ‘title’
    PSM.plot : dataXplot: no visible global function definition for ‘plot’
    PSM.plot : dataXplot: no visible global function definition for ‘mtext’
    PSM.plot : dataXplot: no visible global function definition for ‘title’
    PSM.plot : dataplot: no visible global function definition for ‘plot’
    PSM.plot : dataplot: no visible global function definition for ‘mtext’
    PSM.plot : dataplot: no visible global function definition for ‘title’
    PSM.plot : resplot: no visible global function definition for ‘plot’
    PSM.plot : resplot: no visible global function definition for ‘abline’
    PSM.plot : resplot: no visible global function definition for ‘mtext’
    PSM.plot : resplot: no visible global function definition for ‘title’
    PSM.plot : acfplot: no visible global function definition for ‘acf’
    PSM.plot : acfplot: no visible global function definition for ‘title’
    PSM.plot : etaplot: no visible global function definition for
     ‘plot.new’
    PSM.plot : etaplot: no visible global function definition for
     ‘plot.window’
    PSM.plot : etaplot: no visible global function definition for ‘mtext’
    PSM.plot: no visible global function definition for ‘par’
    PSM.simulate: no visible global function definition for ‘rnorm’
    Undefined global functions or variables:
     abline acf mtext na.omit optim par plot plot.new plot.window points
     rnorm rug title
    Consider adding
     importFrom("graphics", "abline", "mtext", "par", "plot", "plot.new",
     "plot.window", "points", "rug", "title")
     importFrom("stats", "acf", "na.omit", "optim", "rnorm")
    to your NAMESPACE file.
Flavors: r-devel-linux-x86_64-fedora-clang, r-devel-linux-x86_64-fedora-gcc, r-devel-macos-x86_64-clang

Version: 0.8-10
Flags: --no-stop-on-test-error
Check: compiled code
Result: NOTE
    File ‘PSM/libs/PSM.so’:
     Found no calls to: ‘R_registerRoutines’, ‘R_useDynamicSymbols’
    
    It is good practice to register native routines and to disable symbol
    search.
    
    See ‘Writing portable packages’ in the ‘Writing R Extensions’ manual.
Flavors: r-devel-linux-x86_64-fedora-clang, r-devel-linux-x86_64-fedora-gcc, r-devel-macos-x86_64-clang