CRAN Package Check Results for Package PSM

Last updated on 2015-05-29 23:48:11.

Flavor Version Tinstall Tcheck Ttotal Status Flags
r-devel-linux-x86_64-debian-clang 0.8-10 2.24 22.57 24.80 NOTE
r-devel-linux-x86_64-debian-gcc 0.8-10 2.14 21.85 24.00 NOTE
r-devel-linux-x86_64-fedora-clang 0.8-10 47.76 NOTE
r-devel-linux-x86_64-fedora-gcc 0.8-10 43.59 NOTE
r-devel-osx-x86_64-clang 0.8-10 47.25 NOTE
r-devel-windows-ix86+x86_64 0.8-10 11.00 41.00 52.00 NOTE
r-patched-linux-x86_64 0.8-10 2.24 22.03 24.28 NOTE
r-patched-solaris-sparc 0.8-10 266.70 NOTE
r-patched-solaris-x86 0.8-10 59.00 NOTE
r-release-linux-x86_64 0.8-10 2.25 22.16 24.40 NOTE
r-release-osx-x86_64-mavericks 0.8-10 NOTE
r-release-osx-x86_64-snowleopard 0.8-10 NOTE
r-release-windows-ix86+x86_64 0.8-10 11.00 42.00 53.00 NOTE
r-oldrel-windows-ix86+x86_64 0.8-10 14.00 49.00 63.00 OK

Check Details

Version: 0.8-10
Check: DESCRIPTION meta-information
Result: NOTE
    Malformed Title field: should not end in a period.
Flavors: r-devel-linux-x86_64-debian-clang, r-devel-linux-x86_64-debian-gcc, r-devel-linux-x86_64-fedora-clang, r-devel-linux-x86_64-fedora-gcc, r-devel-osx-x86_64-clang, r-devel-windows-ix86+x86_64, r-patched-linux-x86_64, r-patched-solaris-sparc, r-patched-solaris-x86, r-release-linux-x86_64, r-release-osx-x86_64-mavericks, r-release-osx-x86_64-snowleopard, r-release-windows-ix86+x86_64