CRAN Package Check Results for Package PSM

Last updated on 2014-08-02 07:50:25.

Flavor Version Tinstall Tcheck Ttotal Status Flags
r-devel-linux-x86_64-debian-clang 0.8-10 2.28 21.60 23.88 OK
r-devel-linux-x86_64-debian-gcc 0.8-10 2.27 21.94 24.21 OK
r-devel-linux-x86_64-fedora-clang 0.8-10 53.26 OK
r-devel-linux-x86_64-fedora-gcc 0.8-10 50.07 OK
r-devel-osx-x86_64-clang 0.8-10 47.29 OK
r-devel-windows-ix86+x86_64 0.8-10 11.00 41.00 52.00 OK
r-patched-linux-x86_64 0.8-10 2.24 21.29 23.53 OK
r-patched-solaris-sparc 0.8-10 275.00 OK
r-patched-solaris-x86 0.8-10 72.30 OK
r-release-linux-ix86 0.8-10 3.88 30.44 34.32 OK
r-release-linux-x86_64 0.8-10 2.43 21.88 24.32 OK
r-release-osx-x86_64-mavericks 0.8-10 OK
r-release-osx-x86_64-snowleopard 0.8-10 WARN
r-release-windows-ix86+x86_64 0.8-10 12.00 42.00 54.00 OK
r-oldrel-windows-ix86+x86_64 0.8-10 21.00 59.00 80.00 OK

Check Details

Version: 0.8-10
Check: examples
Result: WARNING
    checking a package with encoding 'latin1' in an ASCII locale
    
     OK
Flavor: r-release-osx-x86_64-snowleopard