CRAN Package Check Results for Package PSM

Last updated on 2014-04-23 12:48:25.

Flavor Version Tinstall Tcheck Ttotal Status Flags
r-devel-linux-x86_64-debian-clang 0.8-10 2.56 22.42 24.98 OK
r-devel-linux-x86_64-debian-gcc 0.8-10 2.71 22.42 25.13 OK
r-devel-linux-x86_64-fedora-clang 0.8-10 52.73 OK
r-devel-linux-x86_64-fedora-gcc 0.8-10 50.85 OK
r-devel-osx-x86_64-clang 0.8-10 48.99 OK
r-devel-osx-x86_64-gcc 0.8-10 OK
r-devel-windows-ix86+x86_64 0.8-10 11.00 43.00 54.00 OK
r-patched-linux-x86_64 0.8-10 2.57 22.07 24.64 OK
r-patched-solaris-sparc 0.8-10 264.90 OK
r-patched-solaris-x86 0.8-10 69.40 OK
r-release-linux-ix86 0.8-10 5.00 42.00 47.00 OK
r-release-linux-x86_64 0.8-10 2.58 22.13 24.71 OK
r-release-osx-x86_64-mavericks 0.8-10 WARN
r-release-osx-x86_64-snowleopard 0.8-10 WARN
r-release-windows-ix86+x86_64 0.8-10 13.00 42.00 55.00 OK
r-oldrel-windows-ix86+x86_64 0.8-10 13.00 44.00 57.00 OK

Check Details

Version: 0.8-10
Check: PDF version of manual
Result: WARNING
    LaTeX errors when creating PDF version.
    This typically indicates Rd problems.
    LaTeX errors found:
    ! LaTeX Error: File `upquote.sty' not found.
    
    Type X to quit or <RETURN> to proceed,
    or enter new name. (Default extension: sty)
    
    d07751/Rd2.tex:8: ==> Fatal error occurred, no output PDF file produced!
Flavor: r-release-osx-x86_64-mavericks

Version: 0.8-10
Check: examples
Result: WARNING
    checking a package with encoding 'latin1' in an ASCII locale
    
     OK
Flavor: r-release-osx-x86_64-snowleopard