CRAN Package Check Results for Package PSM

Last updated on 2014-11-22 20:47:01.

Flavor Version Tinstall Tcheck Ttotal Status Flags
r-devel-linux-x86_64-debian-clang 0.8-10 2.38 24.77 27.15 OK
r-devel-linux-x86_64-debian-gcc 0.8-10 2.24 24.20 26.44 OK
r-devel-linux-x86_64-fedora-clang 0.8-10 53.54 OK
r-devel-linux-x86_64-fedora-gcc 0.8-10 49.43 OK
r-devel-osx-x86_64-clang 0.8-10 50.96 OK
r-devel-windows-ix86+x86_64 0.8-10 11.00 62.00 73.00 OK
r-patched-linux-x86_64 0.8-10 2.29 24.40 26.69 OK
r-patched-solaris-sparc 0.8-10 275.00 OK
r-patched-solaris-x86 0.8-10 66.60 OK
r-release-linux-ix86 0.8-10 3.72 29.57 33.29 OK
r-release-linux-x86_64 0.8-10 2.32 24.55 26.87 OK
r-release-osx-x86_64-mavericks 0.8-10 OK
r-release-osx-x86_64-snowleopard 0.8-10 WARN
r-release-windows-ix86+x86_64 0.8-10 16.00 45.00 61.00 OK
r-oldrel-windows-ix86+x86_64 0.8-10 11.00 47.00 58.00 OK

Check Details

Version: 0.8-10
Check: examples
Result: WARN
    checking a package with encoding 'latin1' in an ASCII locale
    
     OK
Flavor: r-release-osx-x86_64-snowleopard