CRAN Package Check Results for Package PSM

Last updated on 2014-10-26 07:50:08.

Flavor Version Tinstall Tcheck Ttotal Status Flags
r-devel-linux-x86_64-debian-clang 0.8-10 2.84 24.60 27.44 OK
r-devel-linux-x86_64-debian-gcc 0.8-10 2.44 23.70 26.14 OK
r-devel-linux-x86_64-fedora-clang 0.8-10 52.69 OK
r-devel-linux-x86_64-fedora-gcc 0.8-10 51.81 OK
r-devel-osx-x86_64-clang 0.8-10 49.69 OK
r-devel-windows-ix86+x86_64 0.8-10 12.00 38.00 50.00 OK
r-patched-linux-x86_64 0.8-10 2.60 24.35 26.95 OK
r-patched-solaris-sparc 0.8-10 275.00 OK
r-patched-solaris-x86 0.8-10 65.00 OK
r-release-linux-ix86 0.8-10 3.92 31.07 34.99 OK
r-release-linux-x86_64 0.8-10 2.33 25.43 27.76 OK
r-release-osx-x86_64-mavericks 0.8-10 OK
r-release-osx-x86_64-snowleopard 0.8-10 WARN
r-release-windows-ix86+x86_64 0.8-10 11.00 44.00 55.00 OK
r-oldrel-windows-ix86+x86_64 0.8-10 12.00 44.00 56.00 OK

Check Details

Version: 0.8-10
Check: examples
Result: WARN
    checking a package with encoding 'latin1' in an ASCII locale
    
     OK
Flavor: r-release-osx-x86_64-snowleopard