CRAN Package Check Results for Package PSM

Last updated on 2014-07-23 23:48:29.

Flavor Version Tinstall Tcheck Ttotal Status Flags
r-devel-linux-x86_64-debian-clang 0.8-10 2.26 21.54 23.80 OK
r-devel-linux-x86_64-debian-gcc 0.8-10 2.56 21.26 23.81 OK
r-devel-linux-x86_64-fedora-clang 0.8-10 54.52 OK
r-devel-linux-x86_64-fedora-gcc 0.8-10 52.33 OK
r-devel-osx-x86_64-clang 0.8-10 47.02 OK
r-devel-windows-ix86+x86_64 0.8-10 10.00 43.00 53.00 OK
r-patched-linux-x86_64 0.8-10 2.23 21.77 24.00 OK
r-patched-solaris-sparc 0.8-10 264.90 OK
r-patched-solaris-x86 0.8-10 71.60 OK
r-release-linux-ix86 0.8-10 3.94 30.82 34.76 OK
r-release-linux-x86_64 0.8-10 2.28 21.72 23.99 OK
r-release-osx-x86_64-mavericks 0.8-10 OK
r-release-osx-x86_64-snowleopard 0.8-10 WARN
r-release-windows-ix86+x86_64 0.8-10 13.00 43.00 56.00 OK
r-oldrel-windows-ix86+x86_64 0.8-10 12.00 44.00 56.00 OK

Check Details

Version: 0.8-10
Check: examples
Result: WARNING
    checking a package with encoding 'latin1' in an ASCII locale
    
     OK
Flavor: r-release-osx-x86_64-snowleopard