CRAN Package Check Results for Package PSM

Last updated on 2015-03-31 03:48:38.

Flavor Version Tinstall Tcheck Ttotal Status Flags
r-devel-linux-x86_64-debian-clang 0.8-10 2.45 22.07 24.52 NOTE
r-devel-linux-x86_64-debian-gcc 0.8-10 2.12 21.88 24.01 NOTE
r-devel-linux-x86_64-fedora-clang 0.8-10 45.95 NOTE
r-devel-linux-x86_64-fedora-gcc 0.8-10 44.34 NOTE
r-devel-osx-x86_64-clang 0.8-10 50.29 NOTE
r-prerel-windows-ix86+x86_64 0.8-10 12.00 41.00 53.00 NOTE
r-prerel-linux-x86_64 0.8-10 2.15 21.91 24.06 NOTE
r-prerel-solaris-sparc 0.8-10 266.20 NOTE
r-prerel-solaris-x86 0.8-10 58.70 NOTE
r-release-linux-x86_64 0.8-10 2.34 25.19 27.53 OK
r-release-osx-x86_64-mavericks 0.8-10 OK
r-release-osx-x86_64-snowleopard 0.8-10 WARN
r-release-windows-ix86+x86_64 0.8-10 13.00 47.00 60.00 OK
r-oldrel-windows-ix86+x86_64 0.8-10 14.00 47.00 61.00 OK

Check Details

Version: 0.8-10
Check: DESCRIPTION meta-information
Result: NOTE
    Malformed Title field: should not end in a period.
Flavors: r-devel-linux-x86_64-debian-clang, r-devel-linux-x86_64-debian-gcc, r-devel-linux-x86_64-fedora-clang, r-devel-linux-x86_64-fedora-gcc, r-devel-osx-x86_64-clang, r-prerel-windows-ix86+x86_64, r-prerel-linux-x86_64, r-prerel-solaris-sparc, r-prerel-solaris-x86

Version: 0.8-10
Check: examples
Result: WARN
    checking a package with encoding 'latin1' in an ASCII locale
    
     OK
Flavor: r-release-osx-x86_64-snowleopard