CRAN Package Check Results for Package PST

Last updated on 2014-12-19 07:47:46.

Flavor Version Tinstall Tcheck Ttotal Status Flags
r-devel-linux-x86_64-debian-clang 0.84.1 1.76 44.80 46.56 NOTE
r-devel-linux-x86_64-debian-gcc 0.84.1 1.70 45.15 46.84 NOTE
r-devel-linux-x86_64-fedora-clang 0.84.1 98.34 NOTE
r-devel-linux-x86_64-fedora-gcc 0.84.1 92.99 NOTE
r-devel-osx-x86_64-clang 0.84.1 91.32 NOTE
r-devel-windows-ix86+x86_64 0.84.1 7.00 66.00 73.00 NOTE
r-patched-linux-x86_64 0.84.1 1.81 45.89 47.70 NOTE
r-patched-solaris-sparc 0.84.1 601.10 NOTE
r-patched-solaris-x86 0.84.1 116.20 NOTE
r-release-linux-ix86 0.84.1 2.27 51.34 53.61 NOTE
r-release-linux-x86_64 0.84.1 1.93 46.58 48.51 NOTE
r-release-osx-x86_64-mavericks 0.84.1 NOTE
r-release-osx-x86_64-snowleopard 0.84.1 WARN
r-release-windows-ix86+x86_64 0.84.1 6.00 69.00 75.00 NOTE
r-oldrel-windows-ix86+x86_64 0.84.1 6.00 67.00 73.00 NOTE

Check Details

Version: 0.84.1
Check: dependencies in R code
Result: NOTE
    Unexported object imported by a ':::' call: ‘TraMineR:::seqgbar’
     See the note in ?`:::` about the use of this operator.
    See the information on DESCRIPTION files in the chapter ‘Creating R
    packages’ of the ‘Writing R Extensions’ manual.
Flavors: r-devel-linux-x86_64-debian-clang, r-devel-linux-x86_64-debian-gcc, r-devel-linux-x86_64-fedora-clang, r-devel-linux-x86_64-fedora-gcc, r-devel-osx-x86_64-clang, r-devel-windows-ix86+x86_64, r-patched-linux-x86_64, r-patched-solaris-sparc, r-patched-solaris-x86, r-release-linux-ix86, r-release-linux-x86_64, r-release-osx-x86_64-mavericks, r-release-osx-x86_64-snowleopard, r-release-windows-ix86+x86_64, r-oldrel-windows-ix86+x86_64

Version: 0.84.1
Check: examples
Result: WARN
    checking a package with encoding 'latin1' in an ASCII locale
    
     OK
Flavor: r-release-osx-x86_64-snowleopard