CRAN Package Check Results for Package PST

Last updated on 2014-09-21 05:47:35.

Flavor Version Tinstall Tcheck Ttotal Status Flags
r-devel-linux-x86_64-debian-clang 0.84.1 1.76 44.47 46.23 NOTE
r-devel-linux-x86_64-debian-gcc 0.84.1 1.78 44.34 46.12 NOTE
r-devel-linux-x86_64-fedora-clang 0.84.1 99.93 NOTE
r-devel-linux-x86_64-fedora-gcc 0.84.1 98.12 NOTE
r-devel-osx-x86_64-clang 0.84.1 88.05 NOTE
r-devel-windows-ix86+x86_64 0.84.1 5.00 71.00 76.00 NOTE
r-patched-linux-x86_64 0.84.1 2.53 45.80 48.32 NOTE
r-patched-solaris-sparc 0.84.1 601.10 NOTE
r-patched-solaris-x86 0.84.1 116.00 NOTE
r-release-linux-ix86 0.84.1 2.39 54.38 56.77 NOTE
r-release-linux-x86_64 0.84.1 1.98 47.78 49.76 NOTE
r-release-osx-x86_64-mavericks 0.84.1 NOTE
r-release-osx-x86_64-snowleopard 0.84.1 WARN
r-release-windows-ix86+x86_64 0.84.1 6.00 70.00 76.00 NOTE
r-oldrel-windows-ix86+x86_64 0.84.1 6.00 64.00 70.00 NOTE

Check Details

Version: 0.84.1
Check: dependencies in R code
Result: NOTE
    Unexported object imported by a ':::' call: ‘TraMineR:::seqgbar’
     See the note in ?`:::` about the use of this operator.
    See the information on DESCRIPTION files in the chapter ‘Creating R
    packages’ of the ‘Writing R Extensions’ manual.
Flavors: r-devel-linux-x86_64-debian-clang, r-devel-linux-x86_64-debian-gcc, r-devel-linux-x86_64-fedora-clang, r-devel-linux-x86_64-fedora-gcc, r-devel-osx-x86_64-clang, r-devel-windows-ix86+x86_64, r-patched-linux-x86_64, r-patched-solaris-sparc, r-patched-solaris-x86, r-release-linux-ix86, r-release-linux-x86_64, r-release-osx-x86_64-mavericks, r-release-osx-x86_64-snowleopard, r-release-windows-ix86+x86_64, r-oldrel-windows-ix86+x86_64

Version: 0.84.1
Check: examples
Result: WARN
    checking a package with encoding 'latin1' in an ASCII locale
    
     OK
Flavor: r-release-osx-x86_64-snowleopard