CRAN Package Check Results for Package PST

Last updated on 2016-05-03 21:47:36.

Flavor Version Tinstall Tcheck Ttotal Status Flags
r-devel-linux-x86_64-debian-gcc 0.86 4.31 84.74 89.06 WARN
r-devel-linux-x86_64-fedora-clang 0.86 133.89 WARN
r-devel-linux-x86_64-fedora-gcc 0.86 125.53 WARN
r-devel-osx-x86_64-clang 0.86 149.78 WARN
r-devel-windows-ix86+x86_64 0.86 12.00 116.00 128.00 WARN
r-patched-linux-x86_64 0.86 6.05 83.04 89.08 WARN
r-patched-solaris-sparc 0.86 794.90 WARN
r-patched-solaris-x86 0.86 164.20 WARN
r-release-linux-x86_64 0.86 4.55 88.46 93.00 WARN
r-release-osx-x86_64-mavericks 0.86 NOTE
r-release-windows-ix86+x86_64 0.86 13.00 149.00 162.00 WARN
r-oldrel-windows-ix86+x86_64 0.86 9.00 4.00 13.00 ERROR

Check Details

Version: 0.86
Check: dependencies in R code
Result: NOTE
    Unexported object imported by a ':::' call: ‘TraMineR:::seqgbar’
     See the note in ?`:::` about the use of this operator.
Flavors: r-devel-linux-x86_64-debian-gcc, r-devel-linux-x86_64-fedora-clang, r-devel-linux-x86_64-fedora-gcc, r-devel-osx-x86_64-clang, r-devel-windows-ix86+x86_64, r-patched-linux-x86_64, r-patched-solaris-sparc, r-patched-solaris-x86, r-release-linux-x86_64, r-release-osx-x86_64-mavericks, r-release-windows-ix86+x86_64

Version: 0.86
Check: R code for possible problems
Result: NOTE
    PST.legend: no visible global function definition for ‘par’
    PST.legend: no visible global function definition for ‘legend’
    def: no visible global function definition for ‘barplot’
    def: no visible global function definition for ‘abline’
    def: no visible global function definition for ‘lines’
    def: no visible global function definition for ‘axis’
    def: no visible global function definition for ‘mtext’
    plotEdge: no visible global function definition for ‘par’
    plotEdge: no visible global function definition for ‘segments’
    plotNode: no visible global function definition for ‘par’
    plotNode: no visible global function definition for ‘segments’
    plotNode: no visible global function definition for ‘symbols’
    plotNode: no visible global function definition for ‘text’
    plotNodeProb: no visible global function definition for ‘par’
    plotNodeProb: no visible global function definition for ‘rect’
    plotNodeProb: no visible global function definition for ‘segments’
    plotNodeProb: no visible global function definition for ‘text’
    plotProb: no visible global function definition for ‘rect’
    cplot,PSTf: no visible global function definition for ‘axis’
    cprob,stslist: no visible global function definition for ‘xtabs’
    gain,PSTf: no visible binding for global variable ‘seqglist’
    plot,PSTr-ANY: no visible global function definition for ‘par’
    plot,PSTr-ANY: no visible global function definition for ‘layout’
    ppplot,PSTf: no visible global function definition for ‘segments’
    ppplot,PSTf: no visible global function definition for ‘symbols’
    ppplot,PSTf: no visible global function definition for ‘mtext’
    ppplot,PSTf: no visible global function definition for ‘text’
    ppplot,PSTf: no visible global function definition for ‘axis’
    pqplot,PSTf-stslist: no visible global function definition for
     ‘barplot’
    pqplot,PSTf-stslist: no visible global function definition for ‘abline’
    pqplot,PSTf-stslist: no visible global function definition for ‘lines’
    pqplot,PSTf-stslist: no visible global function definition for ‘axis’
    pqplot,PSTf-stslist: no visible global function definition for ‘mtext’
    Undefined global functions or variables:
     abline axis barplot layout legend lines mtext par rect segments
     seqglist symbols text xtabs
    Consider adding
     importFrom("graphics", "abline", "axis", "barplot", "layout", "legend",
     "lines", "mtext", "par", "rect", "segments", "symbols",
     "text")
     importFrom("stats", "xtabs")
    to your NAMESPACE file.
Flavors: r-devel-linux-x86_64-debian-gcc, r-devel-linux-x86_64-fedora-clang, r-devel-linux-x86_64-fedora-gcc, r-devel-osx-x86_64-clang, r-devel-windows-ix86+x86_64, r-patched-linux-x86_64, r-patched-solaris-sparc, r-patched-solaris-x86

Version: 0.86
Check: for missing documentation entries
Result: WARN
    Undocumented S4 methods:
     generic '[' and siglist 'cprobd.list,ANY,ANY,ANY'
    All user-level objects in a package (including S4 classes and methods)
    should have documentation entries.
    See chapter ‘Writing R documentation files’ in the ‘Writing R
    Extensions’ manual.
Flavors: r-devel-linux-x86_64-debian-gcc, r-devel-linux-x86_64-fedora-clang, r-devel-linux-x86_64-fedora-gcc, r-devel-osx-x86_64-clang, r-devel-windows-ix86+x86_64, r-patched-linux-x86_64, r-patched-solaris-sparc, r-patched-solaris-x86, r-release-linux-x86_64, r-release-windows-ix86+x86_64

Version: 0.86
Check: R code for possible problems
Result: NOTE
    gain,PSTf : .local: no visible binding for global variable ‘seqglist’
Flavors: r-release-linux-x86_64, r-release-windows-ix86+x86_64

Version: 0.86
Check: whether package can be installed
Result: ERROR
    Installation failed.
Flavor: r-oldrel-windows-ix86+x86_64