CRAN Package Check Results for Package PST

Last updated on 2015-04-21 11:53:06.

Flavor Version Tinstall Tcheck Ttotal Status Flags
r-devel-linux-x86_64-debian-clang 0.86 1.98 39.74 41.72 NOTE
r-devel-linux-x86_64-debian-gcc 0.86 1.42 38.96 40.38 NOTE
r-devel-linux-x86_64-fedora-clang 0.86 83.47 NOTE
r-devel-linux-x86_64-fedora-gcc 0.86 78.19 NOTE
r-devel-osx-x86_64-clang 0.86 79.63 NOTE
r-devel-windows-ix86+x86_64 0.86 6.00 58.00 64.00 NOTE
r-patched-linux-x86_64 0.86 1.42 37.90 39.32 NOTE
r-patched-solaris-sparc 0.86 521.70 NOTE
r-patched-solaris-x86 0.86 99.00 NOTE
r-release-linux-x86_64 0.86 2.06 38.94 41.01 NOTE
r-release-osx-x86_64-mavericks 0.86 NOTE
r-release-osx-x86_64-snowleopard 0.86 NOTE
r-release-windows-ix86+x86_64 0.86 4.00 52.00 56.00 NOTE
r-oldrel-windows-ix86+x86_64 0.86 6.00 84.00 90.00 NOTE

Check Details

Version: 0.86
Check: dependencies in R code
Result: NOTE
    Unexported object imported by a ':::' call: ‘TraMineR:::seqgbar’
     See the note in ?`:::` about the use of this operator.
Flavors: r-devel-linux-x86_64-debian-clang, r-devel-linux-x86_64-debian-gcc, r-devel-linux-x86_64-fedora-clang, r-devel-linux-x86_64-fedora-gcc, r-devel-osx-x86_64-clang, r-devel-windows-ix86+x86_64, r-patched-linux-x86_64, r-patched-solaris-sparc, r-patched-solaris-x86, r-release-linux-x86_64, r-release-osx-x86_64-mavericks, r-release-osx-x86_64-snowleopard, r-release-windows-ix86+x86_64, r-oldrel-windows-ix86+x86_64