CRAN Package Check Results for Package PST

Last updated on 2015-05-25 19:47:18.

Flavor Version Tinstall Tcheck Ttotal Status Flags
r-devel-linux-x86_64-debian-clang 0.86 2.14 38.58 40.72 NOTE
r-devel-linux-x86_64-debian-gcc 0.86 1.78 37.70 39.48 NOTE
r-devel-linux-x86_64-fedora-clang 0.86 81.26 NOTE
r-devel-linux-x86_64-fedora-gcc 0.86 77.96 NOTE
r-devel-osx-x86_64-clang 0.86 73.60 NOTE
r-devel-windows-ix86+x86_64 0.86 5.00 59.00 64.00 NOTE
r-patched-linux-x86_64 0.86 1.89 39.68 41.56 NOTE
r-patched-solaris-sparc 0.86 517.20 NOTE
r-patched-solaris-x86 0.86 98.80 NOTE
r-release-linux-x86_64 0.86 1.41 37.97 39.38 NOTE
r-release-osx-x86_64-mavericks 0.86 NOTE
r-release-osx-x86_64-snowleopard 0.86 NOTE
r-release-windows-ix86+x86_64 0.86 4.00 60.00 64.00 NOTE
r-oldrel-windows-ix86+x86_64 0.86 6.00 97.00 103.00 NOTE

Check Details

Version: 0.86
Check: dependencies in R code
Result: NOTE
    Unexported object imported by a ':::' call: ‘TraMineR:::seqgbar’
     See the note in ?`:::` about the use of this operator.
Flavors: r-devel-linux-x86_64-debian-clang, r-devel-linux-x86_64-debian-gcc, r-devel-linux-x86_64-fedora-clang, r-devel-linux-x86_64-fedora-gcc, r-devel-osx-x86_64-clang, r-devel-windows-ix86+x86_64, r-patched-linux-x86_64, r-patched-solaris-sparc, r-patched-solaris-x86, r-release-linux-x86_64, r-release-osx-x86_64-mavericks, r-release-osx-x86_64-snowleopard, r-release-windows-ix86+x86_64, r-oldrel-windows-ix86+x86_64