CRAN Package Check Results for Package PST

Last updated on 2014-08-02 03:50:59.

Flavor Version Tinstall Tcheck Ttotal Status Flags
r-devel-linux-x86_64-debian-clang 0.84.1 1.97 49.01 50.98 NOTE
r-devel-linux-x86_64-debian-gcc 0.84.1 1.83 46.59 48.42 NOTE
r-devel-linux-x86_64-fedora-clang 0.84.1 104.04 NOTE
r-devel-linux-x86_64-fedora-gcc 0.84.1 96.65 NOTE
r-devel-osx-x86_64-clang 0.84.1 86.70 NOTE
r-devel-windows-ix86+x86_64 0.84.1 5.00 68.00 73.00 NOTE
r-patched-linux-x86_64 0.84.1 1.84 45.48 47.33 NOTE
r-patched-solaris-sparc 0.84.1 601.10 NOTE
r-patched-solaris-x86 0.84.1 116.70 NOTE
r-release-linux-ix86 0.84.1 2.41 54.66 57.08 NOTE
r-release-linux-x86_64 0.84.1 1.88 46.65 48.53 NOTE
r-release-osx-x86_64-mavericks 0.84.1 NOTE
r-release-osx-x86_64-snowleopard 0.84.1 WARN
r-release-windows-ix86+x86_64 0.84.1 9.00 98.00 107.00 NOTE
r-oldrel-windows-ix86+x86_64 0.84.1 10.00 93.00 103.00 NOTE

Check Details

Version: 0.84.1
Check: dependencies in R code
Result: NOTE
    Unexported object imported by a ':::' call: TraMineR:::seqgbar
     See the note in ?`:::` about the use of this operator.
    See the information on DESCRIPTION files in the chapter Creating R
    packages of the Writing R Extensions manual.
Flavors: r-devel-linux-x86_64-debian-clang, r-devel-linux-x86_64-debian-gcc, r-devel-linux-x86_64-fedora-clang, r-devel-linux-x86_64-fedora-gcc, r-devel-osx-x86_64-clang, r-devel-windows-ix86+x86_64, r-patched-linux-x86_64, r-patched-solaris-sparc, r-patched-solaris-x86, r-release-linux-ix86, r-release-linux-x86_64, r-release-osx-x86_64-mavericks, r-release-osx-x86_64-snowleopard, r-release-windows-ix86+x86_64, r-oldrel-windows-ix86+x86_64

Version: 0.84.1
Check: examples
Result: WARNING
    checking a package with encoding 'latin1' in an ASCII locale
    
     OK
Flavor: r-release-osx-x86_64-snowleopard