CRAN Package Check Results for Package PST

Last updated on 2015-07-31 11:49:22.

Flavor Version Tinstall Tcheck Ttotal Status Flags
r-devel-linux-x86_64-debian-clang 0.86 1.50 40.35 41.84 NOTE
r-devel-linux-x86_64-debian-gcc 0.86 2.05 43.32 45.37 NOTE
r-devel-linux-x86_64-fedora-clang 0.86 85.54 NOTE
r-devel-linux-x86_64-fedora-gcc 0.86 82.45 NOTE
r-devel-osx-x86_64-clang 0.86 73.19 NOTE
r-devel-windows-ix86+x86_64 0.86 9.00 90.00 99.00 NOTE
r-patched-linux-x86_64 0.86 1.45 42.28 43.73 NOTE
r-patched-solaris-sparc 0.86 538.80 NOTE
r-patched-solaris-x86 0.86 104.90 NOTE
r-release-linux-x86_64 0.86 1.48 41.38 42.86 NOTE
r-release-osx-x86_64-mavericks 0.86 NOTE
r-release-windows-ix86+x86_64 0.86 7.00 94.00 101.00 NOTE
r-oldrel-windows-ix86+x86_64 0.86 6.00 89.00 95.00 NOTE

Check Details

Version: 0.86
Check: dependencies in R code
Result: NOTE
    Unexported object imported by a ':::' call: ‘TraMineR:::seqgbar’
     See the note in ?`:::` about the use of this operator.
Flavors: r-devel-linux-x86_64-debian-clang, r-devel-linux-x86_64-debian-gcc, r-devel-linux-x86_64-fedora-clang, r-devel-linux-x86_64-fedora-gcc, r-devel-osx-x86_64-clang, r-devel-windows-ix86+x86_64, r-patched-linux-x86_64, r-patched-solaris-sparc, r-patched-solaris-x86, r-release-linux-x86_64, r-release-osx-x86_64-mavericks, r-release-windows-ix86+x86_64, r-oldrel-windows-ix86+x86_64

Version: 0.86
Check: R code for possible problems
Result: NOTE
    PST.legend: no visible global function definition for ‘par’
    PST.legend: no visible global function definition for ‘legend’
    def: no visible global function definition for ‘barplot’
    def: no visible global function definition for ‘abline’
    def: no visible global function definition for ‘lines’
    def: no visible global function definition for ‘axis’
    def: no visible global function definition for ‘mtext’
    plotEdge: no visible global function definition for ‘par’
    plotEdge: no visible global function definition for ‘segments’
    plotNode: no visible global function definition for ‘par’
    plotNode: no visible global function definition for ‘segments’
    plotNode: no visible global function definition for ‘symbols’
    plotNode: no visible global function definition for ‘text’
    plotNodeProb: no visible global function definition for ‘par’
    plotNodeProb: no visible global function definition for ‘rect’
    plotNodeProb: no visible global function definition for ‘segments’
    plotNodeProb: no visible global function definition for ‘text’
    plotProb: no visible global function definition for ‘rect’
    cplot,PSTf: no visible global function definition for ‘axis’
    cprob,stslist: no visible global function definition for ‘xtabs’
    gain,PSTf: no visible binding for global variable ‘seqglist’
    plot,PSTr-ANY: no visible global function definition for ‘par’
    plot,PSTr-ANY: no visible global function definition for ‘layout’
    ppplot,PSTf: no visible global function definition for ‘segments’
    ppplot,PSTf: no visible global function definition for ‘symbols’
    ppplot,PSTf: no visible global function definition for ‘mtext’
    ppplot,PSTf: no visible global function definition for ‘text’
    ppplot,PSTf: no visible global function definition for ‘axis’
    pqplot,PSTf-stslist: no visible global function definition for
     ‘barplot’
    pqplot,PSTf-stslist: no visible global function definition for ‘abline’
    pqplot,PSTf-stslist: no visible global function definition for ‘lines’
    pqplot,PSTf-stslist: no visible global function definition for ‘axis’
    pqplot,PSTf-stslist: no visible global function definition for ‘mtext’
    Undefined global functions or variables:
     abline axis barplot layout legend lines mtext par rect segments
     seqglist symbols text xtabs
    Consider adding
     importFrom("graphics", "abline", "axis", "barplot", "layout", "legend",
     "lines", "mtext", "par", "rect", "segments", "symbols",
     "text")
     importFrom("stats", "xtabs")
    to your NAMESPACE.
Flavors: r-devel-linux-x86_64-debian-clang, r-devel-linux-x86_64-debian-gcc, r-devel-linux-x86_64-fedora-clang, r-devel-linux-x86_64-fedora-gcc, r-devel-windows-ix86+x86_64

Version: 0.86
Check: R code for possible problems
Result: NOTE
    gain,PSTf: no visible binding for global variable ‘seqglist’
    Undefined global functions or variables:
     seqglist
Flavor: r-devel-osx-x86_64-clang

Version: 0.86
Check: R code for possible problems
Result: NOTE
    gain,PSTf : .local: no visible binding for global variable ‘seqglist’
Flavors: r-patched-linux-x86_64, r-patched-solaris-sparc, r-patched-solaris-x86, r-release-linux-x86_64, r-release-windows-ix86+x86_64, r-oldrel-windows-ix86+x86_64