CRAN Package Check Results for Package PST

Last updated on 2015-01-27 01:48:11.

Flavor Version Tinstall Tcheck Ttotal Status Flags
r-devel-linux-x86_64-debian-clang 0.84.1 1.68 44.15 45.83 NOTE
r-devel-linux-x86_64-debian-gcc 0.84.1 1.63 41.68 43.31 NOTE
r-devel-linux-x86_64-fedora-clang 0.84.1 96.77 NOTE
r-devel-linux-x86_64-fedora-gcc 0.84.1 92.32 NOTE
r-devel-osx-x86_64-clang 0.84.1 99.19 NOTE
r-devel-windows-ix86+x86_64 0.84.1 5.00 60.00 65.00 NOTE
r-patched-linux-x86_64 0.84.1 2.14 48.20 50.35 NOTE
r-patched-solaris-sparc 0.84.1 595.50 NOTE
r-patched-solaris-x86 0.84.1 116.20 NOTE
r-release-linux-ix86 0.84.1 2.33 51.71 54.04 NOTE
r-release-linux-x86_64 0.84.1 1.85 46.42 48.26 NOTE
r-release-osx-x86_64-mavericks 0.84.1 NOTE
r-release-osx-x86_64-snowleopard 0.84.1 WARN
r-release-windows-ix86+x86_64 0.84.1 9.00 71.00 80.00 NOTE
r-oldrel-windows-ix86+x86_64 0.84.1 12.00 71.00 83.00 NOTE

Check Details

Version: 0.84.1
Check: dependencies in R code
Result: NOTE
    Unexported object imported by a ':::' call: ‘TraMineR:::seqgbar’
     See the note in ?`:::` about the use of this operator.
Flavors: r-devel-linux-x86_64-debian-clang, r-devel-linux-x86_64-debian-gcc, r-devel-linux-x86_64-fedora-clang, r-devel-linux-x86_64-fedora-gcc, r-devel-osx-x86_64-clang, r-devel-windows-ix86+x86_64

Version: 0.84.1
Check: dependencies in R code
Result: NOTE
    Unexported object imported by a ':::' call: ‘TraMineR:::seqgbar’
     See the note in ?`:::` about the use of this operator.
    See the information on DESCRIPTION files in the chapter ‘Creating R
    packages’ of the ‘Writing R Extensions’ manual.
Flavors: r-patched-linux-x86_64, r-patched-solaris-sparc, r-patched-solaris-x86, r-release-linux-ix86, r-release-linux-x86_64, r-release-osx-x86_64-mavericks, r-release-osx-x86_64-snowleopard, r-release-windows-ix86+x86_64, r-oldrel-windows-ix86+x86_64

Version: 0.84.1
Check: examples
Result: WARN
    checking a package with encoding 'latin1' in an ASCII locale
    
     OK
Flavor: r-release-osx-x86_64-snowleopard