CRAN Package Check Results for Package PST

Last updated on 2014-10-31 06:47:26.

Flavor Version Tinstall Tcheck Ttotal Status Flags
r-devel-linux-x86_64-debian-clang 0.84.1 1.80 45.59 47.39 NOTE
r-devel-linux-x86_64-debian-gcc 0.84.1 1.74 44.51 46.26 NOTE
r-devel-linux-x86_64-fedora-clang 0.84.1 100.91 NOTE
r-devel-linux-x86_64-fedora-gcc 0.84.1 93.48 NOTE
r-devel-osx-x86_64-clang 0.84.1 89.61 NOTE
r-devel-windows-ix86+x86_64 0.84.1 5.00 64.00 69.00 NOTE
r-patched-linux-x86_64 0.84.1 1.82 46.92 48.74 NOTE
r-patched-solaris-sparc 0.84.1 601.10 NOTE
r-patched-solaris-x86 0.84.1 118.70 NOTE
r-release-linux-ix86 0.84.1 2.43 54.00 56.43 NOTE
r-release-linux-x86_64 0.84.1 1.87 46.42 48.30 NOTE
r-release-osx-x86_64-mavericks 0.84.1 NOTE
r-release-osx-x86_64-snowleopard 0.84.1 WARN
r-release-windows-ix86+x86_64 0.84.1 6.00 68.00 74.00 NOTE
r-oldrel-windows-ix86+x86_64 0.84.1 5.00 69.00 74.00 NOTE

Check Details

Version: 0.84.1
Check: dependencies in R code
Result: NOTE
    Unexported object imported by a ':::' call: ‘TraMineR:::seqgbar’
     See the note in ?`:::` about the use of this operator.
    See the information on DESCRIPTION files in the chapter ‘Creating R
    packages’ of the ‘Writing R Extensions’ manual.
Flavors: r-devel-linux-x86_64-debian-clang, r-devel-linux-x86_64-debian-gcc, r-devel-linux-x86_64-fedora-clang, r-devel-linux-x86_64-fedora-gcc, r-devel-osx-x86_64-clang, r-devel-windows-ix86+x86_64, r-patched-linux-x86_64, r-patched-solaris-sparc, r-patched-solaris-x86, r-release-linux-ix86, r-release-linux-x86_64, r-release-osx-x86_64-mavericks, r-release-osx-x86_64-snowleopard, r-release-windows-ix86+x86_64, r-oldrel-windows-ix86+x86_64

Version: 0.84.1
Check: examples
Result: WARN
    checking a package with encoding 'latin1' in an ASCII locale
    
     OK
Flavor: r-release-osx-x86_64-snowleopard