CRAN Package Check Results for Package PST

Last updated on 2014-04-24 23:48:09.

Flavor Version Tinstall Tcheck Ttotal Status Flags
r-devel-linux-x86_64-debian-clang 0.84.1 1.94 48.36 50.30 NOTE
r-devel-linux-x86_64-debian-gcc 0.84.1 1.90 47.85 49.75 NOTE
r-devel-linux-x86_64-fedora-clang 0.84.1 103.65 NOTE
r-devel-linux-x86_64-fedora-gcc 0.84.1 101.00 NOTE
r-devel-osx-x86_64-clang 0.84.1 88.51 NOTE
r-devel-osx-x86_64-gcc 0.84.1 NOTE
r-devel-windows-ix86+x86_64 0.84.1 5.00 66.00 71.00 NOTE
r-patched-linux-x86_64 0.84.1 1.94 48.91 50.85 NOTE
r-patched-solaris-sparc 0.84.1 576.50 NOTE
r-patched-solaris-x86 0.84.1 115.10 NOTE
r-release-linux-ix86 0.84.1 3.00 72.00 75.00 NOTE
r-release-linux-x86_64 0.84.1 1.96 48.22 50.18 NOTE
r-release-osx-x86_64-mavericks 0.84.1 WARN
r-release-osx-x86_64-snowleopard 0.84.1 WARN
r-release-windows-ix86+x86_64 0.84.1 6.00 69.00 75.00 NOTE
r-oldrel-windows-ix86+x86_64 0.84.1 7.00 67.00 74.00 NOTE

Check Details

Version: 0.84.1
Check: dependencies in R code
Result: NOTE
    Unexported object imported by a ':::' call: ‘TraMineR:::seqgbar’
     See the note in ?`:::` about the use of this operator.
    See the information on DESCRIPTION files in the chapter ‘Creating R
    packages’ of the ‘Writing R Extensions’ manual.
Flavors: r-devel-linux-x86_64-debian-clang, r-devel-linux-x86_64-debian-gcc, r-devel-linux-x86_64-fedora-clang, r-devel-linux-x86_64-fedora-gcc, r-devel-osx-x86_64-clang, r-devel-osx-x86_64-gcc, r-devel-windows-ix86+x86_64, r-patched-linux-x86_64, r-patched-solaris-sparc, r-patched-solaris-x86, r-release-linux-ix86, r-release-linux-x86_64, r-release-osx-x86_64-mavericks, r-release-osx-x86_64-snowleopard, r-release-windows-ix86+x86_64, r-oldrel-windows-ix86+x86_64

Version: 0.84.1
Check: PDF version of manual
Result: WARNING
    LaTeX errors when creating PDF version.
    This typically indicates Rd problems.
    LaTeX errors found:
    ! LaTeX Error: File `upquote.sty' not found.
    
    Type X to quit or <RETURN> to proceed,
    or enter new name. (Default extension: sty)
    
    7d47fc1/Rd2.tex:8: ==> Fatal error occurred, no output PDF file produced!
Flavor: r-release-osx-x86_64-mavericks

Version: 0.84.1
Check: examples
Result: WARNING
    checking a package with encoding 'latin1' in an ASCII locale
    
     OK
Flavor: r-release-osx-x86_64-snowleopard