CRAN Package Check Results for Package PST

Last updated on 2015-03-05 10:50:08.

Flavor Version Tinstall Tcheck Ttotal Status Flags
r-devel-linux-x86_64-debian-clang 0.86 1.54 39.30 40.85 NOTE
r-devel-linux-x86_64-debian-gcc 0.86 2.10 48.17 50.26 NOTE
r-devel-linux-x86_64-fedora-clang 0.86 82.88 NOTE
r-devel-linux-x86_64-fedora-gcc 0.86 79.32 NOTE
r-devel-osx-x86_64-clang 0.86 80.56 NOTE
r-devel-windows-ix86+x86_64 0.86 5.00 59.00 64.00 NOTE
r-patched-linux-x86_64 0.86 1.89 45.76 47.66 NOTE
r-patched-solaris-sparc 0.86 612.30 NOTE
r-patched-solaris-x86 0.86 117.80 NOTE
r-release-linux-ix86 0.86 2.34 57.19 59.53 NOTE
r-release-linux-x86_64 0.86 2.38 47.88 50.26 NOTE
r-release-osx-x86_64-mavericks 0.86 NOTE
r-release-osx-x86_64-snowleopard 0.86 NOTE
r-release-windows-ix86+x86_64 0.86 8.00 73.00 81.00 NOTE
r-oldrel-windows-ix86+x86_64 0.86 7.00 64.00 71.00 NOTE

Check Details

Version: 0.86
Check: dependencies in R code
Result: NOTE
    Unexported object imported by a ':::' call: ‘TraMineR:::seqgbar’
     See the note in ?`:::` about the use of this operator.
Flavors: r-devel-linux-x86_64-debian-clang, r-devel-linux-x86_64-debian-gcc, r-devel-linux-x86_64-fedora-clang, r-devel-linux-x86_64-fedora-gcc, r-devel-osx-x86_64-clang, r-devel-windows-ix86+x86_64, r-patched-linux-x86_64, r-patched-solaris-sparc, r-patched-solaris-x86

Version: 0.86
Check: dependencies in R code
Result: NOTE
    Unexported object imported by a ':::' call: ‘TraMineR:::seqgbar’
     See the note in ?`:::` about the use of this operator.
    See the information on DESCRIPTION files in the chapter ‘Creating R
    packages’ of the ‘Writing R Extensions’ manual.
Flavors: r-release-linux-ix86, r-release-linux-x86_64, r-release-osx-x86_64-mavericks, r-release-osx-x86_64-snowleopard, r-release-windows-ix86+x86_64, r-oldrel-windows-ix86+x86_64