CRAN Package Check Results for Package PTAk

Last updated on 2015-05-26 15:47:38.

Flavor Version Tinstall Tcheck Ttotal Status Flags
r-devel-linux-x86_64-debian-clang 1.2-9 1.07 23.59 24.66 NOTE
r-devel-linux-x86_64-debian-gcc 1.2-9 0.92 22.82 23.74 NOTE
r-devel-linux-x86_64-fedora-clang 1.2-9 45.14 NOTE
r-devel-linux-x86_64-fedora-gcc 1.2-9 42.09 NOTE
r-devel-osx-x86_64-clang 1.2-9 40.82 NOTE
r-devel-windows-ix86+x86_64 1.2-9 4.00 30.00 34.00 OK
r-patched-linux-x86_64 1.2-9 0.95 23.74 24.69 NOTE
r-patched-solaris-sparc 1.2-9 270.50 NOTE
r-patched-solaris-x86 1.2-9 55.40 NOTE
r-release-linux-x86_64 1.2-9 1.01 22.82 23.83 NOTE
r-release-osx-x86_64-mavericks 1.2-9 OK
r-release-osx-x86_64-snowleopard 1.2-9 OK
r-release-windows-ix86+x86_64 1.2-9 3.00 41.00 44.00 OK
r-oldrel-windows-ix86+x86_64 1.2-9 6.00 36.00 42.00 OK

Check Details

Version: 1.2-9
Check: S3 generic/method consistency
Result: NOTE
    Found the following apparent S3 methods exported but not registered:
     plot.PTAk summary.FCAk summary.PTAk
    See section ‘Registering S3 methods’ in the ‘Writing R Extensions’
    manual.
Flavors: r-devel-linux-x86_64-debian-clang, r-devel-linux-x86_64-debian-gcc, r-devel-linux-x86_64-fedora-clang, r-devel-linux-x86_64-fedora-gcc, r-devel-osx-x86_64-clang, r-patched-linux-x86_64, r-patched-solaris-sparc, r-patched-solaris-x86, r-release-linux-x86_64