CRAN Package Check Results for Package PTAk

Last updated on 2015-06-30 22:47:31.

Flavor Version Tinstall Tcheck Ttotal Status Flags
r-devel-linux-x86_64-debian-clang 1.2-9 0.94 22.44 23.38 NOTE
r-devel-linux-x86_64-debian-gcc 1.2-9 0.91 22.02 22.93 NOTE
r-devel-linux-x86_64-fedora-clang 1.2-9 43.61 NOTE
r-devel-linux-x86_64-fedora-gcc 1.2-9 40.73 NOTE
r-devel-osx-x86_64-clang 1.2-9 40.36 NOTE
r-devel-windows-ix86+x86_64 1.2-9 6.00 30.00 36.00 OK
r-patched-linux-x86_64 1.2-9 1.00 22.92 23.91 NOTE
r-patched-solaris-sparc 1.2-9 270.50 NOTE
r-patched-solaris-x86 1.2-9 55.40 NOTE
r-release-linux-x86_64 1.2-9 0.93 22.86 23.79 NOTE
r-release-osx-x86_64-mavericks 1.2-9 OK
r-release-windows-ix86+x86_64 1.2-9 3.00 41.00 44.00 OK
r-oldrel-windows-ix86+x86_64 1.2-9 6.00 36.00 42.00 OK

Check Details

Version: 1.2-9
Check: S3 generic/method consistency
Result: NOTE
    Found the following apparent S3 methods exported but not registered:
     plot.PTAk summary.FCAk summary.PTAk
    See section ‘Registering S3 methods’ in the ‘Writing R Extensions’
    manual.
Flavors: r-devel-linux-x86_64-debian-clang, r-devel-linux-x86_64-debian-gcc, r-devel-linux-x86_64-fedora-clang, r-devel-linux-x86_64-fedora-gcc, r-devel-osx-x86_64-clang, r-patched-linux-x86_64, r-patched-solaris-sparc, r-patched-solaris-x86, r-release-linux-x86_64

Version: 1.2-9
Check: R code for possible problems
Result: NOTE
    CANDPARA : pourRR2: no visible global function definition for ‘lm’
    Detren : <anonymous>: no visible global function definition for
     ‘smooth.spline’
    FCA2 : <anonymous>: no visible global function definition for ‘ksmooth’
    FCAk : <anonymous>: no visible global function definition for ‘ksmooth’
    FCAmet: no visible global function definition for ‘pchisq’
    IterMV : <anonymous>: no visible global function definition for
     ‘smooth.spline’
    IterMV : sdev: no visible global function definition for ‘sd’
    Multcent : sdev: no visible global function definition for ‘sd’
    PPMA : <anonymous>: no visible global function definition for ‘ksmooth’
    PTA3 : <anonymous>: no visible global function definition for ‘ksmooth’
    PTA3 : <anonymous>: no visible global function definition for
     ‘smooth.spline’
    RiskJackplot: no visible global function definition for ‘plot’
    RiskJackplot: no visible global function definition for ‘par’
    RiskJackplot: no visible global function definition for ‘legend’
    SVDgen : <anonymous>: no visible global function definition for
     ‘ksmooth’
    howtoPTAk: no visible global function definition for
     ‘packageDescription’
    plot.PTAk: no visible global function definition for ‘plot’
    plot.PTAk: no visible global function definition for ‘axis’
    plot.PTAk: no visible global function definition for ‘par’
    plot.PTAk: no visible global function definition for ‘text’
    plot.PTAk: no visible global function definition for ‘abline’
    svdsmooth : <anonymous>: no visible global function definition for
     ‘ksmooth’
Flavors: r-devel-linux-x86_64-debian-clang, r-devel-linux-x86_64-debian-gcc, r-devel-linux-x86_64-fedora-clang, r-devel-linux-x86_64-fedora-gcc