CRAN Package Check Results for Package PTAk

Last updated on 2015-04-01 23:49:21.

Flavor Version Tinstall Tcheck Ttotal Status Flags
r-devel-linux-x86_64-debian-clang 1.2-9 1.00 23.11 24.11 NOTE
r-devel-linux-x86_64-debian-gcc 1.2-9 0.94 23.44 24.39 NOTE
r-devel-linux-x86_64-fedora-clang 1.2-9 45.54 NOTE
r-devel-linux-x86_64-fedora-gcc 1.2-9 42.41 NOTE
r-devel-osx-x86_64-clang 1.2-9 47.39 NOTE
r-prerel-windows-ix86+x86_64 1.2-9 6.00 31.00 37.00 OK
r-prerel-linux-x86_64 1.2-9 0.94 23.12 24.06 NOTE
r-prerel-solaris-sparc 1.2-9 275.20 OK
r-prerel-solaris-x86 1.2-9 54.90 OK
r-release-linux-x86_64 1.2-9 1.05 24.01 25.06 OK
r-release-osx-x86_64-mavericks 1.2-9 OK
r-release-osx-x86_64-snowleopard 1.2-9 OK
r-release-windows-ix86+x86_64 1.2-9 6.00 36.00 42.00 OK
r-oldrel-windows-ix86+x86_64 1.2-9 3.00 39.00 42.00 OK

Check Details

Version: 1.2-9
Check: S3 generic/method consistency
Result: NOTE
    Found the following apparent S3 methods exported but not registered:
     plot.PTAk summary.FCAk summary.PTAk
    See section ‘Registering S3 methods’ in the ‘Writing R Extensions’
    manual.
Flavors: r-devel-linux-x86_64-debian-clang, r-devel-linux-x86_64-debian-gcc, r-devel-linux-x86_64-fedora-clang, r-devel-linux-x86_64-fedora-gcc, r-devel-osx-x86_64-clang, r-prerel-linux-x86_64