CRAN Package Check Results for Package PTAk

Last updated on 2015-03-06 12:46:47.

Flavor Version Tinstall Tcheck Ttotal Status Flags
r-devel-linux-x86_64-debian-clang 1.2-9 1.15 23.20 24.36 NOTE
r-devel-linux-x86_64-debian-gcc 1.2-9 0.95 23.55 24.50 NOTE
r-devel-linux-x86_64-fedora-clang 1.2-9 44.82 NOTE
r-devel-linux-x86_64-fedora-gcc 1.2-9 43.18 NOTE
r-devel-osx-x86_64-clang 1.2-9 45.26 NOTE
r-devel-windows-ix86+x86_64 1.2-9 5.00 32.00 37.00 OK
r-patched-linux-x86_64 1.2-9 1.06 25.55 26.61 OK
r-patched-solaris-sparc 1.2-9 312.70 OK
r-patched-solaris-x86 1.2-9 60.40 OK
r-release-linux-ix86 1.2-9 1.62 34.74 36.36 OK
r-release-linux-x86_64 1.2-9 1.03 24.34 25.37 OK
r-release-osx-x86_64-mavericks 1.2-9 OK
r-release-osx-x86_64-snowleopard 1.2-9 OK
r-release-windows-ix86+x86_64 1.2-9 3.00 34.00 37.00 OK
r-oldrel-windows-ix86+x86_64 1.2-9 3.00 39.00 42.00 OK

Check Details

Version: 1.2-9
Check: S3 generic/method consistency
Result: NOTE
    Found the following apparent S3 methods exported but not registered:
     plot.PTAk summary.FCAk summary.PTAk
    See section ‘Registering S3 methods’ in the ‘Writing R Extensions’
    manual.
Flavors: r-devel-linux-x86_64-debian-clang, r-devel-linux-x86_64-debian-gcc, r-devel-linux-x86_64-fedora-clang, r-devel-linux-x86_64-fedora-gcc, r-devel-osx-x86_64-clang