CRAN Package Check Results for Package PTE

Last updated on 2023-03-25 21:53:02 CET.

Flavor Version Tinstall Tcheck Ttotal Status Flags
r-devel-linux-x86_64-debian-clang 1.7 8.51 75.82 84.33 OK
r-devel-linux-x86_64-debian-gcc 1.7 6.71 58.02 64.73 OK
r-devel-linux-x86_64-fedora-gcc 1.7 109.83 NOTE
r-devel-windows-x86_64 1.7 16.00 98.00 114.00 OK
r-patched-linux-x86_64 1.7 5.98 69.17 75.15 OK
r-release-linux-x86_64 1.7 8.00 69.34 77.34 OK
r-release-macos-arm64 1.7 26.00 NOTE
r-release-macos-x86_64 1.7 43.00 NOTE
r-release-windows-x86_64 1.7 14.00 98.00 112.00 OK
r-oldrel-macos-arm64 1.7 33.00 NOTE
r-oldrel-macos-x86_64 1.7 52.00 NOTE
r-oldrel-windows-ix86+x86_64 1.7 17.00 93.00 110.00 OK

Check Details

Version: 1.7
Check: dependencies in R code
Result: NOTE
    Namespace in Imports field not imported from: ‘grDevices’
     All declared Imports should be used.
Flavors: r-devel-linux-x86_64-fedora-gcc, r-release-macos-arm64, r-release-macos-x86_64, r-oldrel-macos-arm64, r-oldrel-macos-x86_64