Last updated on 2021-01-18 21:49:26 CET.
Flavor | Version | Tinstall | Tcheck | Ttotal | Status | Flags |
---|---|---|---|---|---|---|
r-devel-linux-x86_64-debian-clang | 1.0.8 | 16.50 | 213.25 | 229.75 | OK | |
r-devel-linux-x86_64-debian-gcc | 1.0.8 | 13.90 | 154.90 | 168.80 | OK | |
r-devel-linux-x86_64-fedora-clang | 1.0.8 | 270.25 | NOTE | |||
r-devel-linux-x86_64-fedora-gcc | 1.0.8 | 262.54 | OK | |||
r-devel-windows-ix86+x86_64 | 1.0.8 | 24.00 | 187.00 | 211.00 | NOTE | |
r-patched-linux-x86_64 | 1.0.8 | 15.75 | 194.66 | 210.41 | OK | |
r-patched-solaris-x86 | 1.0.8 | 289.30 | NOTE | |||
r-release-linux-x86_64 | 1.0.8 | 15.35 | 195.24 | 210.59 | OK | |
r-release-macos-x86_64 | 1.0.8 | NOTE | ||||
r-release-windows-ix86+x86_64 | 1.0.8 | 29.00 | 202.00 | 231.00 | NOTE | |
r-oldrel-macos-x86_64 | 1.0.8 | NOTE | ||||
r-oldrel-windows-ix86+x86_64 | 1.0.8 | 21.00 | 185.00 | 206.00 | NOTE |
Version: 1.0.8
Check: installed package size
Result: NOTE
installed size is 7.8Mb
sub-directories of 1Mb or more:
doc 4.0Mb
examples 2.6Mb
Flavors: r-devel-linux-x86_64-fedora-clang, r-devel-windows-ix86+x86_64, r-patched-solaris-x86, r-release-macos-x86_64, r-release-windows-ix86+x86_64, r-oldrel-macos-x86_64, r-oldrel-windows-ix86+x86_64