CRAN Package Check Results for Package PVAClone

Last updated on 2014-04-24 15:50:44.

Flavor Version Tinstall Tcheck Ttotal Status Flags
r-devel-linux-x86_64-debian-clang 0.1-1 1.78 26.13 27.91 NOTE
r-devel-linux-x86_64-debian-gcc 0.1-1 1.86 26.32 28.17 NOTE
r-devel-linux-x86_64-fedora-clang 0.1-1 56.15 NOTE
r-devel-linux-x86_64-fedora-gcc 0.1-1 53.58 NOTE
r-devel-osx-x86_64-clang 0.1-1 55.02 NOTE
r-devel-osx-x86_64-gcc 0.1-1 NOTE
r-devel-windows-ix86+x86_64 0.1-1 5.00 40.00 45.00 NOTE
r-patched-linux-x86_64 0.1-1 1.73 25.82 27.56 NOTE
r-patched-solaris-sparc 0.1-1 341.80 NOTE
r-patched-solaris-x86 0.1-1 77.20 NOTE
r-release-linux-ix86 0.1-1 3.00 46.00 49.00 NOTE
r-release-linux-x86_64 0.1-1 1.83 26.52 28.35 NOTE
r-release-osx-x86_64-mavericks 0.1-1 ERROR
r-release-osx-x86_64-snowleopard 0.1-1 NOTE
r-release-windows-ix86+x86_64 0.1-1 5.00 41.00 46.00 NOTE
r-oldrel-windows-ix86+x86_64 0.1-1 6.00 39.00 45.00 NOTE

Check Details

Version: 0.1-1
Check: dependencies in R code
Result: NOTE
    Package in Depends field not imported from: ‘dclone’
     These packages need to be imported from (in the NAMESPACE file)
     for when this namespace is loaded but not attached.
    See the information on DESCRIPTION files in the chapter ‘Creating R
    packages’ of the ‘Writing R Extensions’ manual.
Flavors: r-devel-linux-x86_64-debian-clang, r-devel-linux-x86_64-debian-gcc, r-devel-linux-x86_64-fedora-clang, r-devel-linux-x86_64-fedora-gcc, r-devel-osx-x86_64-clang, r-devel-osx-x86_64-gcc, r-devel-windows-ix86+x86_64, r-patched-linux-x86_64, r-patched-solaris-sparc, r-patched-solaris-x86, r-release-linux-ix86, r-release-linux-x86_64, r-release-windows-ix86+x86_64, r-oldrel-windows-ix86+x86_64

Version: 0.1-1
Check: package dependencies
Result: ERROR
    Package required but not available: ‘dcmle’
    
    See the information on DESCRIPTION files in the chapter ‘Creating R
    packages’ of the ‘Writing R Extensions’ manual.
Flavor: r-release-osx-x86_64-mavericks

Version: 0.1-1
Check: dependencies in R code
Result: NOTE
    Package in Depends field not imported from: 'dclone'
     These packages need to be imported from for the case when
     this namespace is loaded but not attached.
    See the information on DESCRIPTION files in the chapter 'Creating R
    packages' of the 'Writing R Extensions' manual.
Flavor: r-release-osx-x86_64-snowleopard