CRAN Package Check Results for Package PVAClone

Last updated on 2017-02-24 11:48:30.

Flavor Version Tinstall Tcheck Ttotal Status Flags
r-devel-linux-x86_64-debian-clang 0.1-6 3.08 39.30 42.39 OK
r-devel-linux-x86_64-debian-gcc 0.1-6 2.90 39.51 42.41 OK
r-devel-linux-x86_64-fedora-clang 0.1-6 93.71 OK --no-stop-on-test-error
r-devel-linux-x86_64-fedora-gcc 0.1-6 91.44 OK --no-stop-on-test-error
r-devel-macos-x86_64-clang 0.1-6 73.13 OK --no-stop-on-test-error
r-devel-windows-ix86+x86_64 0.1-6 18.00 106.00 124.00 OK
r-patched-linux-x86_64 0.1-6 3.06 36.24 39.31 OK
r-patched-solaris-sparc 0.1-6 483.20 OK
r-patched-solaris-x86 0.1-6 114.30 OK
r-release-linux-x86_64 0.1-6 2.80 36.01 38.81 OK
r-release-osx-x86_64-mavericks 0.1-6 OK
r-release-windows-ix86+x86_64 0.1-6 16.00 84.00 100.00 OK
r-oldrel-windows-ix86+x86_64 0.1-6 4.00 2.00 6.00 ERROR

Check Details

Version: 0.1-6
Check: whether package can be installed
Result: ERROR
    Installation failed.
Flavor: r-oldrel-windows-ix86+x86_64