CRAN Package Check Results for Package PVAClone

Last updated on 2014-09-03 03:50:35.

Flavor Version Tinstall Tcheck Ttotal Status Flags
r-devel-linux-x86_64-debian-clang 0.1-2 1.71 24.13 25.84 NOTE
r-devel-linux-x86_64-debian-gcc 0.1-2 1.55 23.48 25.02 NOTE
r-devel-linux-x86_64-fedora-clang 0.1-2 54.27 NOTE
r-devel-linux-x86_64-fedora-gcc 0.1-2 52.06 NOTE
r-devel-osx-x86_64-clang 0.1-2 50.70 NOTE
r-devel-windows-ix86+x86_64 0.1-2 5.00 36.00 41.00 NOTE
r-patched-linux-x86_64 0.1-2 1.66 24.76 26.42 OK
r-patched-solaris-sparc 0.1-2 331.50 OK
r-patched-solaris-x86 0.1-2 76.40 OK
r-release-linux-ix86 0.1-2 2.18 32.95 35.13 OK
r-release-linux-x86_64 0.1-2 1.69 25.48 27.17 OK
r-release-osx-x86_64-mavericks 0.1-2 ERROR
r-release-osx-x86_64-snowleopard 0.1-2 OK
r-release-windows-ix86+x86_64 0.1-2 6.00 41.00 47.00 OK
r-oldrel-windows-ix86+x86_64 0.1-2 6.00 40.00 46.00 OK

Check Details

Version: 0.1-2
Check: package namespace information
Result: NOTE
     Namespace with empty importFrom: ‘dclone’
Flavors: r-devel-linux-x86_64-debian-clang, r-devel-linux-x86_64-debian-gcc, r-devel-linux-x86_64-fedora-clang, r-devel-linux-x86_64-fedora-gcc, r-devel-osx-x86_64-clang, r-devel-windows-ix86+x86_64

Version: 0.1-2
Check: R code for possible problems
Result: NOTE
    bevertonholt : backtransf: no visible global function definition for
     ‘nchain’
    bevertonholt : backtransf: no visible global function definition for
     ‘varnames<-’
    bevertonholt : transf: no visible global function definition for
     ‘nchain’
    bevertonholt : transf: no visible global function definition for
     ‘varnames<-’
    generateLatent: no visible global function definition for ‘jags.fit’
    gompertz : backtransf: no visible global function definition for
     ‘nchain’
    gompertz : backtransf: no visible global function definition for
     ‘varnames<-’
    gompertz : transf: no visible global function definition for ‘nchain’
    gompertz : transf: no visible global function definition for
     ‘varnames<-’
    pva: no visible global function definition for ‘makeDcFit’
    pva: no visible global function definition for ‘dcdim’
    pva: no visible global function definition for ‘dcmle’
    ricker : backtransf: no visible global function definition for ‘nchain’
    ricker : backtransf: no visible global function definition for
     ‘varnames<-’
    ricker : transf: no visible global function definition for ‘nchain’
    ricker : transf: no visible global function definition for ‘varnames<-’
    thetalogistic : backtransf: no visible global function definition for
     ‘nchain’
    thetalogistic : backtransf: no visible global function definition for
     ‘varnames<-’
    thetalogistic : transf: no visible global function definition for
     ‘nchain’
    thetalogistic : transf: no visible global function definition for
     ‘varnames<-’
    thetalogistic_D : backtransf: no visible global function definition for
     ‘nchain’
    thetalogistic_D : backtransf: no visible global function definition for
     ‘varnames<-’
    thetalogistic_D : transf: no visible global function definition for
     ‘nchain’
    thetalogistic_D : transf: no visible global function definition for
     ‘varnames<-’
Flavors: r-devel-linux-x86_64-debian-clang, r-devel-linux-x86_64-debian-gcc, r-devel-linux-x86_64-fedora-clang, r-devel-linux-x86_64-fedora-gcc, r-devel-osx-x86_64-clang, r-devel-windows-ix86+x86_64

Version: 0.1-2
Check: package dependencies
Result: ERROR
    Package required but not available: ‘dcmle’
    
    See the information on DESCRIPTION files in the chapter ‘Creating R
    packages’ of the ‘Writing R Extensions’ manual.
Flavor: r-release-osx-x86_64-mavericks