CRAN Package Check Results for Package PVAClone

Last updated on 2014-12-22 17:51:31.

Flavor Version Tinstall Tcheck Ttotal Status Flags
r-devel-linux-x86_64-debian-clang 0.1-2 1.58 25.47 27.04 NOTE
r-devel-linux-x86_64-debian-gcc 0.1-2 1.52 24.14 25.66 NOTE
r-devel-linux-x86_64-fedora-clang 0.1-2 56.69 NOTE
r-devel-linux-x86_64-fedora-gcc 0.1-2 55.03 NOTE
r-devel-osx-x86_64-clang 0.1-2 53.37 NOTE
r-devel-windows-ix86+x86_64 0.1-2 6.00 40.00 46.00 NOTE
r-patched-linux-x86_64 0.1-2 1.64 24.87 26.51 NOTE
r-patched-solaris-sparc 0.1-2 325.50 NOTE
r-patched-solaris-x86 0.1-2 81.70 NOTE
r-release-linux-ix86 0.1-2 2.02 31.74 33.75 NOTE
r-release-linux-x86_64 0.1-2 1.82 25.36 27.19 NOTE
r-release-osx-x86_64-mavericks 0.1-2 OK
r-release-osx-x86_64-snowleopard 0.1-2 OK
r-release-windows-ix86+x86_64 0.1-2 7.00 42.00 49.00 NOTE
r-oldrel-windows-ix86+x86_64 0.1-2 6.00 42.00 48.00 OK

Check Details

Version: 0.1-2
Check: package namespace information
Result: NOTE
     Namespace with empty importFrom: ‘dclone’
Flavors: r-devel-linux-x86_64-debian-clang, r-devel-linux-x86_64-debian-gcc, r-devel-linux-x86_64-fedora-clang, r-devel-linux-x86_64-fedora-gcc, r-devel-osx-x86_64-clang, r-devel-windows-ix86+x86_64, r-patched-linux-x86_64, r-patched-solaris-sparc, r-patched-solaris-x86, r-release-linux-ix86, r-release-linux-x86_64, r-release-windows-ix86+x86_64

Version: 0.1-2
Check: R code for possible problems
Result: NOTE
    bevertonholt : backtransf: no visible global function definition for
     ‘nchain’
    bevertonholt : backtransf: no visible global function definition for
     ‘varnames<-’
    bevertonholt : transf: no visible global function definition for
     ‘nchain’
    bevertonholt : transf: no visible global function definition for
     ‘varnames<-’
    generateLatent: no visible global function definition for ‘jags.fit’
    gompertz : backtransf: no visible global function definition for
     ‘nchain’
    gompertz : backtransf: no visible global function definition for
     ‘varnames<-’
    gompertz : transf: no visible global function definition for ‘nchain’
    gompertz : transf: no visible global function definition for
     ‘varnames<-’
    pva: no visible global function definition for ‘makeDcFit’
    pva: no visible global function definition for ‘dcdim’
    pva: no visible global function definition for ‘dcmle’
    ricker : backtransf: no visible global function definition for ‘nchain’
    ricker : backtransf: no visible global function definition for
     ‘varnames<-’
    ricker : transf: no visible global function definition for ‘nchain’
    ricker : transf: no visible global function definition for ‘varnames<-’
    thetalogistic : backtransf: no visible global function definition for
     ‘nchain’
    thetalogistic : backtransf: no visible global function definition for
     ‘varnames<-’
    thetalogistic : transf: no visible global function definition for
     ‘nchain’
    thetalogistic : transf: no visible global function definition for
     ‘varnames<-’
    thetalogistic_D : backtransf: no visible global function definition for
     ‘nchain’
    thetalogistic_D : backtransf: no visible global function definition for
     ‘varnames<-’
    thetalogistic_D : transf: no visible global function definition for
     ‘nchain’
    thetalogistic_D : transf: no visible global function definition for
     ‘varnames<-’
Flavors: r-devel-linux-x86_64-debian-clang, r-devel-linux-x86_64-debian-gcc, r-devel-linux-x86_64-fedora-clang, r-devel-linux-x86_64-fedora-gcc, r-devel-osx-x86_64-clang, r-devel-windows-ix86+x86_64, r-patched-linux-x86_64, r-patched-solaris-sparc, r-patched-solaris-x86, r-release-linux-ix86, r-release-linux-x86_64, r-release-windows-ix86+x86_64