CRAN Package Check Results for Package PVAClone

Last updated on 2014-07-23 17:49:03.

Flavor Version Tinstall Tcheck Ttotal Status Flags
r-devel-linux-x86_64-debian-clang 0.1-2 1.64 25.25 26.89 OK
r-devel-linux-x86_64-debian-gcc 0.1-2 1.64 24.24 25.88 OK
r-devel-linux-x86_64-fedora-clang 0.1-2 56.41 OK
r-devel-linux-x86_64-fedora-gcc 0.1-2 54.11 OK
r-devel-osx-x86_64-clang 0.1-2 55.47 OK
r-devel-windows-ix86+x86_64 0.1-2 6.00 38.00 44.00 OK
r-patched-linux-x86_64 0.1-2 1.84 24.82 26.66 OK
r-patched-solaris-sparc 0.1-2 286.20 OK
r-patched-solaris-x86 0.1-2 74.90 OK
r-release-linux-ix86 0.1-2 2.16 33.13 35.29 OK
r-release-linux-x86_64 0.1-2 1.71 25.52 27.23 OK
r-release-osx-x86_64-mavericks 0.1-2 ERROR
r-release-osx-x86_64-snowleopard 0.1-2 OK
r-release-windows-ix86+x86_64 0.1-2 5.00 43.00 48.00 OK
r-oldrel-windows-ix86+x86_64 0.1-2 6.00 40.00 46.00 OK

Check Details

Version: 0.1-2
Check: package dependencies
Result: ERROR
    Package required but not available: ‘dcmle’
    
    See the information on DESCRIPTION files in the chapter ‘Creating R
    packages’ of the ‘Writing R Extensions’ manual.
Flavor: r-release-osx-x86_64-mavericks