CRAN Package Check Results for Package PVAClone

Last updated on 2017-01-22 06:47:26.

Flavor Version Tinstall Tcheck Ttotal Status Flags
r-devel-linux-x86_64-debian-clang 0.1-6 2.76 38.74 41.51 OK
r-devel-linux-x86_64-debian-gcc 0.1-6 3.06 38.87 41.93 OK
r-devel-linux-x86_64-fedora-clang 0.1-6 92.51 OK --no-stop-on-test-error
r-devel-linux-x86_64-fedora-gcc 0.1-6 82.66 OK --no-stop-on-test-error
r-devel-macos-x86_64-clang 0.1-6 70.79 OK --no-stop-on-test-error
r-devel-windows-ix86+x86_64 0.1-6 11.00 142.00 153.00 OK
r-patched-linux-x86_64 0.1-6 3.06 35.77 38.84 OK
r-patched-solaris-sparc 0.1-6 483.20 OK
r-patched-solaris-x86 0.1-6 109.60 OK
r-release-linux-x86_64 0.1-6 2.70 34.80 37.50 OK
r-release-osx-x86_64-mavericks 0.1-6 OK
r-release-windows-ix86+x86_64 0.1-6 18.00 88.00 106.00 OK
r-oldrel-windows-ix86+x86_64 0.1-6 6.00 3.00 9.00 ERROR

Check Details

Version: 0.1-6
Check: whether package can be installed
Result: ERROR
    Installation failed.
Flavor: r-oldrel-windows-ix86+x86_64