CRAN Package Check Results for Package PVAClone

Last updated on 2015-04-19 08:56:13.

Flavor Version Tinstall Tcheck Ttotal Status Flags
r-devel-linux-x86_64-debian-clang 0.1-2 1.36 20.71 22.07 NOTE
r-devel-linux-x86_64-debian-gcc 0.1-2 1.31 20.68 21.99 NOTE
r-devel-linux-x86_64-fedora-clang 0.1-2 44.89 NOTE
r-devel-linux-x86_64-fedora-gcc 0.1-2 41.08 NOTE
r-devel-osx-x86_64-clang 0.1-2 45.91 NOTE
r-devel-windows-ix86+x86_64 0.1-2 7.00 45.00 52.00 NOTE
r-patched-linux-x86_64 0.1-2 1.32 20.96 22.27 NOTE
r-patched-solaris-sparc 0.1-2 283.20 NOTE
r-patched-solaris-x86 0.1-2 68.40 NOTE
r-release-linux-x86_64 0.1-2 1.30 20.96 22.26 NOTE
r-release-osx-x86_64-mavericks 0.1-2 NOTE
r-release-osx-x86_64-snowleopard 0.1-2 NOTE
r-release-windows-ix86+x86_64 0.1-2 4.00 30.00 34.00 NOTE
r-oldrel-windows-ix86+x86_64 0.1-2 7.00 54.00 61.00 OK

Check Details

Version: 0.1-2
Check: package namespace information
Result: NOTE
     Namespace with empty importFrom: ‘dclone’
Flavors: r-devel-linux-x86_64-debian-clang, r-devel-linux-x86_64-debian-gcc, r-devel-linux-x86_64-fedora-clang, r-devel-linux-x86_64-fedora-gcc, r-devel-osx-x86_64-clang, r-devel-windows-ix86+x86_64, r-patched-linux-x86_64, r-patched-solaris-sparc, r-patched-solaris-x86, r-release-linux-x86_64, r-release-osx-x86_64-mavericks, r-release-osx-x86_64-snowleopard, r-release-windows-ix86+x86_64

Version: 0.1-2
Check: S3 generic/method consistency
Result: NOTE
    Found the following apparent S3 methods exported but not registered:
     print.pvaModelSelect
    See section ‘Registering S3 methods’ in the ‘Writing R Extensions’
    manual.
Flavors: r-devel-linux-x86_64-debian-clang, r-devel-linux-x86_64-debian-gcc, r-devel-linux-x86_64-fedora-clang, r-devel-linux-x86_64-fedora-gcc, r-devel-osx-x86_64-clang, r-patched-linux-x86_64, r-release-linux-x86_64

Version: 0.1-2
Check: R code for possible problems
Result: NOTE
    bevertonholt : backtransf: no visible global function definition for
     ‘nchain’
    bevertonholt : backtransf: no visible global function definition for
     ‘varnames<-’
    bevertonholt : transf: no visible global function definition for
     ‘nchain’
    bevertonholt : transf: no visible global function definition for
     ‘varnames<-’
    generateLatent: no visible global function definition for ‘jags.fit’
    gompertz : backtransf: no visible global function definition for
     ‘nchain’
    gompertz : backtransf: no visible global function definition for
     ‘varnames<-’
    gompertz : transf: no visible global function definition for ‘nchain’
    gompertz : transf: no visible global function definition for
     ‘varnames<-’
    pva: no visible global function definition for ‘makeDcFit’
    pva: no visible global function definition for ‘dcdim’
    pva: no visible global function definition for ‘dcmle’
    ricker : backtransf: no visible global function definition for ‘nchain’
    ricker : backtransf: no visible global function definition for
     ‘varnames<-’
    ricker : transf: no visible global function definition for ‘nchain’
    ricker : transf: no visible global function definition for ‘varnames<-’
    thetalogistic : backtransf: no visible global function definition for
     ‘nchain’
    thetalogistic : backtransf: no visible global function definition for
     ‘varnames<-’
    thetalogistic : transf: no visible global function definition for
     ‘nchain’
    thetalogistic : transf: no visible global function definition for
     ‘varnames<-’
    thetalogistic_D : backtransf: no visible global function definition for
     ‘nchain’
    thetalogistic_D : backtransf: no visible global function definition for
     ‘varnames<-’
    thetalogistic_D : transf: no visible global function definition for
     ‘nchain’
    thetalogistic_D : transf: no visible global function definition for
     ‘varnames<-’
Flavors: r-devel-linux-x86_64-debian-clang, r-devel-linux-x86_64-debian-gcc, r-devel-linux-x86_64-fedora-clang, r-devel-linux-x86_64-fedora-gcc, r-devel-osx-x86_64-clang, r-devel-windows-ix86+x86_64, r-patched-linux-x86_64, r-patched-solaris-sparc, r-patched-solaris-x86, r-release-linux-x86_64, r-release-osx-x86_64-mavericks, r-release-osx-x86_64-snowleopard, r-release-windows-ix86+x86_64