CRAN Package Check Results for Package PVR

Last updated on 2015-07-05 03:47:38.

Flavor Version Tinstall Tcheck Ttotal Status Flags
r-devel-linux-x86_64-debian-clang 0.2.1 1.08 18.10 19.18 NOTE
r-devel-linux-x86_64-debian-gcc 0.2.1 1.06 17.94 19.00 NOTE
r-devel-linux-x86_64-fedora-clang 0.2.1 39.07 NOTE
r-devel-linux-x86_64-fedora-gcc 0.2.1 35.71 NOTE
r-devel-osx-x86_64-clang 0.2.1 37.64 NOTE
r-devel-windows-ix86+x86_64 0.2.1 4.00 31.00 35.00 NOTE
r-patched-linux-x86_64 0.2.1 1.13 18.31 19.44 NOTE
r-patched-solaris-sparc 0.2.1 239.70 NOTE
r-patched-solaris-x86 0.2.1 54.60 NOTE
r-release-linux-x86_64 0.2.1 1.25 18.45 19.70 NOTE
r-release-osx-x86_64-mavericks 0.2.1 NOTE
r-release-windows-ix86+x86_64 0.2.1 5.00 33.00 38.00 NOTE
r-oldrel-windows-ix86+x86_64 0.2.1 7.00 37.00 44.00 NOTE

Check Details

Version: 0.2.1
Check: R code for possible problems
Result: NOTE
    File ‘PVR/R/zzz.R’:
     .onLoad calls:
     packageStartupMessage("PVR ", ver, " loaded\n")
    
    See section ‘Good practice’ in '?.onAttach'.
    
    .Area: no visible global function definition for ‘na.exclude’
    .Intersect: no visible global function definition for ‘lm’
    PSR: no visible global function definition for ‘read.table’
    PSR: no visible global function definition for ‘lm’
    PSR: no visible global function definition for ‘ecdf’
    PSR: no visible global function definition for ‘var’
    PSRplot: no visible global function definition for ‘par’
    PSRplot: no visible global function definition for ‘segments’
    PSRplot: no visible binding for global variable ‘sd’
    PSRplot: no visible global function definition for ‘polygon’
    PSRplot: no visible global function definition for ‘points’
    PSRplot: no visible global function definition for ‘lines’
    PSRplot: no visible binding for global variable ‘var’
    PVR: no visible global function definition for ‘lm’
    PVR: no visible global function definition for ‘glm’
    PVR: no visible global function definition for ‘as.formula’
    PVR: no visible global function definition for ‘update.formula’
    PVR: no visible global function definition for ‘stepAIC’
    PVR: no visible global function definition for ‘terms’
    PVRdecomp: no visible global function definition for ‘read.table’
    VarPartplot: no visible global function definition for ‘segments’
    VarPartplot: no visible global function definition for ‘polygon’
    VarPartplot: no visible global function definition for ‘text’
    VarPartplot: no visible global function definition for ‘lines’
    plot,PSR-ANY: no visible global function definition for ‘segments’
    Undefined global functions or variables:
     as.formula ecdf glm lines lm na.exclude par points polygon read.table
     sd segments stepAIC terms text update.formula var
Flavors: r-devel-linux-x86_64-debian-clang, r-devel-linux-x86_64-debian-gcc, r-devel-linux-x86_64-fedora-clang, r-devel-linux-x86_64-fedora-gcc, r-devel-windows-ix86+x86_64

Version: 0.2.1
Check: Rd line widths
Result: NOTE
    Rd file 'PVR.Rd':
     \usage lines wider than 90 characters:
     PVR(x, phy = NULL, trait = NULL, envVar = NULL, method = "moran", weights = NULL, scaled = FALSE, significance = TRUE, alternative = "t ... [TRUNCATED]
    
    These lines will be truncated in the PDF manual.
Flavors: r-devel-linux-x86_64-debian-clang, r-devel-linux-x86_64-debian-gcc, r-devel-linux-x86_64-fedora-clang, r-devel-linux-x86_64-fedora-gcc, r-patched-linux-x86_64, r-release-linux-x86_64

Version: 0.2.1
Check: R code for possible problems
Result: NOTE
    File ‘PVR/R/zzz.R’:
     .onLoad calls:
     packageStartupMessage("PVR ", ver, " loaded\n")
    
    See section ‘Good practice’ in '?.onAttach'.
    
    PVR: no visible global function definition for ‘stepAIC’
    Undefined global functions or variables:
     stepAIC
Flavor: r-devel-osx-x86_64-clang

Version: 0.2.1
Check: R code for possible problems
Result: NOTE
    File ‘PVR/R/zzz.R’:
     .onLoad calls:
     packageStartupMessage("PVR ", ver, " loaded\n")
    
    See section ‘Good practice’ in '?.onAttach'.
    
    PVR: no visible global function definition for ‘stepAIC’
Flavors: r-patched-linux-x86_64, r-patched-solaris-sparc, r-patched-solaris-x86, r-release-linux-x86_64, r-release-osx-x86_64-mavericks, r-release-windows-ix86+x86_64, r-oldrel-windows-ix86+x86_64

Version: 0.2.1
Check: package dependencies
Result: NOTE
    Package suggested but not available for checking: ‘picante’
Flavor: r-release-osx-x86_64-mavericks