CRAN Package Check Results for Package PVR

Last updated on 2015-02-28 19:51:15.

Flavor Version Tinstall Tcheck Ttotal Status Flags
r-devel-linux-x86_64-debian-clang 0.2.1 1.40 18.87 20.27 NOTE
r-devel-linux-x86_64-debian-gcc 0.2.1 1.06 18.39 19.45 NOTE
r-devel-linux-x86_64-fedora-clang 0.2.1 42.77 NOTE
r-devel-linux-x86_64-fedora-gcc 0.2.1 38.48 NOTE
r-devel-osx-x86_64-clang 0.2.1 43.96 NOTE
r-devel-windows-ix86+x86_64 0.2.1 6.00 33.00 39.00 NOTE
r-patched-linux-x86_64 0.2.1 1.44 23.02 24.46 NOTE
r-patched-solaris-sparc 0.2.1 274.90 NOTE
r-patched-solaris-x86 0.2.1 66.00 NOTE
r-release-linux-ix86 0.2.1 1.64 28.84 30.48 NOTE
r-release-linux-x86_64 0.2.1 1.45 23.23 24.68 NOTE
r-release-osx-x86_64-mavericks 0.2.1 NOTE
r-release-osx-x86_64-snowleopard 0.2.1 NOTE
r-release-windows-ix86+x86_64 0.2.1 5.00 40.00 45.00 NOTE
r-oldrel-windows-ix86+x86_64 0.2.1 6.00 43.00 49.00 NOTE

Check Details

Version: 0.2.1
Check: R code for possible problems
Result: NOTE
    File ‘PVR/R/zzz.R’:
     .onLoad calls:
     packageStartupMessage("PVR ", ver, " loaded\n")
    
    See section ‘Good practice’ in '?.onAttach'.
    
    PVR: no visible global function definition for ‘stepAIC’
Flavors: r-devel-linux-x86_64-debian-clang, r-devel-linux-x86_64-debian-gcc, r-devel-linux-x86_64-fedora-clang, r-devel-linux-x86_64-fedora-gcc, r-devel-osx-x86_64-clang, r-devel-windows-ix86+x86_64, r-patched-linux-x86_64, r-patched-solaris-sparc, r-patched-solaris-x86, r-release-linux-ix86, r-release-linux-x86_64, r-release-osx-x86_64-mavericks, r-release-osx-x86_64-snowleopard, r-release-windows-ix86+x86_64, r-oldrel-windows-ix86+x86_64

Version: 0.2.1
Check: Rd line widths
Result: NOTE
    Rd file 'PVR.Rd':
     \usage lines wider than 90 characters:
     PVR(x, phy = NULL, trait = NULL, envVar = NULL, method = "moran", weights = NULL, scaled = FALSE, significance = TRUE, alternative = "t ... [TRUNCATED]
    
    These lines will be truncated in the PDF manual.
Flavors: r-devel-linux-x86_64-debian-clang, r-devel-linux-x86_64-debian-gcc, r-devel-linux-x86_64-fedora-clang, r-devel-linux-x86_64-fedora-gcc, r-patched-linux-x86_64, r-release-linux-ix86, r-release-linux-x86_64