CRAN Package Check Results for Package PVR

Last updated on 2014-09-16 17:46:54.

Flavor Version Tinstall Tcheck Ttotal Status Flags
r-devel-linux-x86_64-debian-clang 0.2.1 1.36 22.58 23.93 NOTE
r-devel-linux-x86_64-debian-gcc 0.2.1 1.27 21.00 22.27 NOTE
r-devel-linux-x86_64-fedora-clang 0.2.1 47.58 NOTE
r-devel-linux-x86_64-fedora-gcc 0.2.1 56.85 NOTE
r-devel-osx-x86_64-clang 0.2.1 46.96 NOTE
r-devel-windows-ix86+x86_64 0.2.1 4.00 34.00 38.00 NOTE
r-patched-linux-x86_64 0.2.1 1.36 22.39 23.74 NOTE
r-patched-solaris-sparc 0.2.1 286.40 NOTE
r-patched-solaris-x86 0.2.1 66.10 NOTE
r-release-linux-ix86 0.2.1 1.85 30.16 32.01 NOTE
r-release-linux-x86_64 0.2.1 1.41 23.80 25.21 NOTE
r-release-osx-x86_64-mavericks 0.2.1 NOTE
r-release-osx-x86_64-snowleopard 0.2.1 NOTE
r-release-windows-ix86+x86_64 0.2.1 5.00 38.00 43.00 NOTE
r-oldrel-windows-ix86+x86_64 0.2.1 5.00 37.00 42.00 NOTE

Check Details

Version: 0.2.1
Check: R code for possible problems
Result: NOTE
    File ‘PVR/R/zzz.R’:
     .onLoad calls:
     packageStartupMessage("PVR ", ver, " loaded\n")
    
    See section ‘Good practice’ in '?.onAttach'.
    
    PVR: no visible global function definition for ‘stepAIC’
Flavors: r-devel-linux-x86_64-debian-clang, r-devel-linux-x86_64-debian-gcc, r-devel-linux-x86_64-fedora-clang, r-devel-linux-x86_64-fedora-gcc, r-devel-osx-x86_64-clang, r-devel-windows-ix86+x86_64, r-patched-linux-x86_64, r-patched-solaris-sparc, r-patched-solaris-x86, r-release-linux-ix86, r-release-linux-x86_64, r-release-osx-x86_64-mavericks, r-release-osx-x86_64-snowleopard, r-release-windows-ix86+x86_64, r-oldrel-windows-ix86+x86_64

Version: 0.2.1
Check: Rd line widths
Result: NOTE
    Rd file 'PVR.Rd':
     \usage lines wider than 90 characters:
     PVR(x, phy = NULL, trait = NULL, envVar = NULL, method = "moran", weights = NULL, scaled = FALSE, significance = TRUE, alternative = "t ... [TRUNCATED]
    
    These lines will be truncated in the PDF manual.
Flavors: r-devel-linux-x86_64-debian-clang, r-devel-linux-x86_64-debian-gcc, r-devel-linux-x86_64-fedora-clang, r-devel-linux-x86_64-fedora-gcc, r-release-linux-x86_64