CRAN Package Check Results for Package PVR

Last updated on 2014-04-24 07:52:34.

Flavor Version Tinstall Tcheck Ttotal Status Flags
r-devel-linux-x86_64-debian-clang 0.2.1 1.50 23.71 25.21 NOTE
r-devel-linux-x86_64-debian-gcc 0.2.1 1.48 23.93 25.40 NOTE
r-devel-linux-x86_64-fedora-clang 0.2.1 51.15 NOTE
r-devel-linux-x86_64-fedora-gcc 0.2.1 49.33 NOTE
r-devel-osx-x86_64-clang 0.2.1 52.46 NOTE
r-devel-osx-x86_64-gcc 0.2.1 NOTE
r-devel-windows-ix86+x86_64 0.2.1 4.00 36.00 40.00 NOTE
r-patched-linux-x86_64 0.2.1 1.56 23.54 25.11 NOTE
r-patched-solaris-sparc 0.2.1 270.10 NOTE
r-patched-solaris-x86 0.2.1 66.90 NOTE
r-release-linux-ix86 0.2.1 3.00 42.00 45.00 NOTE
r-release-linux-x86_64 0.2.1 1.46 23.53 25.00 NOTE
r-release-osx-x86_64-mavericks 0.2.1 WARN
r-release-osx-x86_64-snowleopard 0.2.1 NOTE
r-release-windows-ix86+x86_64 0.2.1 4.00 37.00 41.00 NOTE
r-oldrel-windows-ix86+x86_64 0.2.1 5.00 37.00 42.00 NOTE

Check Details

Version: 0.2.1
Check: R code for possible problems
Result: NOTE
    File ‘PVR/R/zzz.R’:
     .onLoad calls:
     packageStartupMessage("PVR ", ver, " loaded\n")
    
    See section ‘Good practice’ in '?.onAttach'.
    
    PVR: no visible global function definition for ‘stepAIC’
Flavors: r-devel-linux-x86_64-debian-clang, r-devel-linux-x86_64-debian-gcc, r-devel-linux-x86_64-fedora-clang, r-devel-linux-x86_64-fedora-gcc, r-devel-osx-x86_64-clang, r-devel-osx-x86_64-gcc, r-devel-windows-ix86+x86_64, r-patched-linux-x86_64, r-patched-solaris-sparc, r-patched-solaris-x86, r-release-linux-ix86, r-release-linux-x86_64, r-release-osx-x86_64-mavericks, r-release-osx-x86_64-snowleopard, r-release-windows-ix86+x86_64, r-oldrel-windows-ix86+x86_64

Version: 0.2.1
Check: Rd line widths
Result: NOTE
    Rd file 'PVR.Rd':
     \usage lines wider than 90 characters:
     PVR(x, phy = NULL, trait = NULL, envVar = NULL, method = "moran", weights = NULL, scaled = FALSE, significance = TRUE, alternative = "t ... [TRUNCATED]
    
    These lines will be truncated in the PDF manual.
Flavors: r-devel-linux-x86_64-fedora-clang, r-devel-linux-x86_64-fedora-gcc

Version: 0.2.1
Check: package dependencies
Result: NOTE
    Package suggested but not available for checking: ‘picante’
Flavor: r-devel-osx-x86_64-gcc

Version: 0.2.1
Check: PDF version of manual
Result: WARNING
    LaTeX errors when creating PDF version.
    This typically indicates Rd problems.
    LaTeX errors found:
    ! LaTeX Error: File `upquote.sty' not found.
    
    Type X to quit or <RETURN> to proceed,
    or enter new name. (Default extension: sty)
    
    f373ec/Rd2.tex:8: ==> Fatal error occurred, no output PDF file produced!
Flavor: r-release-osx-x86_64-mavericks