CRAN Package Check Results for Package PWEALL

Last updated on 2024-06-12 19:54:32 CEST.

Flavor Version Tinstall Tcheck Ttotal Status Flags
r-devel-linux-x86_64-debian-clang 1.3.0.1 37.30 97.12 134.42 OK
r-devel-linux-x86_64-debian-gcc 1.3.0.1 19.21 72.49 91.70 OK
r-devel-linux-x86_64-fedora-clang 1.3.0.1 176.28 NOTE
r-devel-linux-x86_64-fedora-gcc 1.3.0.1 150.68 NOTE
r-devel-windows-x86_64 1.3.0.1 22.00 106.00 128.00 OK
r-patched-linux-x86_64 1.3.0.1 25.04 94.12 119.16 OK
r-release-linux-x86_64 1.3.0.1 23.87 94.77 118.64 OK
r-release-macos-arm64 1.3.0.1 48.00 OK
r-release-macos-x86_64 1.3.0.1 104.00 OK
r-release-windows-x86_64 1.3.0.1 23.00 110.00 133.00 OK
r-oldrel-macos-arm64 1.3.0.1 50.00 OK
r-oldrel-macos-x86_64 1.3.0.1 81.00 OK
r-oldrel-windows-x86_64 1.3.0.1 27.00 121.00 148.00 OK

Check Details

Version: 1.3.0.1
Check: installed package size
Result: NOTE installed size is 5.1Mb sub-directories of 1Mb or more: libs 4.8Mb Flavor: r-devel-linux-x86_64-fedora-clang

Version: 1.3.0.1
Check: compiled code
Result: NOTE File ‘PWEALL/libs/PWEALL.so’: Found no calls to: ‘R_registerRoutines’, ‘R_useDynamicSymbols’ It is good practice to register native routines and to disable symbol search. See ‘Writing portable packages’ in the ‘Writing R Extensions’ manual. Flavors: r-devel-linux-x86_64-fedora-clang, r-devel-linux-x86_64-fedora-gcc