CRAN Package Check Results for Package PairViz

Last updated on 2014-08-01 01:48:23.

Flavor Version Tinstall Tcheck Ttotal Status Flags
r-devel-linux-x86_64-debian-clang 1.2.1 1.70 26.39 28.09 NOTE
r-devel-linux-x86_64-debian-gcc 1.2.1 1.65 26.97 28.62 NOTE
r-devel-linux-x86_64-fedora-clang 1.2.1 60.32 NOTE
r-devel-linux-x86_64-fedora-gcc 1.2.1 57.62 NOTE
r-devel-osx-x86_64-clang 1.2.1 57.92 NOTE
r-devel-windows-ix86+x86_64 1.2.1 6.00 42.00 48.00 NOTE
r-patched-linux-x86_64 1.2.1 1.64 26.74 28.38 NOTE
r-patched-solaris-sparc 1.2.1 359.30 NOTE
r-patched-solaris-x86 1.2.1 77.20 NOTE
r-release-linux-ix86 1.2.1 2.15 34.10 36.25 NOTE
r-release-linux-x86_64 1.2.1 1.68 26.55 28.23 NOTE
r-release-osx-x86_64-mavericks 1.2.1 NOTE
r-release-osx-x86_64-snowleopard 1.2.1 NOTE
r-release-windows-ix86+x86_64 1.2.1 9.00 57.00 66.00 NOTE
r-oldrel-windows-ix86+x86_64 1.2.1 9.00 56.00 65.00 NOTE

Check Details

Version: 1.2.1
Check: dependencies in R code
Result: NOTE
    Package in Depends field not imported from: methods
     These packages need to be imported from (in the NAMESPACE file)
     for when this namespace is loaded but not attached.
    See the information on DESCRIPTION files in the chapter Creating R
    packages of the Writing R Extensions manual.
Flavors: r-devel-linux-x86_64-debian-clang, r-devel-linux-x86_64-debian-gcc, r-devel-linux-x86_64-fedora-clang, r-devel-linux-x86_64-fedora-gcc, r-devel-osx-x86_64-clang, r-devel-windows-ix86+x86_64, r-patched-linux-x86_64, r-patched-solaris-sparc, r-patched-solaris-x86, r-release-linux-ix86, r-release-linux-x86_64, r-release-osx-x86_64-mavericks, r-release-osx-x86_64-snowleopard, r-release-windows-ix86+x86_64, r-oldrel-windows-ix86+x86_64

Version: 1.2.1
Check: Rd line widths
Result: NOTE
    Rd file 'etour.Rd':
     \examples lines wider than 100 characters:
     eulerian(6) # The eulerian wrapper looks after making even graph, also returns numbers rather than nodes
    
    Rd file 'hpaths.Rd':
     \examples lines wider than 100 characters:
     # Form a decomposition into hamiltonian cycles- this decomposition is not exact, as the last row duplicates edges
     # If cycles are required for even n, the decomposition will not be exact and the last row duplicates edges
    
    Rd file 'mc_plot.Rd':
     \usage lines wider than 90 characters:
     mc_plot(data, fit, path = eulerian, col = rainbow(length(data), s = 0.4), levels = c(0.9, 0.95, 0.99),
     varwidth = TRUE, frame.plot = FALSE, boxwex = 0.3, cex=0.75, zoom=NULL,ci.yusr=NULL,ci.pos=FALSE,...)
    
    Rd file 'order_best.Rd':
     \usage lines wider than 90 characters:
     order_best(d, maxexact=9,nsamples=50000,path_weight=sum,cycle=FALSE,path_dir = path_cor,...)
    
    Rd file 'overlayci.Rd':
     \usage lines wider than 90 characters:
     overlayCI(cis, xpos=NULL,ci.cols = NULL, ci.ex = 2, ci.ocol = "grey40", p.col = "grey40", pch = 1, sig.col = "red", sig.lwd = 1, yusr = ... [TRUNCATED]
    
    Rd file 'pcp.Rd':
     \usage lines wider than 90 characters:
     pcp(data, order = NULL, panel.colors = NULL, col = 1, lty = 1, horizontal = TRUE, mar = NULL, scale = TRUE, axis.width = 0,axis.grid.co ... [TRUNCATED]
     catpcp(data, order = NULL, pcpbars, barvars = 1:ncol(data), pcpbars.border = "black", pcpbars.col = NULL, pcpbars.labels = FALSE, pcpba ... [TRUNCATED]
    
    Rd file 'tableplot.Rd':
     \usage lines wider than 90 characters:
     table_plot(rectw, recth, col="grey50", gapx = NULL, gapy = NULL, spacex = 0.03, spacey = 0.03, xjust = "center", yjust = "center", xrul ... [TRUNCATED]
     \examples lines wider than 100 characters:
     table_plot(apply(tab,2,sum),tabp) # make cell widths proportional to margin totals, heights to conditional prob
     table_plot(apply(tab,2,sum),tabp, yjust="bottom",col=cols,yruler=c("left","right")) # add colours, rulers and bottom-justify
     # The result is similar to the mosaic, without the mosaic effect of equalizing gaps. In the table version the rectangles line up across ... [TRUNCATED]
     # Permutes the columns so all pairs of columns can be compared. In the second permutation can easily see that p(black|blue eyes)> p(b ... [TRUNCATED]
    
    Rd file 'whpaths.Rd':
     \usage lines wider than 90 characters:
     weighted_hpaths(d, path1 = NULL, paths=NULL, matrix=TRUE, cycle=NULL, path_weight=sum, path_dir = path_cor,...)
    
    These lines will be truncated in the PDF manual.
Flavors: r-devel-linux-x86_64-fedora-clang, r-devel-linux-x86_64-fedora-gcc