Last updated on 2023-03-30 08:53:45 CEST.
Flavor | Version | Tinstall | Tcheck | Ttotal | Status | Flags |
---|---|---|---|---|---|---|
r-devel-linux-x86_64-debian-clang | 0.1.0 | 6.51 | 43.81 | 50.32 | OK | |
r-devel-linux-x86_64-debian-gcc | 0.1.0 | 6.01 | 33.44 | 39.45 | OK | |
r-devel-linux-x86_64-fedora-clang | 0.1.0 | 68.77 | NOTE | |||
r-devel-linux-x86_64-fedora-gcc | 0.1.0 | 80.57 | NOTE | |||
r-devel-windows-x86_64 | 0.1.0 | 17.00 | 0.00 | 17.00 | OK | |
r-patched-linux-x86_64 | 0.1.0 | 6.85 | 42.08 | 48.93 | OK | |
r-release-linux-x86_64 | 0.1.0 | 6.79 | 44.89 | 51.68 | OK | |
r-release-macos-arm64 | 0.1.0 | 25.00 | NOTE | |||
r-release-macos-x86_64 | 0.1.0 | 36.00 | NOTE | |||
r-release-windows-x86_64 | 0.1.0 | 17.00 | 75.00 | 92.00 | OK | |
r-oldrel-macos-arm64 | 0.1.0 | 28.00 | NOTE | |||
r-oldrel-macos-x86_64 | 0.1.0 | 41.00 | NOTE | |||
r-oldrel-windows-ix86+x86_64 | 0.1.0 | 16.00 | 71.00 | 87.00 | OK |
Version: 0.1.0
Check: data for non-ASCII characters
Result: NOTE
Note: found 4 marked UTF-8 strings
Flavors: r-devel-linux-x86_64-fedora-clang, r-devel-linux-x86_64-fedora-gcc, r-release-macos-arm64, r-release-macos-x86_64, r-oldrel-macos-arm64, r-oldrel-macos-x86_64