CRAN Package Check Results for Package PantaRhei

Last updated on 2022-12-06 01:52:10 CET.

Flavor Version Tinstall Tcheck Ttotal Status Flags
r-devel-linux-x86_64-debian-clang 0.1.2 4.09 44.51 48.60 OK
r-devel-linux-x86_64-debian-gcc 0.1.2 3.35 33.81 37.16 OK
r-devel-linux-x86_64-fedora-clang 0.1.2 71.53 NOTE
r-devel-linux-x86_64-fedora-gcc 0.1.2 80.01 NOTE
r-devel-windows-x86_64 0.1.2 18.00 70.00 88.00 OK
r-patched-linux-x86_64 0.1.2 4.97 42.82 47.79 OK
r-release-linux-x86_64 0.1.2 4.63 42.84 47.47 OK
r-release-macos-arm64 0.1.2 23.00 NOTE
r-release-macos-x86_64 0.1.2 30.00 NOTE
r-release-windows-x86_64 0.1.2 20.00 72.00 92.00 OK
r-oldrel-macos-arm64 0.1.2 32.00 NOTE
r-oldrel-macos-x86_64 0.1.2 36.00 NOTE
r-oldrel-windows-ix86+x86_64 0.1.2 9.00 68.00 77.00 OK

Check Details

Version: 0.1.2
Check: dependencies in R code
Result: NOTE
    Namespace in Imports field not imported from: ‘utils’
     All declared Imports should be used.
Flavors: r-devel-linux-x86_64-fedora-clang, r-devel-linux-x86_64-fedora-gcc, r-release-macos-arm64, r-release-macos-x86_64, r-oldrel-macos-arm64, r-oldrel-macos-x86_64