CRAN Package Check Results for Package ParBayesianOptimization

Last updated on 2020-07-16 16:47:35 CEST.

Flavor Version Tinstall Tcheck Ttotal Status Flags
r-devel-linux-x86_64-debian-clang 1.1.0 8.33 201.83 210.16 OK
r-devel-linux-x86_64-debian-gcc 1.1.0 7.12 181.93 189.05 OK
r-devel-linux-x86_64-fedora-clang 1.1.0 209.92 NOTE
r-devel-linux-x86_64-fedora-gcc 1.1.0 196.79 NOTE
r-devel-windows-ix86+x86_64 1.1.0 33.00 212.00 245.00 OK
r-patched-linux-x86_64 1.1.0 5.65 198.19 203.84 OK
r-patched-solaris-x86 1.1.0 213.40 NOTE
r-release-linux-x86_64 1.1.0 8.52 204.11 212.63 OK
r-release-windows-ix86+x86_64 1.1.0 31.00 188.00 219.00 OK
r-oldrel-macos-x86_64 1.1.0 NOTE
r-oldrel-windows-ix86+x86_64 1.1.0 30.00 174.00 204.00 OK

Check Details

Version: 1.1.0
Check: dependencies in R code
Result: NOTE
    Namespace in Imports field not imported from: ‘plotly’
     All declared Imports should be used.
Flavors: r-devel-linux-x86_64-fedora-clang, r-devel-linux-x86_64-fedora-gcc, r-patched-solaris-x86, r-oldrel-macos-x86_64