CRAN Package Check Results for Package ParBayesianOptimization

Last updated on 2019-06-15 22:58:50 CEST.

Flavor Version Tinstall Tcheck Ttotal Status Flags
r-devel-linux-x86_64-debian-clang 0.1.1 3.37 141.57 144.94 NOTE
r-devel-linux-x86_64-debian-gcc 0.1.1 2.55 92.59 95.14 NOTE
r-devel-linux-x86_64-fedora-clang 0.1.1 132.65 NOTE
r-devel-linux-x86_64-fedora-gcc 0.1.1 100.32 NOTE
r-devel-windows-ix86+x86_64 0.1.1 11.00 162.00 173.00 OK
r-patched-linux-x86_64 0.1.1 3.21 100.79 104.00 OK
r-patched-solaris-x86 0.1.1 71.60 WARN
r-release-linux-x86_64 0.1.1 3.54 93.15 96.69 OK
r-release-windows-ix86+x86_64 0.1.1 7.00 127.00 134.00 OK
r-release-osx-x86_64 0.1.1 OK
r-oldrel-windows-ix86+x86_64 0.1.1 4.00 164.00 168.00 OK
r-oldrel-osx-x86_64 0.1.1 OK

Check Details

Version: 0.1.1
Check: for non-standard things in the check directory
Result: NOTE
    Found the following files/directories:
     'NUL'
Flavors: r-devel-linux-x86_64-debian-clang, r-devel-linux-x86_64-debian-gcc, r-devel-linux-x86_64-fedora-clang, r-devel-linux-x86_64-fedora-gcc

Version: 0.1.1
Check: package dependencies
Result: NOTE
    Package suggested but not available for checking: ‘xgboost’
Flavor: r-patched-solaris-x86

Version: 0.1.1
Check: re-building of vignette outputs
Result: WARN
    Error(s) in re-building vignettes:
     ...
    --- re-building ‘advancedFeatures.Rmd’ using rmarkdown
    Warning in engine$weave(file, quiet = quiet, encoding = enc) :
     Pandoc (>= 1.12.3) and/or pandoc-citeproc not available. Falling back to R Markdown v1.
    Quitting from lines 23-68 (advancedFeatures.Rmd)
    Error: processing vignette 'advancedFeatures.Rmd' failed with diagnostics:
    there is no package called 'xgboost'
    --- failed re-building ‘advancedFeatures.Rmd’
    
    --- re-building ‘standardFeatures.Rmd’ using rmarkdown
    Warning in engine$weave(file, quiet = quiet, encoding = enc) :
     Pandoc (>= 1.12.3) and/or pandoc-citeproc not available. Falling back to R Markdown v1.
    Quitting from lines 39-47 (standardFeatures.Rmd)
    Error: processing vignette 'standardFeatures.Rmd' failed with diagnostics:
    there is no package called 'xgboost'
    --- failed re-building ‘standardFeatures.Rmd’
    
    SUMMARY: processing the following files failed:
     ‘advancedFeatures.Rmd’ ‘standardFeatures.Rmd’
    
    Error: Vignette re-building failed.
    Execution halted
Flavor: r-patched-solaris-x86