CRAN Package Check Results for Package ParallelPC

Last updated on 2019-09-17 08:49:19 CEST.

Flavor Version Tinstall Tcheck Ttotal Status Flags
r-devel-linux-x86_64-debian-clang 1.2 2.93 35.42 38.35 OK
r-devel-linux-x86_64-debian-gcc 1.2 OK
r-devel-linux-x86_64-fedora-clang 1.2 47.40 OK
r-devel-linux-x86_64-fedora-gcc 1.2 46.98 OK
r-devel-windows-ix86+x86_64 1.2 10.00 128.00 138.00 OK
r-patched-linux-x86_64 1.2 2.16 35.81 37.97 OK
r-patched-solaris-x86 1.2 74.00 OK
r-release-linux-x86_64 1.2 2.76 37.05 39.81 OK
r-release-windows-ix86+x86_64 1.2 5.00 82.00 87.00 OK
r-release-osx-x86_64 1.2 ERROR
r-oldrel-windows-ix86+x86_64 1.2 6.00 68.00 74.00 FAIL
r-oldrel-osx-x86_64 1.2 OK

Check Details

Version: 1.2
Check: package dependencies
Result: NOTE
    Packages suggested but not available for checking: 'pcalg', 'Rgraphviz'
Flavor: r-release-osx-x86_64

Version: 1.2
Check: examples
Result: ERROR
    Running examples in ‘ParallelPC-Ex.R’ failed
    The error most likely occurred in:
    
    > ### Name: IDA_parallel
    > ### Title: Estimate Total Causal Effects using the IDA_parallel Algorithm
    > ### Aliases: IDA_parallel
    >
    > ### ** Examples
    >
    > ##########################################
    > ## Using IDA_parallel without mem.efficeient
    > ##########################################
    > library(bnlearn)
    
    Attaching package: ‘bnlearn’
    
    The following object is masked from ‘package:stats’:
    
     sigma
    
    > library(pcalg)
    Error in library(pcalg) : there is no package called ‘pcalg’
    Execution halted
Flavor: r-release-osx-x86_64

Version: 1.2
Check: examples
Result: FAIL
    
Flavor: r-oldrel-windows-ix86+x86_64