CRAN Package Check Results for Package ParallelPC

Last updated on 2020-01-23 17:49:35 CET.

Flavor Version Tinstall Tcheck Ttotal Status Flags
r-devel-linux-x86_64-debian-clang 1.2 3.40 39.05 42.45 OK
r-devel-linux-x86_64-debian-gcc 1.2 2.60 30.18 32.78 OK
r-devel-linux-x86_64-fedora-clang 1.2 52.55 OK
r-devel-linux-x86_64-fedora-gcc 1.2 49.82 OK
r-devel-windows-ix86+x86_64 1.2 13.00 126.00 139.00 OK
r-devel-windows-ix86+x86_64-gcc8 1.2 10.00 95.00 105.00 OK
r-patched-linux-x86_64 1.2 2.60 35.47 38.07 OK
r-patched-solaris-x86 1.2 74.10 OK
r-release-linux-x86_64 1.2 2.55 35.71 38.26 OK
r-release-windows-ix86+x86_64 1.2 9.00 118.00 127.00 OK
r-release-osx-x86_64 1.2 ERROR
r-oldrel-windows-ix86+x86_64 1.2 5.00 84.00 89.00 FAIL
r-oldrel-osx-x86_64 1.2 OK

Additional issues

noSuggests

Check Details

Version: 1.2
Check: package dependencies
Result: NOTE
    Packages suggested but not available for checking: 'pcalg', 'Rgraphviz'
Flavor: r-release-osx-x86_64

Version: 1.2
Check: examples
Result: ERROR
    Running examples in ‘ParallelPC-Ex.R’ failed
    The error most likely occurred in:
    
    > ### Name: IDA_parallel
    > ### Title: Estimate Total Causal Effects using the IDA_parallel Algorithm
    > ### Aliases: IDA_parallel
    >
    > ### ** Examples
    >
    > ##########################################
    > ## Using IDA_parallel without mem.efficeient
    > ##########################################
    > library(bnlearn)
    
    Attaching package: ‘bnlearn’
    
    The following object is masked from ‘package:stats’:
    
     sigma
    
    > library(pcalg)
    Error in library(pcalg) : there is no package called ‘pcalg’
    Execution halted
Flavor: r-release-osx-x86_64

Version: 1.2
Check: examples
Result: FAIL
Flavor: r-oldrel-windows-ix86+x86_64