CRAN Package Check Results for Package ParamHelpers

Last updated on 2015-05-24 22:47:08.

Flavor Version Tinstall Tcheck Ttotal Status Flags
r-devel-linux-x86_64-debian-clang 1.5 2.82 19.66 22.49 NOTE
r-devel-linux-x86_64-debian-gcc 1.5 2.38 18.99 21.37 NOTE
r-devel-linux-x86_64-fedora-clang 1.5 43.48 NOTE
r-devel-linux-x86_64-fedora-gcc 1.5 39.90 NOTE
r-devel-osx-x86_64-clang 1.5 45.33 NOTE
r-devel-windows-ix86+x86_64 1.5 9.00 43.00 52.00 NOTE
r-patched-linux-x86_64 1.5 2.34 19.39 21.73 NOTE
r-patched-solaris-sparc 1.5 263.20 NOTE
r-patched-solaris-x86 1.5 55.80 NOTE
r-release-linux-x86_64 1.5 2.39 19.74 22.12 NOTE
r-release-osx-x86_64-mavericks 1.5 NOTE
r-release-osx-x86_64-snowleopard 1.5 NOTE
r-release-windows-ix86+x86_64 1.5 9.00 46.00 55.00 NOTE
r-oldrel-windows-ix86+x86_64 1.5 11.00 48.00 59.00 OK

Check Details

Version: 1.5
Check: DESCRIPTION meta-information
Result: NOTE
    Malformed Title field: should not end in a period.
Flavors: r-devel-linux-x86_64-debian-clang, r-devel-linux-x86_64-debian-gcc, r-devel-linux-x86_64-fedora-clang, r-devel-linux-x86_64-fedora-gcc, r-devel-osx-x86_64-clang, r-devel-windows-ix86+x86_64, r-patched-linux-x86_64, r-patched-solaris-sparc, r-patched-solaris-x86, r-release-linux-x86_64, r-release-osx-x86_64-mavericks, r-release-osx-x86_64-snowleopard, r-release-windows-ix86+x86_64