CRAN Package Check Results for Package ParamHelpers

Last updated on 2018-09-23 12:47:41 CEST.

Flavor Version Tinstall Tcheck Ttotal Status Flags
r-devel-linux-x86_64-debian-clang 1.11 6.23 57.23 63.46 OK
r-devel-linux-x86_64-debian-gcc 1.11 4.45 45.04 49.49 OK
r-devel-linux-x86_64-fedora-clang 1.11 72.57 OK
r-devel-linux-x86_64-fedora-gcc 1.11 72.01 OK
r-devel-windows-ix86+x86_64 1.11 15.00 139.00 154.00 OK
r-patched-linux-x86_64 1.11 6.21 53.67 59.88 OK
r-patched-solaris-x86 1.11 90.70 OK
r-release-linux-x86_64 1.11 4.27 54.12 58.39 OK
r-release-windows-ix86+x86_64 1.11 10.00 119.00 129.00 OK
r-release-osx-x86_64 1.11 OK
r-oldrel-windows-ix86+x86_64 1.11 12.00 126.00 138.00 WARN
r-oldrel-osx-x86_64 1.11 WARN

Additional issues

rchk

Check Details

Version: 1.11
Check: whether package can be installed
Result: WARN
    Found the following significant warnings:
     Warning: replacing previous import 'BBmisc::isFALSE' by 'backports::isFALSE' when loading 'ParamHelpers'
Flavors: r-oldrel-windows-ix86+x86_64, r-oldrel-osx-x86_64