CRAN Package Check Results for Package ParamHelpers

Last updated on 2018-07-22 11:48:33 CEST.

Flavor Version Tinstall Tcheck Ttotal Status Flags
r-devel-linux-x86_64-debian-clang 1.11 5.22 55.95 61.17 OK
r-devel-linux-x86_64-debian-gcc 1.11 4.98 44.11 49.09 OK
r-devel-linux-x86_64-fedora-clang 1.11 72.79 OK
r-devel-linux-x86_64-fedora-gcc 1.11 69.46 OK
r-devel-windows-ix86+x86_64 1.11 17.00 128.00 145.00 OK
r-patched-linux-x86_64 1.11 OK
r-patched-solaris-x86 1.11 91.80 OK
r-release-linux-x86_64 1.11 5.81 53.81 59.62 OK
r-release-windows-ix86+x86_64 1.11 19.00 128.00 147.00 OK
r-release-osx-x86_64 1.11 OK
r-oldrel-windows-ix86+x86_64 1.11 13.00 107.00 120.00 WARN
r-oldrel-osx-x86_64 1.11 WARN

Additional issues

rchk

Check Details

Version: 1.11
Check: whether package can be installed
Result: WARN
    Found the following significant warnings:
     Warning: replacing previous import 'BBmisc::isFALSE' by 'backports::isFALSE' when loading 'ParamHelpers'
Flavors: r-oldrel-windows-ix86+x86_64, r-oldrel-osx-x86_64