CRAN Package Check Results for Package ParamHelpers

Last updated on 2017-10-18 03:48:25.

Flavor Version Tinstall Tcheck Ttotal Status Flags
r-devel-linux-x86_64-debian-clang 1.10 3.88 37.53 41.41 NOTE
r-devel-linux-x86_64-debian-gcc 1.10 5.65 38.92 44.57 NOTE
r-devel-linux-x86_64-fedora-clang 1.10 75.61 NOTE
r-devel-linux-x86_64-fedora-gcc 1.10 74.34 NOTE
r-devel-windows-ix86+x86_64 1.10 12.00 86.00 98.00 OK
r-patched-linux-x86_64 1.10 3.82 36.83 40.65 NOTE
r-patched-solaris-x86 1.10 88.80 OK
r-release-linux-x86_64 1.10 3.54 35.71 39.25 NOTE
r-release-windows-ix86+x86_64 1.10 17.00 109.00 126.00 OK
r-release-osx-x86_64 1.10 OK
r-oldrel-windows-ix86+x86_64 1.10 16.00 80.00 96.00 OK
r-oldrel-osx-x86_64 1.10 OK

Check Details

Version: 1.10
Check: compiled code
Result: NOTE
    File ‘ParamHelpers/libs/ParamHelpers.so’:
     Found no calls to: ‘R_registerRoutines’, ‘R_useDynamicSymbols’
    
    It is good practice to register native routines and to disable symbol
    search.
    
    See ‘Writing portable packages’ in the ‘Writing R Extensions’ manual.
Flavors: r-devel-linux-x86_64-debian-clang, r-devel-linux-x86_64-debian-gcc, r-devel-linux-x86_64-fedora-clang, r-devel-linux-x86_64-fedora-gcc, r-patched-linux-x86_64, r-release-linux-x86_64