CRAN Package Check Results for Package ParamHelpers

Last updated on 2014-04-24 17:49:49.

Flavor Version Tinstall Tcheck Ttotal Status Flags
r-devel-linux-x86_64-debian-clang 1.1-36 0.88 16.18 17.06 OK
r-devel-linux-x86_64-debian-gcc 1.1-36 0.87 17.09 17.96 OK
r-devel-linux-x86_64-fedora-clang 1.1-36 33.62 OK
r-devel-linux-x86_64-fedora-gcc 1.1-36 31.63 OK
r-devel-osx-x86_64-clang 1.1-36 34.88 OK
r-devel-osx-x86_64-gcc 1.1-36 OK
r-devel-windows-ix86+x86_64 1.1-36 3.00 25.00 28.00 OK
r-patched-linux-x86_64 1.1-36 0.88 16.69 17.56 OK
r-patched-solaris-sparc 1.1-36 216.20 OK
r-patched-solaris-x86 1.1-36 43.50 OK
r-release-linux-ix86 1.1-36 2.00 31.00 33.00 OK
r-release-linux-x86_64 1.1-36 0.86 16.12 16.98 OK
r-release-osx-x86_64-mavericks 1.1-36 WARN
r-release-osx-x86_64-snowleopard 1.1-36 OK
r-release-windows-ix86+x86_64 1.1-36 3.00 25.00 28.00 OK
r-oldrel-windows-ix86+x86_64 1.1-36 4.00 26.00 30.00 OK

Check Details

Version: 1.1-36
Check: PDF version of manual
Result: WARNING
    LaTeX errors when creating PDF version.
    This typically indicates Rd problems.
    LaTeX errors found:
    ! LaTeX Error: File `upquote.sty' not found.
    
    Type X to quit or <RETURN> to proceed,
    or enter new name. (Default extension: sty)
    
    2d6e18/Rd2.tex:8: ==> Fatal error occurred, no output PDF file produced!
Flavor: r-release-osx-x86_64-mavericks