CRAN Package Check Results for Package ParamHelpers

Last updated on 2015-03-02 13:47:11.

Flavor Version Tinstall Tcheck Ttotal Status Flags
r-devel-linux-x86_64-debian-clang 1.5 2.56 21.20 23.76 NOTE
r-devel-linux-x86_64-debian-gcc 1.5 2.35 20.20 22.55 NOTE
r-devel-linux-x86_64-fedora-clang 1.5 45.77 NOTE
r-devel-linux-x86_64-fedora-gcc 1.5 41.74 NOTE
r-devel-osx-x86_64-clang 1.5 47.60 NOTE
r-devel-windows-ix86+x86_64 1.5 16.00 55.00 71.00 NOTE
r-patched-linux-x86_64 1.5 2.79 22.49 25.28 OK
r-patched-solaris-sparc 1.5 300.80 OK
r-patched-solaris-x86 1.5 62.20 OK
r-release-linux-ix86 1.5 3.28 32.57 35.85 OK
r-release-linux-x86_64 1.5 2.72 22.26 24.98 OK
r-release-osx-x86_64-mavericks 1.5 OK
r-release-osx-x86_64-snowleopard 1.5 OK
r-release-windows-ix86+x86_64 1.5 16.00 66.00 82.00 OK
r-oldrel-windows-ix86+x86_64 1.5 9.00 50.00 59.00 OK

Check Details

Version: 1.5
Check: DESCRIPTION meta-information
Result: NOTE
    Malformed Title field: should not end in a period.
Flavors: r-devel-linux-x86_64-debian-clang, r-devel-linux-x86_64-debian-gcc, r-devel-linux-x86_64-fedora-clang, r-devel-linux-x86_64-fedora-gcc, r-devel-osx-x86_64-clang, r-devel-windows-ix86+x86_64