CRAN Package Check Results for Package ParamHelpers

Last updated on 2014-08-22 12:49:08.

Flavor Version Tinstall Tcheck Ttotal Status Flags
r-devel-linux-x86_64-debian-clang 1.3 2.54 21.61 24.15 OK
r-devel-linux-x86_64-debian-gcc 1.3 2.68 19.96 22.63 OK
r-devel-linux-x86_64-fedora-clang 1.3 46.64 NOTE
r-devel-linux-x86_64-fedora-gcc 1.3 44.54 NOTE
r-devel-osx-x86_64-clang 1.3 46.76 NOTE
r-devel-windows-ix86+x86_64 1.3 8.00 43.00 51.00 OK
r-patched-linux-x86_64 1.3 2.87 21.18 24.04 OK
r-patched-solaris-sparc 1.3 284.20 OK
r-patched-solaris-x86 1.3 60.70 OK
r-release-linux-ix86 1.3 3.30 32.46 35.76 OK
r-release-linux-x86_64 1.3 2.82 21.28 24.10 OK
r-release-osx-x86_64-mavericks 1.3 OK
r-release-osx-x86_64-snowleopard 1.3 OK
r-release-windows-ix86+x86_64 1.3 8.00 43.00 51.00 OK
r-oldrel-windows-ix86+x86_64 1.3 10.00 48.00 58.00 OK

Check Details

Version: 1.3
Check: R code for possible problems
Result: NOTE
    convertParamSetToIrace: no visible global function definition for
     ‘readParameters’
    extractParamSetFromSooFunction: no visible global function definition
     for ‘number_of_parameters’
    extractParamSetFromSooFunction: no visible global function definition
     for ‘lower_bounds’
    extractParamSetFromSooFunction: no visible global function definition
     for ‘upper_bounds’
    generateDesign: no visible global function definition for ‘randomLHS’
    getOptPathParetoFront: no visible global function definition for
     ‘is_dominated’
Flavors: r-devel-linux-x86_64-fedora-clang, r-devel-linux-x86_64-fedora-gcc, r-devel-osx-x86_64-clang