CRAN Package Check Results for Package ParamHelpers

Last updated on 2017-08-18 23:47:46.

Flavor Version Tinstall Tcheck Ttotal Status Flags
r-devel-linux-x86_64-debian-clang 1.10 4.16 36.50 40.66 NOTE
r-devel-linux-x86_64-debian-gcc 1.10 3.78 36.25 40.03 NOTE
r-devel-linux-x86_64-fedora-clang 1.10 72.67 NOTE
r-devel-linux-x86_64-fedora-gcc 1.10 71.98 NOTE
r-devel-windows-ix86+x86_64 1.10 18.00 83.00 101.00 OK
r-patched-linux-x86_64 1.10 3.66 35.99 39.65 NOTE
r-patched-solaris-x86 1.10 87.10 OK
r-release-linux-x86_64 1.10 3.55 35.52 39.07 NOTE
r-release-windows-ix86+x86_64 1.10 15.00 83.00 98.00 OK
r-release-osx-x86_64 1.10 OK
r-oldrel-windows-ix86+x86_64 1.10 11.00 100.00 111.00 OK
r-oldrel-osx-x86_64 1.10 OK

Check Details

Version: 1.10
Check: compiled code
Result: NOTE
    File ‘ParamHelpers/libs/ParamHelpers.so’:
     Found no calls to: ‘R_registerRoutines’, ‘R_useDynamicSymbols’
    
    It is good practice to register native routines and to disable symbol
    search.
    
    See ‘Writing portable packages’ in the ‘Writing R Extensions’ manual.
Flavors: r-devel-linux-x86_64-debian-clang, r-devel-linux-x86_64-debian-gcc, r-devel-linux-x86_64-fedora-clang, r-devel-linux-x86_64-fedora-gcc, r-patched-linux-x86_64, r-release-linux-x86_64