CRAN Package Check Results for Package ParamHelpers

Last updated on 2018-12-12 15:48:19 CET.

Flavor Version Tinstall Tcheck Ttotal Status Flags
r-devel-linux-x86_64-debian-clang 1.11 5.33 58.22 63.55 OK
r-devel-linux-x86_64-debian-gcc 1.11 4.70 44.83 49.53 OK
r-devel-linux-x86_64-fedora-clang 1.11 72.49 OK
r-devel-linux-x86_64-fedora-gcc 1.11 71.05 OK
r-devel-windows-ix86+x86_64 1.11 15.00 96.00 111.00 OK
r-patched-linux-x86_64 1.11 6.76 53.05 59.81 OK
r-patched-solaris-x86 1.11 97.70 OK
r-release-linux-x86_64 1.11 6.65 54.04 60.69 OK
r-release-windows-ix86+x86_64 1.11 19.00 92.00 111.00 OK
r-release-osx-x86_64 1.11 OK
r-oldrel-windows-ix86+x86_64 1.11 10.00 106.00 116.00 WARN
r-oldrel-osx-x86_64 1.11 WARN

Additional issues

rchk

Check Details

Version: 1.11
Check: whether package can be installed
Result: WARN
    Found the following significant warnings:
     Warning: replacing previous import 'BBmisc::isFALSE' by 'backports::isFALSE' when loading 'ParamHelpers'
Flavors: r-oldrel-windows-ix86+x86_64, r-oldrel-osx-x86_64