CRAN Package Check Results for Package ParamHelpers

Last updated on 2016-12-10 08:47:41.

Flavor Version Tinstall Tcheck Ttotal Status Flags
r-devel-linux-x86_64-debian-clang 1.9 4.22 35.82 40.04 ERROR
r-devel-linux-x86_64-debian-gcc 1.9 3.93 45.79 49.72 ERROR
r-devel-linux-x86_64-fedora-clang 1.9 73.40 ERROR --no-stop-on-test-error
r-devel-linux-x86_64-fedora-gcc 1.9 69.14 ERROR --no-stop-on-test-error
r-devel-macos-x86_64-clang 1.9 60.05 ERROR --no-stop-on-test-error
r-devel-windows-ix86+x86_64 1.9 9.00 79.00 88.00 ERROR
r-patched-linux-x86_64 1.9 3.68 39.67 43.35 ERROR
r-patched-solaris-sparc 1.9 380.10 ERROR
r-patched-solaris-x86 1.9 72.10 ERROR
r-release-linux-x86_64 1.9 3.76 39.60 43.36 ERROR
r-release-osx-x86_64-mavericks 1.9 OK
r-release-windows-ix86+x86_64 1.9 11.00 72.00 83.00 ERROR
r-oldrel-windows-ix86+x86_64 1.9 21.00 97.00 118.00 ERROR

Check Details

Version: 1.9
Check: tests
Result: ERROR
     Running ‘run-all.R’ [10s/10s]
    Running the tests in ‘tests/run-all.R’ failed.
    Last 13 lines of output:
    
    
     3. Failure: convertParamSetToIrace work with vecparam (@test_convertParamSetToIrace.R#85)
     b$b not equal to c("v", "w").
     target is NULL, current is character
    
    
     testthat results ================================================================
     OK: 1003 SKIPPED: 0 FAILED: 3
     1. Error: convertParamSetToIrace (@test_convertParamSetToIrace.R#32)
     2. Failure: convertParamSetToIrace uses correct boundaries (@test_convertParamSetToIrace.R#69)
     3. Failure: convertParamSetToIrace work with vecparam (@test_convertParamSetToIrace.R#85)
    
     Error: testthat unit tests failed
     Execution halted
Flavor: r-devel-linux-x86_64-debian-clang

Version: 1.9
Check: tests
Result: ERROR
     Running ‘run-all.R’ [13s/13s]
    Running the tests in ‘tests/run-all.R’ failed.
    Last 13 lines of output:
    
    
     3. Failure: convertParamSetToIrace work with vecparam (@test_convertParamSetToIrace.R#85)
     b$b not equal to c("v", "w").
     target is NULL, current is character
    
    
     testthat results ================================================================
     OK: 1003 SKIPPED: 0 FAILED: 3
     1. Error: convertParamSetToIrace (@test_convertParamSetToIrace.R#32)
     2. Failure: convertParamSetToIrace uses correct boundaries (@test_convertParamSetToIrace.R#69)
     3. Failure: convertParamSetToIrace work with vecparam (@test_convertParamSetToIrace.R#85)
    
     Error: testthat unit tests failed
     Execution halted
Flavor: r-devel-linux-x86_64-debian-gcc

Version: 1.9
Flags: --no-stop-on-test-error
Check: tests
Result: ERROR
     Running ‘run-all.R’ [21s/26s]
    Running the tests in ‘tests/run-all.R’ failed.
    Last 13 lines of output:
    
    
     3. Failure: convertParamSetToIrace work with vecparam (@test_convertParamSetToIrace.R#85)
     b$b not equal to c("v", "w").
     target is NULL, current is character
    
    
     testthat results ================================================================
     OK: 1003 SKIPPED: 0 FAILED: 3
     1. Error: convertParamSetToIrace (@test_convertParamSetToIrace.R#32)
     2. Failure: convertParamSetToIrace uses correct boundaries (@test_convertParamSetToIrace.R#69)
     3. Failure: convertParamSetToIrace work with vecparam (@test_convertParamSetToIrace.R#85)
    
     Error: testthat unit tests failed
     Execution halted
Flavor: r-devel-linux-x86_64-fedora-clang

Version: 1.9
Flags: --no-stop-on-test-error
Check: tests
Result: ERROR
     Running ‘run-all.R’ [20s/27s]
    Running the tests in ‘tests/run-all.R’ failed.
    Last 13 lines of output:
    
    
     3. Failure: convertParamSetToIrace work with vecparam (@test_convertParamSetToIrace.R#85)
     b$b not equal to c("v", "w").
     target is NULL, current is character
    
    
     testthat results ================================================================
     OK: 1003 SKIPPED: 0 FAILED: 3
     1. Error: convertParamSetToIrace (@test_convertParamSetToIrace.R#32)
     2. Failure: convertParamSetToIrace uses correct boundaries (@test_convertParamSetToIrace.R#69)
     3. Failure: convertParamSetToIrace work with vecparam (@test_convertParamSetToIrace.R#85)
    
     Error: testthat unit tests failed
     Execution halted
Flavor: r-devel-linux-x86_64-fedora-gcc

Version: 1.9
Flags: --no-stop-on-test-error
Check: tests
Result: ERROR
     Running ‘run-all.R’ [16s/22s]
    Running the tests in ‘tests/run-all.R’ failed.
    Last 13 lines of output:
    
    
     3. Failure: convertParamSetToIrace work with vecparam (@test_convertParamSetToIrace.R#85)
     b$b not equal to c("v", "w").
     target is NULL, current is character
    
    
     testthat results ================================================================
     OK: 1003 SKIPPED: 0 FAILED: 3
     1. Error: convertParamSetToIrace (@test_convertParamSetToIrace.R#32)
     2. Failure: convertParamSetToIrace uses correct boundaries (@test_convertParamSetToIrace.R#69)
     3. Failure: convertParamSetToIrace work with vecparam (@test_convertParamSetToIrace.R#85)
    
     Error: testthat unit tests failed
     Execution halted
Flavor: r-devel-macos-x86_64-clang

Version: 1.9
Check: running tests for arch ‘i386’
Result: ERROR
     Running 'run-all.R' [13s]
    Running the tests in 'tests/run-all.R' failed.
    Last 13 lines of output:
    
    
     3. Failure: convertParamSetToIrace work with vecparam (@test_convertParamSetToIrace.R#85)
     b$b not equal to c("v", "w").
     target is NULL, current is character
    
    
     testthat results ================================================================
     OK: 1003 SKIPPED: 0 FAILED: 3
     1. Error: convertParamSetToIrace (@test_convertParamSetToIrace.R#32)
     2. Failure: convertParamSetToIrace uses correct boundaries (@test_convertParamSetToIrace.R#69)
     3. Failure: convertParamSetToIrace work with vecparam (@test_convertParamSetToIrace.R#85)
    
     Error: testthat unit tests failed
     Execution halted
Flavor: r-devel-windows-ix86+x86_64

Version: 1.9
Check: running tests for arch ‘x64’
Result: ERROR
     Running 'run-all.R' [15s]
    Running the tests in 'tests/run-all.R' failed.
    Last 13 lines of output:
    
    
     3. Failure: convertParamSetToIrace work with vecparam (@test_convertParamSetToIrace.R#85)
     b$b not equal to c("v", "w").
     target is NULL, current is character
    
    
     testthat results ================================================================
     OK: 1003 SKIPPED: 0 FAILED: 3
     1. Error: convertParamSetToIrace (@test_convertParamSetToIrace.R#32)
     2. Failure: convertParamSetToIrace uses correct boundaries (@test_convertParamSetToIrace.R#69)
     3. Failure: convertParamSetToIrace work with vecparam (@test_convertParamSetToIrace.R#85)
    
     Error: testthat unit tests failed
     Execution halted
Flavor: r-devel-windows-ix86+x86_64

Version: 1.9
Check: tests
Result: ERROR
     Running ‘run-all.R’ [10s/10s]
    Running the tests in ‘tests/run-all.R’ failed.
    Last 13 lines of output:
     3. Failure: convertParamSetToIrace work with vecparam (@test_convertParamSetToIrace.R#85)
     b$b not equal to c("v", "w").
     target is NULL, current is character
    
    
     testthat results ================================================================
     OK: 1003 SKIPPED: 0 FAILED: 3
     1. Error: convertParamSetToIrace (@test_convertParamSetToIrace.R#32)
     2. Failure: convertParamSetToIrace uses correct boundaries (@test_convertParamSetToIrace.R#69)
     3. Failure: convertParamSetToIrace work with vecparam (@test_convertParamSetToIrace.R#85)
    
     Error: testthat unit tests failed
     Execution halted
Flavor: r-patched-linux-x86_64

Version: 1.9
Check: tests
Result: ERROR
     Running ‘run-all.R’ [91s/91s]
    Running the tests in ‘tests/run-all.R’ failed.
    Last 13 lines of output:
     3. Failure: convertParamSetToIrace work with vecparam (@test_convertParamSetToIrace.R#85)
     b$b not equal to c("v", "w").
     target is NULL, current is character
    
    
     testthat results ================================================================
     OK: 1003 SKIPPED: 0 FAILED: 3
     1. Error: convertParamSetToIrace (@test_convertParamSetToIrace.R#32)
     2. Failure: convertParamSetToIrace uses correct boundaries (@test_convertParamSetToIrace.R#69)
     3. Failure: convertParamSetToIrace work with vecparam (@test_convertParamSetToIrace.R#85)
    
     Error: testthat unit tests failed
     Execution halted
Flavor: r-patched-solaris-sparc

Version: 1.9
Check: tests
Result: ERROR
     Running ‘run-all.R’ [16s/20s]
    Running the tests in ‘tests/run-all.R’ failed.
    Last 13 lines of output:
     3. Failure: convertParamSetToIrace work with vecparam (@test_convertParamSetToIrace.R#85)
     b$b not equal to c("v", "w").
     target is NULL, current is character
    
    
     testthat results ================================================================
     OK: 1003 SKIPPED: 0 FAILED: 3
     1. Error: convertParamSetToIrace (@test_convertParamSetToIrace.R#32)
     2. Failure: convertParamSetToIrace uses correct boundaries (@test_convertParamSetToIrace.R#69)
     3. Failure: convertParamSetToIrace work with vecparam (@test_convertParamSetToIrace.R#85)
    
     Error: testthat unit tests failed
     Execution halted
Flavor: r-patched-solaris-x86

Version: 1.9
Check: tests
Result: ERROR
    Running the tests in ‘tests/run-all.R’ failed.
    Last 13 lines of output:
     3. Failure: convertParamSetToIrace work with vecparam (@test_convertParamSetToIrace.R#85)
     b$b not equal to c("v", "w").
     target is NULL, current is character
    
    
     testthat results ================================================================
     OK: 1003 SKIPPED: 0 FAILED: 3
     1. Error: convertParamSetToIrace (@test_convertParamSetToIrace.R#32)
     2. Failure: convertParamSetToIrace uses correct boundaries (@test_convertParamSetToIrace.R#69)
     3. Failure: convertParamSetToIrace work with vecparam (@test_convertParamSetToIrace.R#85)
    
     Error: testthat unit tests failed
     Execution halted
Flavor: r-release-linux-x86_64

Version: 1.9
Check: running tests for arch ‘i386’
Result: ERROR
    Running the tests in 'tests/run-all.R' failed.
    Last 13 lines of output:
     3. Failure: convertParamSetToIrace work with vecparam (@test_convertParamSetToIrace.R#85)
     b$b not equal to c("v", "w").
     target is NULL, current is character
    
    
     testthat results ================================================================
     OK: 1003 SKIPPED: 0 FAILED: 3
     1. Error: convertParamSetToIrace (@test_convertParamSetToIrace.R#32)
     2. Failure: convertParamSetToIrace uses correct boundaries (@test_convertParamSetToIrace.R#69)
     3. Failure: convertParamSetToIrace work with vecparam (@test_convertParamSetToIrace.R#85)
    
     Error: testthat unit tests failed
     Execution halted
Flavors: r-release-windows-ix86+x86_64, r-oldrel-windows-ix86+x86_64

Version: 1.9
Check: running tests for arch ‘x64’
Result: ERROR
    Running the tests in 'tests/run-all.R' failed.
    Last 13 lines of output:
     3. Failure: convertParamSetToIrace work with vecparam (@test_convertParamSetToIrace.R#85)
     b$b not equal to c("v", "w").
     target is NULL, current is character
    
    
     testthat results ================================================================
     OK: 1003 SKIPPED: 0 FAILED: 3
     1. Error: convertParamSetToIrace (@test_convertParamSetToIrace.R#32)
     2. Failure: convertParamSetToIrace uses correct boundaries (@test_convertParamSetToIrace.R#69)
     3. Failure: convertParamSetToIrace work with vecparam (@test_convertParamSetToIrace.R#85)
    
     Error: testthat unit tests failed
     Execution halted
Flavors: r-release-windows-ix86+x86_64, r-oldrel-windows-ix86+x86_64