CRAN Package Check Results for Package ParamHelpers

Last updated on 2017-02-28 12:49:33.

Flavor Version Tinstall Tcheck Ttotal Status Flags
r-devel-linux-x86_64-debian-clang 1.10 3.97 36.73 40.70 NOTE
r-devel-linux-x86_64-debian-gcc 1.10 3.66 36.58 40.24 NOTE
r-devel-linux-x86_64-fedora-clang 1.10 72.02 NOTE --no-stop-on-test-error
r-devel-linux-x86_64-fedora-gcc 1.10 69.11 NOTE --no-stop-on-test-error
r-devel-macos-x86_64-clang 1.10 61.01 NOTE --no-stop-on-test-error
r-devel-windows-ix86+x86_64 1.10 12.00 111.00 123.00 OK
r-patched-linux-x86_64 1.10 3.44 32.04 35.48 OK
r-patched-solaris-sparc 1.10 367.60 OK
r-patched-solaris-x86 1.10 75.30 OK
r-release-linux-x86_64 1.10 3.59 31.96 35.55 OK
r-release-osx-x86_64-mavericks 1.10 OK
r-release-windows-ix86+x86_64 1.10 17.00 97.00 114.00 OK
r-oldrel-windows-ix86+x86_64 1.10 12.00 112.00 124.00 OK

Check Details

Version: 1.10
Check: compiled code
Result: NOTE
    File ‘ParamHelpers/libs/ParamHelpers.so’:
     Found no calls to: ‘R_registerRoutines’, ‘R_useDynamicSymbols’
    
    It is good practice to register native routines and to disable symbol
    search.
    
    See ‘Writing portable packages’ in the ‘Writing R Extensions’ manual.
Flavors: r-devel-linux-x86_64-debian-clang, r-devel-linux-x86_64-debian-gcc

Version: 1.10
Flags: --no-stop-on-test-error
Check: compiled code
Result: NOTE
    File ‘ParamHelpers/libs/ParamHelpers.so’:
     Found no calls to: ‘R_registerRoutines’, ‘R_useDynamicSymbols’
    
    It is good practice to register native routines and to disable symbol
    search.
    
    See ‘Writing portable packages’ in the ‘Writing R Extensions’ manual.
Flavors: r-devel-linux-x86_64-fedora-clang, r-devel-linux-x86_64-fedora-gcc, r-devel-macos-x86_64-clang