CRAN Package Check Results for Package ParamHelpers

Last updated on 2015-09-03 03:48:35.

Flavor Version Tinstall Tcheck Ttotal Status Flags
r-devel-linux-x86_64-debian-clang 1.5 2.40 18.96 21.37 NOTE
r-devel-linux-x86_64-debian-gcc 1.5 2.39 18.48 20.86 NOTE
r-devel-linux-x86_64-fedora-clang 1.5 39.71 NOTE
r-devel-linux-x86_64-fedora-gcc 1.5 37.45 NOTE
r-devel-osx-x86_64-clang 1.5 40.66 NOTE
r-devel-windows-ix86+x86_64 1.5 18.00 45.00 63.00 NOTE
r-patched-linux-x86_64 1.5 2.48 19.96 22.44 NOTE
r-patched-solaris-sparc 1.5 268.30 NOTE
r-patched-solaris-x86 1.5 55.70 NOTE
r-release-linux-x86_64 1.5 2.46 19.03 21.48 NOTE
r-release-osx-x86_64-mavericks 1.5 NOTE
r-release-windows-ix86+x86_64 1.5 15.00 42.00 57.00 NOTE
r-oldrel-windows-ix86+x86_64 1.5 16.00 55.00 71.00 OK

Check Details

Version: 1.5
Check: DESCRIPTION meta-information
Result: NOTE
    Malformed Title field: should not end in a period.
Flavors: r-devel-linux-x86_64-debian-clang, r-devel-linux-x86_64-debian-gcc, r-devel-linux-x86_64-fedora-clang, r-devel-linux-x86_64-fedora-gcc, r-devel-osx-x86_64-clang, r-devel-windows-ix86+x86_64, r-patched-linux-x86_64, r-patched-solaris-sparc, r-patched-solaris-x86, r-release-linux-x86_64, r-release-osx-x86_64-mavericks, r-release-windows-ix86+x86_64

Version: 1.5
Check: R code for possible problems
Result: NOTE
    convertParamSetToIrace: no visible global function definition for
     ‘capture.output’
    generateDesign: no visible global function definition for ‘setNames’
    generateGridDesign: no visible global function definition for
     ‘setNames’
    getParamTypes: no visible global function definition for ‘setNames’
    sampleValue.Param: no visible global function definition for ‘runif’
    sampleValue.ParamSet : <anonymous>: no visible global function
     definition for ‘as’
    Undefined global functions or variables:
     as capture.output runif setNames
    Consider adding
     importFrom("methods", "as")
     importFrom("stats", "runif", "setNames")
     importFrom("utils", "capture.output")
    to your NAMESPACE (and ensure that your DESCRIPTION Imports field
    contains 'methods').
Flavors: r-devel-linux-x86_64-debian-clang, r-devel-linux-x86_64-debian-gcc, r-devel-linux-x86_64-fedora-clang, r-devel-linux-x86_64-fedora-gcc, r-devel-windows-ix86+x86_64