CRAN Package Check Results for Package ParamHelpers

Last updated on 2014-09-01 23:46:47.

Flavor Version Tinstall Tcheck Ttotal Status Flags
r-devel-linux-x86_64-debian-clang 1.3 2.70 19.89 22.60 NOTE
r-devel-linux-x86_64-debian-gcc 1.3 2.47 19.86 22.34 NOTE
r-devel-linux-x86_64-fedora-clang 1.3 48.87 NOTE
r-devel-linux-x86_64-fedora-gcc 1.3 45.58 NOTE
r-devel-osx-x86_64-clang 1.3 44.89 NOTE
r-devel-windows-ix86+x86_64 1.3 9.00 41.00 50.00 NOTE
r-patched-linux-x86_64 1.3 2.69 20.87 23.56 OK
r-patched-solaris-sparc 1.3 284.20 OK
r-patched-solaris-x86 1.3 60.70 OK
r-release-linux-ix86 1.3 3.43 32.43 35.86 OK
r-release-linux-x86_64 1.3 3.13 20.86 23.99 OK
r-release-osx-x86_64-mavericks 1.3 OK
r-release-osx-x86_64-snowleopard 1.3 OK
r-release-windows-ix86+x86_64 1.3 8.00 46.00 54.00 OK
r-oldrel-windows-ix86+x86_64 1.3 11.00 52.00 63.00 OK

Check Details

Version: 1.3
Check: R code for possible problems
Result: NOTE
    convertParamSetToIrace: no visible global function definition for
     ‘readParameters’
    extractParamSetFromSooFunction: no visible global function definition
     for ‘number_of_parameters’
    extractParamSetFromSooFunction: no visible global function definition
     for ‘lower_bounds’
    extractParamSetFromSooFunction: no visible global function definition
     for ‘upper_bounds’
    generateDesign: no visible global function definition for ‘randomLHS’
    getOptPathParetoFront: no visible global function definition for
     ‘is_dominated’
Flavors: r-devel-linux-x86_64-debian-clang, r-devel-linux-x86_64-debian-gcc, r-devel-linux-x86_64-fedora-clang, r-devel-linux-x86_64-fedora-gcc, r-devel-osx-x86_64-clang, r-devel-windows-ix86+x86_64