CRAN Package Check Results for Package ParamHelpers

Last updated on 2017-12-15 08:48:53 CET.

Flavor Version Tinstall Tcheck Ttotal Status Flags
r-devel-linux-x86_64-debian-clang 1.10 5.28 28.13 33.41 FAIL
r-devel-linux-x86_64-debian-gcc 1.10 5.64 48.00 53.64 NOTE
r-devel-linux-x86_64-fedora-clang 1.10 76.51 NOTE
r-devel-linux-x86_64-fedora-gcc 1.10 75.20 NOTE
r-devel-windows-ix86+x86_64 1.10 15.00 84.00 99.00 OK
r-patched-linux-x86_64 1.10 5.30 61.20 66.50 NOTE
r-patched-solaris-x86 1.10 88.30 OK
r-release-linux-x86_64 1.10 5.13 61.46 66.59 NOTE
r-release-windows-ix86+x86_64 1.10 12.00 94.00 106.00 OK
r-release-osx-x86_64 1.10 OK
r-oldrel-windows-ix86+x86_64 1.10 18.00 125.00 143.00 OK
r-oldrel-osx-x86_64 1.10 OK

Check Details

Version: 1.10
Check: pragmas in C/C++ headers and code
Result: FAIL
    
Flavor: r-devel-linux-x86_64-debian-clang

Version: 1.10
Check: compiled code
Result: NOTE
    File ‘ParamHelpers/libs/ParamHelpers.so’:
     Found no calls to: ‘R_registerRoutines’, ‘R_useDynamicSymbols’
    
    It is good practice to register native routines and to disable symbol
    search.
    
    See ‘Writing portable packages’ in the ‘Writing R Extensions’ manual.
Flavors: r-devel-linux-x86_64-debian-gcc, r-devel-linux-x86_64-fedora-clang, r-devel-linux-x86_64-fedora-gcc, r-patched-linux-x86_64, r-release-linux-x86_64