CRAN Package Check Results for Package ParamHelpers

Last updated on 2015-07-05 22:47:37.

Flavor Version Tinstall Tcheck Ttotal Status Flags
r-devel-linux-x86_64-debian-clang 1.5 2.38 18.62 21.00 NOTE
r-devel-linux-x86_64-debian-gcc 1.5 2.53 18.42 20.95 NOTE
r-devel-linux-x86_64-fedora-clang 1.5 40.27 NOTE
r-devel-linux-x86_64-fedora-gcc 1.5 38.09 NOTE
r-devel-osx-x86_64-clang 1.5 42.05 NOTE
r-devel-windows-ix86+x86_64 1.5 15.00 44.00 59.00 NOTE
r-patched-linux-x86_64 1.5 2.32 19.87 22.18 NOTE
r-patched-solaris-sparc 1.5 263.20 NOTE
r-patched-solaris-x86 1.5 54.50 NOTE
r-release-linux-x86_64 1.5 2.34 18.92 21.26 NOTE
r-release-osx-x86_64-mavericks 1.5 NOTE
r-release-windows-ix86+x86_64 1.5 14.00 40.00 54.00 NOTE
r-oldrel-windows-ix86+x86_64 1.5 15.00 48.00 63.00 OK

Check Details

Version: 1.5
Check: DESCRIPTION meta-information
Result: NOTE
    Malformed Title field: should not end in a period.
Flavors: r-devel-linux-x86_64-debian-clang, r-devel-linux-x86_64-debian-gcc, r-devel-linux-x86_64-fedora-clang, r-devel-linux-x86_64-fedora-gcc, r-devel-osx-x86_64-clang, r-devel-windows-ix86+x86_64, r-patched-linux-x86_64, r-patched-solaris-sparc, r-patched-solaris-x86, r-release-linux-x86_64, r-release-osx-x86_64-mavericks, r-release-windows-ix86+x86_64

Version: 1.5
Check: R code for possible problems
Result: NOTE
    convertParamSetToIrace: no visible global function definition for
     ‘capture.output’
    generateDesign: no visible global function definition for ‘setNames’
    generateGridDesign: no visible global function definition for
     ‘setNames’
    getParamTypes: no visible global function definition for ‘setNames’
    sampleValue.Param: no visible global function definition for ‘runif’
    sampleValue.ParamSet : <anonymous>: no visible global function
     definition for ‘as’
    Undefined global functions or variables:
     as capture.output runif setNames
Flavors: r-devel-linux-x86_64-debian-clang, r-devel-linux-x86_64-debian-gcc, r-devel-linux-x86_64-fedora-clang, r-devel-linux-x86_64-fedora-gcc, r-devel-windows-ix86+x86_64