CRAN Package Check Results for Package ParamHelpers

Last updated on 2017-01-16 21:49:16.

Flavor Version Tinstall Tcheck Ttotal Status Flags
r-devel-linux-x86_64-debian-clang 1.10 3.63 36.16 39.79 OK
r-devel-linux-x86_64-debian-gcc 1.10 3.84 35.14 38.98 OK
r-devel-linux-x86_64-fedora-clang 1.10 70.40 OK --no-stop-on-test-error
r-devel-linux-x86_64-fedora-gcc 1.10 69.42 NOTE --no-stop-on-test-error
r-devel-macos-x86_64-clang 1.10 60.12 OK --no-stop-on-test-error
r-devel-windows-ix86+x86_64 1.10 15.00 87.00 102.00 OK
r-patched-linux-x86_64 1.10 3.40 31.34 34.74 OK
r-patched-solaris-sparc 1.10 367.60 OK
r-patched-solaris-x86 1.10 75.90 OK
r-release-linux-x86_64 1.10 3.56 31.66 35.23 OK
r-release-osx-x86_64-mavericks 1.10 OK
r-release-windows-ix86+x86_64 1.10 18.00 107.00 125.00 OK
r-oldrel-windows-ix86+x86_64 1.10 11.00 79.00 90.00 OK

Check Details

Version: 1.10
Flags: --no-stop-on-test-error
Check: compiled code
Result: NOTE
    File ‘ParamHelpers/libs/ParamHelpers.so’:
     Found no calls to: ‘R_registerRoutines’, ‘R_useDynamicSymbols’
    
    It is good practice to use registered native symbols and disable symbol
    search.
    
    See ‘Writing portable packages’ in the ‘Writing R Extensions’ manual.
Flavor: r-devel-linux-x86_64-fedora-gcc