CRAN Package Check Results for Package ParamHelpers

Last updated on 2015-08-01 19:48:25.

Flavor Version Tinstall Tcheck Ttotal Status Flags
r-devel-linux-x86_64-debian-clang 1.5 2.44 19.07 21.51 NOTE
r-devel-linux-x86_64-debian-gcc 1.5 2.45 18.82 21.27 NOTE
r-devel-linux-x86_64-fedora-clang 1.5 42.22 NOTE
r-devel-linux-x86_64-fedora-gcc 1.5 40.32 NOTE
r-devel-osx-x86_64-clang 1.5 40.63 NOTE
r-devel-windows-ix86+x86_64 1.5 14.00 42.00 56.00 NOTE
r-patched-linux-x86_64 1.5 2.49 19.38 21.87 NOTE
r-patched-solaris-sparc 1.5 268.30 NOTE
r-patched-solaris-x86 1.5 55.40 NOTE
r-release-linux-x86_64 1.5 2.52 19.26 21.78 NOTE
r-release-osx-x86_64-mavericks 1.5 NOTE
r-release-windows-ix86+x86_64 1.5 12.00 43.00 55.00 NOTE
r-oldrel-windows-ix86+x86_64 1.5 14.00 52.00 66.00 OK

Check Details

Version: 1.5
Check: DESCRIPTION meta-information
Result: NOTE
    Malformed Title field: should not end in a period.
Flavors: r-devel-linux-x86_64-debian-clang, r-devel-linux-x86_64-debian-gcc, r-devel-linux-x86_64-fedora-clang, r-devel-linux-x86_64-fedora-gcc, r-devel-osx-x86_64-clang, r-devel-windows-ix86+x86_64, r-patched-linux-x86_64, r-patched-solaris-sparc, r-patched-solaris-x86, r-release-linux-x86_64, r-release-osx-x86_64-mavericks, r-release-windows-ix86+x86_64

Version: 1.5
Check: R code for possible problems
Result: NOTE
    convertParamSetToIrace: no visible global function definition for
     ‘capture.output’
    generateDesign: no visible global function definition for ‘setNames’
    generateGridDesign: no visible global function definition for
     ‘setNames’
    getParamTypes: no visible global function definition for ‘setNames’
    sampleValue.Param: no visible global function definition for ‘runif’
    sampleValue.ParamSet : <anonymous>: no visible global function
     definition for ‘as’
    Undefined global functions or variables:
     as capture.output runif setNames
    Consider adding
     importFrom("methods", "as")
     importFrom("stats", "runif", "setNames")
     importFrom("utils", "capture.output")
    to your NAMESPACE.
Flavors: r-devel-linux-x86_64-debian-clang, r-devel-linux-x86_64-debian-gcc, r-devel-linux-x86_64-fedora-clang, r-devel-linux-x86_64-fedora-gcc, r-devel-windows-ix86+x86_64