CRAN Package Check Results for Package ParamHelpers

Last updated on 2017-04-26 21:47:28.

Flavor Version Tinstall Tcheck Ttotal Status Flags
r-devel-linux-x86_64-debian-clang 1.10 3.86 36.37 40.23 NOTE
r-devel-linux-x86_64-debian-gcc 1.10 3.54 34.91 38.45 NOTE
r-devel-linux-x86_64-fedora-clang 1.10 73.00 NOTE --no-stop-on-test-error
r-devel-linux-x86_64-fedora-gcc 1.10 69.60 NOTE --no-stop-on-test-error
r-devel-windows-ix86+x86_64 1.10 23.00 120.00 143.00 OK
r-patched-linux-x86_64 1.10 3.54 35.27 38.81 NOTE
r-patched-solaris-sparc 1.10 432.60 OK
r-patched-solaris-x86 1.10 86.50 OK
r-release-linux-x86_64 1.10 3.50 35.41 38.91 NOTE
r-release-windows-ix86+x86_64 1.10 12.00 86.00 98.00 OK
r-release-osx-x86_64 1.10 OK
r-oldrel-windows-ix86+x86_64 1.10 10.00 116.00 126.00 OK
r-oldrel-osx-x86_64 1.10 OK

Check Details

Version: 1.10
Check: compiled code
Result: NOTE
    File ‘ParamHelpers/libs/ParamHelpers.so’:
     Found no calls to: ‘R_registerRoutines’, ‘R_useDynamicSymbols’
    
    It is good practice to register native routines and to disable symbol
    search.
    
    See ‘Writing portable packages’ in the ‘Writing R Extensions’ manual.
Flavors: r-devel-linux-x86_64-debian-clang, r-devel-linux-x86_64-debian-gcc, r-patched-linux-x86_64, r-release-linux-x86_64

Version: 1.10
Flags: --no-stop-on-test-error
Check: compiled code
Result: NOTE
    File ‘ParamHelpers/libs/ParamHelpers.so’:
     Found no calls to: ‘R_registerRoutines’, ‘R_useDynamicSymbols’
    
    It is good practice to register native routines and to disable symbol
    search.
    
    See ‘Writing portable packages’ in the ‘Writing R Extensions’ manual.
Flavors: r-devel-linux-x86_64-fedora-clang, r-devel-linux-x86_64-fedora-gcc