CRAN Package Check Results for Package ParamHelpers

Last updated on 2016-06-24 23:47:39.

Flavor Version Tinstall Tcheck Ttotal Status Flags
r-devel-linux-x86_64-debian-gcc 1.7 3.25 39.02 42.27 ERROR
r-devel-linux-x86_64-fedora-clang 1.7 57.29 ERROR
r-devel-linux-x86_64-fedora-gcc 1.7 54.19 ERROR
r-devel-osx-x86_64-clang 1.7 50.32 ERROR
r-devel-windows-ix86+x86_64 1.7 11.00 66.00 77.00 ERROR
r-patched-linux-x86_64 1.7 3.42 39.26 42.68 ERROR
r-patched-solaris-x86 1.7 72.00 ERROR
r-release-linux-x86_64 1.7 3.57 38.08 41.65 ERROR
r-release-osx-x86_64-mavericks 1.7 ERROR
r-release-windows-ix86+x86_64 1.7 14.00 90.00 104.00 ERROR
r-oldrel-windows-ix86+x86_64 1.7 15.00 71.00 86.00 ERROR

Check Details

Version: 1.7
Check: tests
Result: ERROR
    Running the tests in ‘tests/run-all.R’ failed.
    Last 13 lines of output:
     testthat results ================================================================
     OK: 851 SKIPPED: 0 FAILED: 15
     1. Failure: dropParams (@test_dropParams.R#11)
     2. Failure: filter empty paramset (@test_filterParams.R#5)
     3. Failure: filter empty paramset (@test_filterParams.R#6)
     4. Failure: filter empty paramset (@test_filterParams.R#7)
     5. Failure: filter empty paramset (@test_filterParams.R#8)
     6. Failure: filter empty paramset (@test_filterParams.R#9)
     7. Failure: filter empty paramset (@test_filterParams.R#10)
     8. Failure: filter empty paramset (@test_filterParams.R#11)
     9. Failure: filter empty paramset (@test_filterParams.R#12)
     1. ...
    
     Error: testthat unit tests failed
     Execution halted
Flavors: r-devel-linux-x86_64-debian-gcc, r-devel-linux-x86_64-fedora-clang, r-devel-linux-x86_64-fedora-gcc, r-devel-osx-x86_64-clang

Version: 1.7
Check: running tests for arch ‘i386’
Result: ERROR
    Running the tests in 'tests/run-all.R' failed.
    Last 13 lines of output:
     testthat results ================================================================
     OK: 851 SKIPPED: 0 FAILED: 15
     1. Failure: dropParams (@test_dropParams.R#11)
     2. Failure: filter empty paramset (@test_filterParams.R#5)
     3. Failure: filter empty paramset (@test_filterParams.R#6)
     4. Failure: filter empty paramset (@test_filterParams.R#7)
     5. Failure: filter empty paramset (@test_filterParams.R#8)
     6. Failure: filter empty paramset (@test_filterParams.R#9)
     7. Failure: filter empty paramset (@test_filterParams.R#10)
     8. Failure: filter empty paramset (@test_filterParams.R#11)
     9. Failure: filter empty paramset (@test_filterParams.R#12)
     1. ...
    
     Error: testthat unit tests failed
     Execution halted
Flavor: r-devel-windows-ix86+x86_64

Version: 1.7
Check: running tests for arch ‘x64’
Result: ERROR
    Running the tests in 'tests/run-all.R' failed.
    Last 13 lines of output:
     testthat results ================================================================
     OK: 851 SKIPPED: 0 FAILED: 15
     1. Failure: dropParams (@test_dropParams.R#11)
     2. Failure: filter empty paramset (@test_filterParams.R#5)
     3. Failure: filter empty paramset (@test_filterParams.R#6)
     4. Failure: filter empty paramset (@test_filterParams.R#7)
     5. Failure: filter empty paramset (@test_filterParams.R#8)
     6. Failure: filter empty paramset (@test_filterParams.R#9)
     7. Failure: filter empty paramset (@test_filterParams.R#10)
     8. Failure: filter empty paramset (@test_filterParams.R#11)
     9. Failure: filter empty paramset (@test_filterParams.R#12)
     1. ...
    
     Error: testthat unit tests failed
     Execution halted
Flavor: r-devel-windows-ix86+x86_64

Version: 1.7
Check: tests
Result: ERROR
    Running the tests in ‘tests/run-all.R’ failed.
    Last 13 lines of output:
     1. Failure: dropParams (@test_dropParams.R#11)
     2. Failure: filter empty paramset (@test_filterParams.R#5)
     3. Failure: filter empty paramset (@test_filterParams.R#6)
     4. Failure: filter empty paramset (@test_filterParams.R#7)
     5. Failure: filter empty paramset (@test_filterParams.R#8)
     6. Failure: filter empty paramset (@test_filterParams.R#9)
     7. Failure: filter empty paramset (@test_filterParams.R#10)
     8. Failure: filter empty paramset (@test_filterParams.R#11)
     9. Failure: filter empty paramset (@test_filterParams.R#12)
     1. ...
    
     Error: testthat unit tests failed
     Execution halted
Flavors: r-patched-linux-x86_64, r-patched-solaris-sparc, r-patched-solaris-x86, r-release-linux-x86_64, r-release-osx-x86_64-mavericks

Version: 1.7
Check: running tests for arch ‘i386’
Result: ERROR
    Running the tests in 'tests/run-all.R' failed.
    Last 13 lines of output:
     1. Failure: dropParams (@test_dropParams.R#11)
     2. Failure: filter empty paramset (@test_filterParams.R#5)
     3. Failure: filter empty paramset (@test_filterParams.R#6)
     4. Failure: filter empty paramset (@test_filterParams.R#7)
     5. Failure: filter empty paramset (@test_filterParams.R#8)
     6. Failure: filter empty paramset (@test_filterParams.R#9)
     7. Failure: filter empty paramset (@test_filterParams.R#10)
     8. Failure: filter empty paramset (@test_filterParams.R#11)
     9. Failure: filter empty paramset (@test_filterParams.R#12)
     1. ...
    
     Error: testthat unit tests failed
     Execution halted
Flavors: r-release-windows-ix86+x86_64, r-oldrel-windows-ix86+x86_64

Version: 1.7
Check: running tests for arch ‘x64’
Result: ERROR
    Running the tests in 'tests/run-all.R' failed.
    Last 13 lines of output:
     1. Failure: dropParams (@test_dropParams.R#11)
     2. Failure: filter empty paramset (@test_filterParams.R#5)
     3. Failure: filter empty paramset (@test_filterParams.R#6)
     4. Failure: filter empty paramset (@test_filterParams.R#7)
     5. Failure: filter empty paramset (@test_filterParams.R#8)
     6. Failure: filter empty paramset (@test_filterParams.R#9)
     7. Failure: filter empty paramset (@test_filterParams.R#10)
     8. Failure: filter empty paramset (@test_filterParams.R#11)
     9. Failure: filter empty paramset (@test_filterParams.R#12)
     1. ...
    
     Error: testthat unit tests failed
     Execution halted
Flavors: r-release-windows-ix86+x86_64, r-oldrel-windows-ix86+x86_64