CRAN Package Check Results for Package PartialNetwork

Last updated on 2024-02-22 21:51:47 CET.

Flavor Version Tinstall Tcheck Ttotal Status Flags
r-devel-linux-x86_64-debian-clang 1.0.2 OK
r-devel-linux-x86_64-debian-gcc 1.0.2 320.67 106.51 427.18 OK
r-devel-linux-x86_64-fedora-clang 1.0.2 757.89 NOTE
r-devel-linux-x86_64-fedora-gcc 1.0.2 829.04 OK
r-devel-windows-x86_64 1.0.2 287.00 199.00 486.00 NOTE
r-patched-linux-x86_64 1.0.2 370.82 137.70 508.52 OK
r-release-linux-x86_64 1.0.2 382.72 135.35 518.07 OK
r-release-macos-arm64 1.0.2 178.00 NOTE
r-release-macos-x86_64 1.0.2 233.00 NOTE
r-release-windows-x86_64 1.0.2 366.00 218.00 584.00 NOTE
r-oldrel-macos-arm64 1.0.2 175.00 NOTE
r-oldrel-windows-x86_64 1.0.2 365.00 206.00 571.00 NOTE

Check Details

Version: 1.0.2
Check: installed package size
Result: NOTE installed size is 6.2Mb sub-directories of 1Mb or more: doc 3.3Mb libs 2.5Mb Flavors: r-devel-linux-x86_64-fedora-clang, r-devel-windows-x86_64, r-release-macos-arm64, r-release-macos-x86_64, r-release-windows-x86_64, r-oldrel-macos-arm64, r-oldrel-windows-x86_64