CRAN Package Check Results for Package Peaks

Last updated on 2014-12-23 03:49:48.

Flavor Version Tinstall Tcheck Ttotal Status Flags
r-devel-linux-x86_64-debian-clang 0.2 1.80 8.73 10.53 NOTE
r-devel-linux-x86_64-debian-gcc 0.2 2.04 8.59 10.64 NOTE
r-devel-linux-x86_64-fedora-clang 0.2 22.40 NOTE
r-devel-linux-x86_64-fedora-gcc 0.2 19.27 NOTE
r-devel-osx-x86_64-clang 0.2 23.28 NOTE
r-devel-windows-ix86+x86_64 0.2 13.00 22.00 35.00 NOTE
r-patched-linux-x86_64 0.2 2.08 8.26 10.34 NOTE
r-patched-solaris-sparc 0.2 113.00 NOTE
r-patched-solaris-x86 0.2 34.50 NOTE
r-release-linux-ix86 0.2 2.38 13.27 15.64 NOTE
r-release-linux-x86_64 0.2 2.10 8.61 10.71 NOTE
r-release-osx-x86_64-mavericks 0.2 NOTE
r-release-windows-ix86+x86_64 0.2 7.00 17.00 24.00 NOTE
r-oldrel-windows-ix86+x86_64 0.2 7.00 20.00 27.00 NOTE

Check Details

Version: 0.2
Check: R code for possible problems
Result: NOTE
    NB: .First.lib is obsolete and will not be used in R >= 3.0.0
Flavors: r-devel-linux-x86_64-debian-clang, r-devel-linux-x86_64-debian-gcc, r-devel-linux-x86_64-fedora-clang, r-devel-linux-x86_64-fedora-gcc, r-devel-osx-x86_64-clang, r-devel-windows-ix86+x86_64, r-patched-linux-x86_64, r-patched-solaris-sparc, r-patched-solaris-x86, r-release-linux-ix86, r-release-linux-x86_64, r-release-osx-x86_64-mavericks, r-release-windows-ix86+x86_64, r-oldrel-windows-ix86+x86_64

Version: 0.2
Check: Rd files
Result: NOTE
    prepare_Rd: SpectrumBackground.Rd:59: Dropping empty section \keyword
    prepare_Rd: SpectrumBackground.Rd:54-55: Dropping empty section \seealso
    prepare_Rd: SpectrumBackground.Rd:56-57: Dropping empty section \examples
    prepare_Rd: SpectrumDeconvolution.Rd:87: Dropping empty section \keyword
    prepare_Rd: SpectrumDeconvolution.Rd:82-83: Dropping empty section \seealso
    prepare_Rd: SpectrumDeconvolution.Rd:84-85: Dropping empty section \examples
    prepare_Rd: SpectrumSearch.Rd:62: Dropping empty section \keyword
    prepare_Rd: SpectrumSearch.Rd:59-60: Dropping empty section \examples
    prepare_Rd: SpectrumSmoothMarkov.Rd:55: Dropping empty section \keyword
    prepare_Rd: SpectrumSmoothMarkov.Rd:50-51: Dropping empty section \seealso
    prepare_Rd: SpectrumSmoothMarkov.Rd:52-53: Dropping empty section \examples
Flavors: r-devel-linux-x86_64-debian-clang, r-devel-linux-x86_64-debian-gcc, r-devel-linux-x86_64-fedora-clang, r-devel-linux-x86_64-fedora-gcc, r-devel-osx-x86_64-clang, r-devel-windows-ix86+x86_64, r-patched-linux-x86_64, r-patched-solaris-sparc, r-patched-solaris-x86, r-release-linux-ix86, r-release-linux-x86_64, r-release-osx-x86_64-mavericks, r-release-windows-ix86+x86_64, r-oldrel-windows-ix86+x86_64