CRAN Package Check Results for Package Peaks

Last updated on 2017-03-23 03:48:05.

Flavor Version Tinstall Tcheck Ttotal Status Flags
r-devel-linux-x86_64-debian-clang 0.2 2.52 9.73 12.25 NOTE
r-devel-linux-x86_64-debian-gcc 0.2 2.44 9.58 12.03 NOTE
r-devel-linux-x86_64-fedora-clang 0.2 19.92 NOTE --no-stop-on-test-error
r-devel-linux-x86_64-fedora-gcc 0.2 17.92 NOTE --no-stop-on-test-error
r-devel-macos-x86_64-clang 0.2 18.64 NOTE --no-stop-on-test-error
r-devel-windows-ix86+x86_64 0.2 10.00 27.00 37.00 NOTE
r-patched-linux-x86_64 0.2 2.05 8.17 10.23 NOTE
r-patched-solaris-sparc 0.2 118.10 NOTE
r-patched-solaris-x86 0.2 31.10 NOTE
r-release-linux-x86_64 0.2 2.01 7.85 9.86 NOTE
r-release-osx-x86_64-mavericks 0.2 NOTE
r-release-windows-ix86+x86_64 0.2 7.00 24.00 31.00 NOTE
r-oldrel-windows-ix86+x86_64 0.2 8.00 24.00 32.00 NOTE

Check Details

Version: 0.2
Check: R code for possible problems
Result: NOTE
    NB: .First.lib is obsolete and will not be used in R >= 3.0.0
Flavors: r-devel-linux-x86_64-debian-clang, r-devel-linux-x86_64-debian-gcc, r-devel-windows-ix86+x86_64, r-patched-linux-x86_64, r-patched-solaris-sparc, r-patched-solaris-x86, r-release-linux-x86_64, r-release-osx-x86_64-mavericks, r-release-windows-ix86+x86_64, r-oldrel-windows-ix86+x86_64

Version: 0.2
Check: Rd files
Result: NOTE
    prepare_Rd: SpectrumBackground.Rd:59: Dropping empty section \keyword
    prepare_Rd: SpectrumBackground.Rd:54-55: Dropping empty section \seealso
    prepare_Rd: SpectrumBackground.Rd:56-57: Dropping empty section \examples
    prepare_Rd: SpectrumDeconvolution.Rd:87: Dropping empty section \keyword
    prepare_Rd: SpectrumDeconvolution.Rd:82-83: Dropping empty section \seealso
    prepare_Rd: SpectrumDeconvolution.Rd:84-85: Dropping empty section \examples
    prepare_Rd: SpectrumSearch.Rd:62: Dropping empty section \keyword
    prepare_Rd: SpectrumSearch.Rd:59-60: Dropping empty section \examples
    prepare_Rd: SpectrumSmoothMarkov.Rd:55: Dropping empty section \keyword
    prepare_Rd: SpectrumSmoothMarkov.Rd:50-51: Dropping empty section \seealso
    prepare_Rd: SpectrumSmoothMarkov.Rd:52-53: Dropping empty section \examples
Flavors: r-devel-linux-x86_64-debian-clang, r-devel-linux-x86_64-debian-gcc, r-devel-windows-ix86+x86_64, r-patched-linux-x86_64, r-patched-solaris-sparc, r-patched-solaris-x86, r-release-linux-x86_64, r-release-osx-x86_64-mavericks, r-release-windows-ix86+x86_64, r-oldrel-windows-ix86+x86_64

Version: 0.2
Check: compiled code
Result: NOTE
    File ‘Peaks/libs/Peaks.so’:
     Found no calls to: ‘R_registerRoutines’, ‘R_useDynamicSymbols’
    
    It is good practice to register native routines and to disable symbol
    search.
    
    See ‘Writing portable packages’ in the ‘Writing R Extensions’ manual.
Flavors: r-devel-linux-x86_64-debian-clang, r-devel-linux-x86_64-debian-gcc

Version: 0.2
Flags: --no-stop-on-test-error
Check: R code for possible problems
Result: NOTE
    NB: .First.lib is obsolete and will not be used in R >= 3.0.0
Flavors: r-devel-linux-x86_64-fedora-clang, r-devel-linux-x86_64-fedora-gcc, r-devel-macos-x86_64-clang

Version: 0.2
Flags: --no-stop-on-test-error
Check: Rd files
Result: NOTE
    prepare_Rd: SpectrumBackground.Rd:59: Dropping empty section \keyword
    prepare_Rd: SpectrumBackground.Rd:54-55: Dropping empty section \seealso
    prepare_Rd: SpectrumBackground.Rd:56-57: Dropping empty section \examples
    prepare_Rd: SpectrumDeconvolution.Rd:87: Dropping empty section \keyword
    prepare_Rd: SpectrumDeconvolution.Rd:82-83: Dropping empty section \seealso
    prepare_Rd: SpectrumDeconvolution.Rd:84-85: Dropping empty section \examples
    prepare_Rd: SpectrumSearch.Rd:62: Dropping empty section \keyword
    prepare_Rd: SpectrumSearch.Rd:59-60: Dropping empty section \examples
    prepare_Rd: SpectrumSmoothMarkov.Rd:55: Dropping empty section \keyword
    prepare_Rd: SpectrumSmoothMarkov.Rd:50-51: Dropping empty section \seealso
    prepare_Rd: SpectrumSmoothMarkov.Rd:52-53: Dropping empty section \examples
Flavors: r-devel-linux-x86_64-fedora-clang, r-devel-linux-x86_64-fedora-gcc, r-devel-macos-x86_64-clang

Version: 0.2
Flags: --no-stop-on-test-error
Check: compiled code
Result: NOTE
    File ‘Peaks/libs/Peaks.so’:
     Found no calls to: ‘R_registerRoutines’, ‘R_useDynamicSymbols’
    
    It is good practice to register native routines and to disable symbol
    search.
    
    See ‘Writing portable packages’ in the ‘Writing R Extensions’ manual.
Flavors: r-devel-linux-x86_64-fedora-clang, r-devel-linux-x86_64-fedora-gcc, r-devel-macos-x86_64-clang