CRAN Package Check Results for Package PearsonDS

Last updated on 2015-01-25 19:47:46.

Flavor Version Tinstall Tcheck Ttotal Status Flags
r-devel-linux-x86_64-debian-clang 0.97 2.60 20.12 22.72 NOTE
r-devel-linux-x86_64-debian-gcc 0.97 3.10 20.03 23.12 NOTE
r-devel-linux-x86_64-fedora-clang 0.97 44.53 NOTE
r-devel-linux-x86_64-fedora-gcc 0.97 44.69 NOTE
r-devel-osx-x86_64-clang 0.97 43.06 NOTE
r-devel-windows-ix86+x86_64 0.97 15.00 42.00 57.00 NOTE
r-patched-linux-x86_64 0.97 3.14 21.02 24.17 OK
r-patched-solaris-sparc 0.97 290.50 OK
r-patched-solaris-x86 0.97 56.50 OK
r-release-linux-ix86 0.97 5.03 29.06 34.09 OK
r-release-linux-x86_64 0.97 3.30 20.38 23.68 OK
r-release-osx-x86_64-mavericks 0.97 OK
r-release-osx-x86_64-snowleopard 0.97 WARN
r-release-windows-ix86+x86_64 0.97 15.00 43.00 58.00 OK
r-oldrel-windows-ix86+x86_64 0.97 14.00 42.00 56.00 OK

Check Details

Version: 0.97
Check: dependencies in R code
Result: NOTE
    'library' or 'require' call to ‘gsl’ in package code.
     Please use :: or requireNamespace() instead.
     See section 'Suggested packages' in the 'Writing R Extensions' manual.
Flavors: r-devel-linux-x86_64-debian-clang, r-devel-linux-x86_64-debian-gcc, r-devel-linux-x86_64-fedora-clang, r-devel-linux-x86_64-fedora-gcc, r-devel-osx-x86_64-clang, r-devel-windows-ix86+x86_64

Version: 0.97
Check: examples
Result: WARN
    checking a package with encoding 'latin1' in an ASCII locale
    
     OK
Flavor: r-release-osx-x86_64-snowleopard