CRAN Package Check Results for Package PearsonDS

Last updated on 2015-05-24 08:48:37.

Flavor Version Tinstall Tcheck Ttotal Status Flags
r-devel-linux-x86_64-debian-clang 0.97 2.71 20.24 22.95 NOTE
r-devel-linux-x86_64-debian-gcc 0.97 3.05 19.54 22.60 NOTE
r-devel-linux-x86_64-fedora-clang 0.97 42.18 NOTE
r-devel-linux-x86_64-fedora-gcc 0.97 40.33 NOTE
r-devel-osx-x86_64-clang 0.97 39.57 NOTE
r-devel-windows-ix86+x86_64 0.97 16.00 41.00 57.00 NOTE
r-patched-linux-x86_64 0.97 3.09 19.54 22.63 NOTE
r-patched-solaris-sparc 0.97 279.30 NOTE
r-patched-solaris-x86 0.97 52.90 NOTE
r-release-linux-x86_64 0.97 3.05 19.46 22.51 NOTE
r-release-osx-x86_64-mavericks 0.97 NOTE
r-release-osx-x86_64-snowleopard 0.97 NOTE
r-release-windows-ix86+x86_64 0.97 11.00 46.00 57.00 NOTE
r-oldrel-windows-ix86+x86_64 0.97 22.00 48.00 70.00 NOTE

Check Details

Version: 0.97
Check: dependencies in R code
Result: NOTE
    'library' or 'require' call to ‘gsl’ in package code.
     Please use :: or requireNamespace() instead.
     See section 'Suggested packages' in the 'Writing R Extensions' manual.
Flavors: r-devel-linux-x86_64-debian-clang, r-devel-linux-x86_64-debian-gcc, r-devel-linux-x86_64-fedora-clang, r-devel-linux-x86_64-fedora-gcc, r-devel-osx-x86_64-clang, r-devel-windows-ix86+x86_64, r-patched-linux-x86_64, r-patched-solaris-sparc, r-patched-solaris-x86, r-release-linux-x86_64, r-release-osx-x86_64-mavericks, r-release-osx-x86_64-snowleopard, r-release-windows-ix86+x86_64, r-oldrel-windows-ix86+x86_64