CRAN Package Check Results for Package PearsonDS

Last updated on 2015-03-28 00:54:24.

Flavor Version Tinstall Tcheck Ttotal Status Flags
r-devel-linux-x86_64-debian-clang 0.97 2.70 19.88 22.58 NOTE
r-devel-linux-x86_64-debian-gcc 0.97 3.02 19.42 22.44 NOTE
r-devel-linux-x86_64-fedora-clang 0.97 42.38 NOTE
r-devel-linux-x86_64-fedora-gcc 0.97 40.98 NOTE
r-devel-osx-x86_64-clang 0.97 43.50 NOTE
r-prerel-windows-ix86+x86_64 0.97 16.00 43.00 59.00 NOTE
r-prerel-linux-x86_64 0.97 3.08 20.12 23.20 NOTE
r-prerel-solaris-sparc 0.97 285.60 NOTE
r-prerel-solaris-x86 0.97 53.10 NOTE
r-release-linux-x86_64 0.97 3.09 21.24 24.33 NOTE
r-release-osx-x86_64-mavericks 0.97 OK
r-release-osx-x86_64-snowleopard 0.97 WARN
r-release-windows-ix86+x86_64 0.97 22.00 48.00 70.00 NOTE
r-oldrel-windows-ix86+x86_64 0.97 14.00 42.00 56.00 OK

Check Details

Version: 0.97
Check: dependencies in R code
Result: NOTE
    'library' or 'require' call to ‘gsl’ in package code.
     Please use :: or requireNamespace() instead.
     See section 'Suggested packages' in the 'Writing R Extensions' manual.
Flavors: r-devel-linux-x86_64-debian-clang, r-devel-linux-x86_64-debian-gcc, r-devel-linux-x86_64-fedora-clang, r-devel-linux-x86_64-fedora-gcc, r-devel-osx-x86_64-clang, r-prerel-windows-ix86+x86_64, r-prerel-linux-x86_64, r-prerel-solaris-sparc, r-prerel-solaris-x86, r-release-linux-x86_64, r-release-windows-ix86+x86_64

Version: 0.97
Check: examples
Result: WARN
    checking a package with encoding 'latin1' in an ASCII locale
    
     OK
Flavor: r-release-osx-x86_64-snowleopard