CRAN Package Check Results for Package PearsonDS

Last updated on 2014-12-20 12:47:32.

Flavor Version Tinstall Tcheck Ttotal Status Flags
r-devel-linux-x86_64-debian-clang 0.97 2.65 20.49 23.14 OK
r-devel-linux-x86_64-debian-gcc 0.97 3.09 20.86 23.95 OK
r-devel-linux-x86_64-fedora-clang 0.97 45.62 OK
r-devel-linux-x86_64-fedora-gcc 0.97 42.89 OK
r-devel-osx-x86_64-clang 0.97 42.64 OK
r-devel-windows-ix86+x86_64 0.97 25.00 50.00 75.00 OK
r-patched-linux-x86_64 0.97 3.13 20.47 23.60 OK
r-patched-solaris-sparc 0.97 286.00 OK
r-patched-solaris-x86 0.97 56.20 OK
r-release-linux-ix86 0.97 4.94 28.34 33.28 OK
r-release-linux-x86_64 0.97 3.07 21.05 24.12 OK
r-release-osx-x86_64-mavericks 0.97 NOTE
r-release-osx-x86_64-snowleopard 0.97 WARN
r-release-windows-ix86+x86_64 0.97 15.00 43.00 58.00 OK
r-oldrel-windows-ix86+x86_64 0.97 14.00 42.00 56.00 OK

Check Details

Version: 0.97
Check: package dependencies
Result: NOTE
    Package suggested but not available for checking: ‘gsl’
Flavor: r-release-osx-x86_64-mavericks

Version: 0.97
Check: Rd cross-references
Result: NOTE
    Package unavailable to check Rd xrefs: ‘gsl’
Flavor: r-release-osx-x86_64-mavericks

Version: 0.97
Check: examples
Result: WARN
    checking a package with encoding 'latin1' in an ASCII locale
    
     OK
Flavor: r-release-osx-x86_64-snowleopard