CRAN Package Check Results for Package PearsonDS

Last updated on 2014-07-22 23:48:23.

Flavor Version Tinstall Tcheck Ttotal Status Flags
r-devel-linux-x86_64-debian-clang 0.97 2.54 19.89 22.42 OK
r-devel-linux-x86_64-debian-gcc 0.97 2.95 19.78 22.73 OK
r-devel-linux-x86_64-fedora-clang 0.97 45.03 OK
r-devel-linux-x86_64-fedora-gcc 0.97 43.79 OK
r-devel-osx-x86_64-clang 0.97 40.39 OK
r-devel-windows-ix86+x86_64 0.97 14.00 42.00 56.00 OK
r-patched-linux-x86_64 0.97 3.08 19.72 22.80 OK
r-patched-solaris-sparc 0.97 285.30 OK
r-patched-solaris-x86 0.97 56.30 OK
r-release-linux-ix86 0.97 5.10 29.48 34.57 OK
r-release-linux-x86_64 0.97 3.02 20.03 23.05 OK
r-release-osx-x86_64-mavericks 0.97 NOTE
r-release-osx-x86_64-snowleopard 0.97 WARN
r-release-windows-ix86+x86_64 0.97 18.00 42.00 60.00 OK
r-oldrel-windows-ix86+x86_64 0.97 14.00 42.00 56.00 OK

Check Details

Version: 0.97
Check: package dependencies
Result: NOTE
    Package suggested but not available for checking: ‘gsl’
Flavor: r-release-osx-x86_64-mavericks

Version: 0.97
Check: Rd cross-references
Result: NOTE
    Package unavailable to check Rd xrefs: ‘gsl’
Flavor: r-release-osx-x86_64-mavericks

Version: 0.97
Check: examples
Result: WARNING
    checking a package with encoding 'latin1' in an ASCII locale
    
     OK
Flavor: r-release-osx-x86_64-snowleopard