CRAN Package Check Results for Package PearsonDS

Last updated on 2014-11-21 16:46:37.

Flavor Version Tinstall Tcheck Ttotal Status Flags
r-devel-linux-x86_64-debian-clang 0.97 2.63 20.96 23.58 OK
r-devel-linux-x86_64-debian-gcc 0.97 3.00 20.26 23.26 OK
r-devel-linux-x86_64-fedora-clang 0.97 45.86 OK
r-devel-linux-x86_64-fedora-gcc 0.97 43.27 OK
r-devel-osx-x86_64-clang 0.97 44.58 OK
r-devel-windows-ix86+x86_64 0.97 14.00 41.00 55.00 OK
r-patched-linux-x86_64 0.97 3.11 20.98 24.09 OK
r-patched-solaris-sparc 0.97 286.00 OK
r-patched-solaris-x86 0.97 55.50 OK
r-release-linux-ix86 0.97 4.97 28.15 33.12 OK
r-release-linux-x86_64 0.97 3.08 20.70 23.78 OK
r-release-osx-x86_64-mavericks 0.97 NOTE
r-release-osx-x86_64-snowleopard 0.97 WARN
r-release-windows-ix86+x86_64 0.97 15.00 43.00 58.00 OK
r-oldrel-windows-ix86+x86_64 0.97 14.00 42.00 56.00 OK

Check Details

Version: 0.97
Check: package dependencies
Result: NOTE
    Package suggested but not available for checking: ‘gsl’
Flavor: r-release-osx-x86_64-mavericks

Version: 0.97
Check: Rd cross-references
Result: NOTE
    Package unavailable to check Rd xrefs: ‘gsl’
Flavor: r-release-osx-x86_64-mavericks

Version: 0.97
Check: examples
Result: WARN
    checking a package with encoding 'latin1' in an ASCII locale
    
     OK
Flavor: r-release-osx-x86_64-snowleopard