CRAN Package Check Results for Package PearsonDS

Last updated on 2014-08-29 23:48:54.

Flavor Version Tinstall Tcheck Ttotal Status Flags
r-devel-linux-x86_64-debian-clang 0.97 2.50 19.71 22.22 OK
r-devel-linux-x86_64-debian-gcc 0.97 3.05 19.46 22.51 OK
r-devel-linux-x86_64-fedora-clang 0.97 44.93 OK
r-devel-linux-x86_64-fedora-gcc 0.97 42.17 OK
r-devel-osx-x86_64-clang 0.97 39.47 OK
r-devel-windows-ix86+x86_64 0.97 13.00 41.00 54.00 OK
r-patched-linux-x86_64 0.97 3.08 20.02 23.10 OK
r-patched-solaris-sparc 0.97 286.00 OK
r-patched-solaris-x86 0.97 56.00 OK
r-release-linux-ix86 0.97 5.12 30.08 35.20 OK
r-release-linux-x86_64 0.97 3.19 20.02 23.22 OK
r-release-osx-x86_64-mavericks 0.97 NOTE
r-release-osx-x86_64-snowleopard 0.97 WARN
r-release-windows-ix86+x86_64 0.97 18.00 42.00 60.00 OK
r-oldrel-windows-ix86+x86_64 0.97 14.00 42.00 56.00 OK

Check Details

Version: 0.97
Check: package dependencies
Result: NOTE
    Package suggested but not available for checking: ‘gsl’
Flavor: r-release-osx-x86_64-mavericks

Version: 0.97
Check: Rd cross-references
Result: NOTE
    Package unavailable to check Rd xrefs: ‘gsl’
Flavor: r-release-osx-x86_64-mavericks

Version: 0.97
Check: examples
Result: WARN
    checking a package with encoding 'latin1' in an ASCII locale
    
     OK
Flavor: r-release-osx-x86_64-snowleopard