CRAN Package Check Results for Package PearsonDS

Last updated on 2017-04-27 05:51:57.

Flavor Version Tinstall Tcheck Ttotal Status Flags
r-devel-linux-x86_64-debian-clang 1.0 3.72 19.74 23.46 OK
r-devel-linux-x86_64-debian-gcc 1.0 3.34 19.15 22.49 OK
r-devel-linux-x86_64-fedora-clang 1.0 41.30 OK --no-stop-on-test-error
r-devel-linux-x86_64-fedora-gcc 1.0 39.82 OK --no-stop-on-test-error
r-devel-windows-ix86+x86_64 1.0 29.00 67.00 96.00 OK
r-patched-linux-x86_64 1.0 3.31 19.39 22.69 OK
r-patched-solaris-sparc 1.0 235.50 OK
r-patched-solaris-x86 1.0 48.40 OK
r-release-linux-x86_64 1.0 3.52 19.35 22.86 OK
r-release-windows-ix86+x86_64 1.0 18.00 48.00 66.00 OK
r-release-osx-x86_64 1.0 NOTE
r-oldrel-windows-ix86+x86_64 1.0 28.00 107.00 135.00 OK
r-oldrel-osx-x86_64 1.0 OK

Check Details

Version: 1.0
Check: package dependencies
Result: NOTE
    Package suggested but not available for checking: ‘gsl’
Flavor: r-release-osx-x86_64

Version: 1.0
Check: Rd cross-references
Result: NOTE
    Package unavailable to check Rd xrefs: ‘gsl’
Flavor: r-release-osx-x86_64