CRAN Package Check Results for Package PearsonDS

Last updated on 2014-09-03 08:53:36.

Flavor Version Tinstall Tcheck Ttotal Status Flags
r-devel-linux-x86_64-debian-clang 0.97 2.50 20.40 22.89 OK
r-devel-linux-x86_64-debian-gcc 0.97 2.98 20.37 23.34 OK
r-devel-linux-x86_64-fedora-clang 0.97 42.85 OK
r-devel-linux-x86_64-fedora-gcc 0.97 42.64 OK
r-devel-osx-x86_64-clang 0.97 39.75 OK
r-devel-windows-ix86+x86_64 0.97 13.00 40.00 53.00 OK
r-patched-linux-x86_64 0.97 3.08 20.26 23.34 OK
r-patched-solaris-sparc 0.97 286.00 OK
r-patched-solaris-x86 0.97 56.50 OK
r-release-linux-ix86 0.97 5.18 29.60 34.78 OK
r-release-linux-x86_64 0.97 3.07 20.53 23.60 OK
r-release-osx-x86_64-mavericks 0.97 NOTE
r-release-osx-x86_64-snowleopard 0.97 WARN
r-release-windows-ix86+x86_64 0.97 18.00 42.00 60.00 OK
r-oldrel-windows-ix86+x86_64 0.97 14.00 42.00 56.00 OK

Check Details

Version: 0.97
Check: package dependencies
Result: NOTE
    Package suggested but not available for checking: ‘gsl’
Flavor: r-release-osx-x86_64-mavericks

Version: 0.97
Check: Rd cross-references
Result: NOTE
    Package unavailable to check Rd xrefs: ‘gsl’
Flavor: r-release-osx-x86_64-mavericks

Version: 0.97
Check: examples
Result: WARN
    checking a package with encoding 'latin1' in an ASCII locale
    
     OK
Flavor: r-release-osx-x86_64-snowleopard