CRAN Package Check Results for Package PearsonDS

Last updated on 2014-04-23 20:47:18.

Flavor Version Tinstall Tcheck Ttotal Status Flags
r-devel-linux-x86_64-debian-clang 0.97 2.71 20.70 23.41 OK
r-devel-linux-x86_64-debian-gcc 0.97 3.28 20.78 24.06 OK
r-devel-linux-x86_64-fedora-clang 0.97 43.00 OK
r-devel-linux-x86_64-fedora-gcc 0.97 43.02 OK
r-devel-osx-x86_64-clang 0.97 41.84 OK
r-devel-osx-x86_64-gcc 0.97 OK
r-devel-windows-ix86+x86_64 0.97 14.00 39.00 53.00 OK
r-patched-linux-x86_64 0.97 3.05 21.22 24.27 OK
r-patched-solaris-sparc 0.97 285.30 OK
r-patched-solaris-x86 0.97 55.80 OK
r-release-linux-ix86 0.97 6.00 38.00 44.00 OK
r-release-linux-x86_64 0.97 3.10 20.84 23.93 OK
r-release-osx-x86_64-mavericks 0.97 NOTE
r-release-osx-x86_64-snowleopard 0.97 WARN
r-release-windows-ix86+x86_64 0.97 25.00 58.00 83.00 OK
r-oldrel-windows-ix86+x86_64 0.97 14.00 42.00 56.00 OK

Check Details

Version: 0.97
Check: package dependencies
Result: NOTE
    Package suggested but not available for checking: ‘gsl’
Flavor: r-release-osx-x86_64-mavericks

Version: 0.97
Check: Rd cross-references
Result: NOTE
    Package unavailable to check Rd xrefs: ‘gsl’
Flavor: r-release-osx-x86_64-mavericks

Version: 0.97
Check: examples
Result: WARNING
    checking a package with encoding 'latin1' in an ASCII locale
    
     OK
Flavor: r-release-osx-x86_64-snowleopard