CRAN Package Check Results for Package PearsonDS

Last updated on 2015-07-07 14:48:21.

Flavor Version Tinstall Tcheck Ttotal Status Flags
r-devel-linux-x86_64-debian-clang 0.97 2.65 19.11 21.76 NOTE
r-devel-linux-x86_64-debian-gcc 0.97 2.90 19.03 21.93 NOTE
r-devel-linux-x86_64-fedora-clang 0.97 39.89 NOTE
r-devel-linux-x86_64-fedora-gcc 0.97 38.20 NOTE
r-devel-osx-x86_64-clang 0.97 38.17 NOTE
r-devel-windows-ix86+x86_64 0.97 16.00 42.00 58.00 NOTE
r-patched-linux-x86_64 0.97 3.00 20.10 23.10 NOTE
r-patched-solaris-sparc 0.97 279.30 NOTE
r-patched-solaris-x86 0.97 53.70 NOTE
r-release-linux-x86_64 0.97 2.96 19.89 22.85 NOTE
r-release-osx-x86_64-mavericks 0.97 NOTE
r-release-windows-ix86+x86_64 0.97 16.00 45.00 61.00 NOTE
r-oldrel-windows-ix86+x86_64 0.97 22.00 48.00 70.00 NOTE

Check Details

Version: 0.97
Check: dependencies in R code
Result: NOTE
    'library' or 'require' call to ‘gsl’ in package code.
     Please use :: or requireNamespace() instead.
     See section 'Suggested packages' in the 'Writing R Extensions' manual.
Flavors: r-devel-linux-x86_64-debian-clang, r-devel-linux-x86_64-debian-gcc, r-devel-linux-x86_64-fedora-clang, r-devel-linux-x86_64-fedora-gcc, r-devel-osx-x86_64-clang, r-devel-windows-ix86+x86_64, r-patched-linux-x86_64, r-patched-solaris-sparc, r-patched-solaris-x86, r-release-linux-x86_64, r-release-osx-x86_64-mavericks, r-release-windows-ix86+x86_64, r-oldrel-windows-ix86+x86_64

Version: 0.97
Check: R code for possible problems
Result: NOTE
    .ppearsonIVint : <anonymous>: no visible global function definition for
     ‘integrate’
    dpearson0: no visible global function definition for ‘dnorm’
    dpearsonI: no visible global function definition for ‘dbeta’
    dpearsonII: no visible global function definition for ‘dbeta’
    dpearsonIII: no visible global function definition for ‘dgamma’
    dpearsonV: no visible global function definition for ‘dgamma’
    dpearsonVI: no visible global function definition for ‘df’
    dpearsonVII: no visible global function definition for ‘dt’
    empMoments: no visible global function definition for ‘var’
    pearson0fitML: no visible global function definition for ‘sd’
    pearson0fitML: no visible global function definition for ‘dnorm’
    pearsonDiagram: no visible global function definition for ‘plot’
    pearsonDiagram: no visible global function definition for ‘polygon’
    pearsonDiagram: no visible global function definition for ‘curve’
    pearsonDiagram: no visible global function definition for ‘lines’
    pearsonDiagram: no visible global function definition for ‘points’
    pearsonIIIfitML: no visible global function definition for ‘nlminb’
    pearsonIIfitML: no visible global function definition for ‘nlminb’
    pearsonIVfitML: no visible global function definition for ‘nlminb’
    pearsonIfitML: no visible global function definition for ‘nlminb’
    pearsonVIIfitML: no visible global function definition for ‘nlminb’
    pearsonVIfitML: no visible global function definition for ‘nlminb’
    pearsonVfitML: no visible global function definition for ‘nlminb’
    ppearson0: no visible global function definition for ‘pnorm’
    ppearsonI: no visible global function definition for ‘pbeta’
    ppearsonII: no visible global function definition for ‘pbeta’
    ppearsonIII: no visible global function definition for ‘pgamma’
    ppearsonV: no visible global function definition for ‘pgamma’
    ppearsonVI: no visible global function definition for ‘pf’
    ppearsonVII: no visible global function definition for ‘pt’
    qpearson0: no visible global function definition for ‘qnorm’
    qpearsonI: no visible global function definition for ‘qbeta’
    qpearsonII: no visible global function definition for ‘qbeta’
    qpearsonIII: no visible global function definition for ‘qgamma’
    qpearsonV: no visible global function definition for ‘qgamma’
    qpearsonVI: no visible global function definition for ‘qf’
    qpearsonVII: no visible global function definition for ‘qt’
    rpearson0: no visible global function definition for ‘rnorm’
    rpearsonI: no visible global function definition for ‘rbeta’
    rpearsonII: no visible global function definition for ‘rbeta’
    rpearsonIII: no visible global function definition for ‘rgamma’
    rpearsonV: no visible global function definition for ‘rgamma’
    rpearsonVI: no visible global function definition for ‘rf’
    rpearsonVII: no visible global function definition for ‘rt’
    Undefined global functions or variables:
     curve dbeta df dgamma dnorm dt integrate lines nlminb pbeta pf pgamma
     plot pnorm points polygon pt qbeta qf qgamma qnorm qt rbeta rf rgamma
     rnorm rt sd var
Flavors: r-devel-linux-x86_64-debian-clang, r-devel-linux-x86_64-debian-gcc, r-devel-linux-x86_64-fedora-clang, r-devel-linux-x86_64-fedora-gcc, r-devel-windows-ix86+x86_64