CRAN Package Check Results for Package PearsonICA

Last updated on 2015-04-27 17:48:26.

Flavor Version Tinstall Tcheck Ttotal Status Flags
r-devel-linux-x86_64-debian-clang 1.2-4 0.53 9.74 10.27 NOTE
r-devel-linux-x86_64-debian-gcc 1.2-4 0.50 9.80 10.30 NOTE
r-devel-linux-x86_64-fedora-clang 1.2-4 19.39 NOTE
r-devel-linux-x86_64-fedora-gcc 1.2-4 18.81 NOTE
r-devel-osx-x86_64-clang 1.2-4 24.19 OK
r-devel-windows-ix86+x86_64 1.2-4 3.00 16.00 19.00 OK
r-patched-linux-x86_64 1.2-4 0.56 9.55 10.11 NOTE
r-patched-solaris-sparc 1.2-4 120.30 OK
r-patched-solaris-x86 1.2-4 28.60 OK
r-release-linux-x86_64 1.2-4 0.57 9.55 10.12 NOTE
r-release-osx-x86_64-mavericks 1.2-4 OK
r-release-osx-x86_64-snowleopard 1.2-4 OK
r-release-windows-ix86+x86_64 1.2-4 2.00 18.00 20.00 OK
r-oldrel-windows-ix86+x86_64 1.2-4 4.00 19.00 23.00 OK

Check Details

Version: 1.2-4
Check: Rd line widths
Result: NOTE
    Rd file 'PearsonICA.Rd':
     \usage lines wider than 90 characters:
     PearsonICA(X, n.comp = 0, row.norm = FALSE, maxit = 200, tol = 1e-04, border.base = c(2.6, 4), border.slope = c(0, 1), verbose = FALSE, ... [TRUNCATED]
    
    These lines will be truncated in the PDF manual.
Flavors: r-devel-linux-x86_64-debian-clang, r-devel-linux-x86_64-debian-gcc, r-devel-linux-x86_64-fedora-clang, r-devel-linux-x86_64-fedora-gcc, r-release-linux-x86_64