CRAN Package Check Results for Package PearsonICA

Last updated on 2014-04-23 07:55:04.

Flavor Version Tinstall Tcheck Ttotal Status Flags
r-devel-linux-x86_64-debian-clang 1.2-4 0.57 9.59 10.16 OK
r-devel-linux-x86_64-debian-gcc 1.2-4 0.51 9.38 9.89 OK
r-devel-linux-x86_64-fedora-clang 1.2-4 19.58 NOTE
r-devel-linux-x86_64-fedora-gcc 1.2-4 18.91 NOTE
r-devel-osx-x86_64-clang 1.2-4 23.41 OK
r-devel-osx-x86_64-gcc 1.2-4 OK
r-devel-windows-ix86+x86_64 1.2-4 2.00 15.00 17.00 OK
r-patched-linux-x86_64 1.2-4 0.56 9.47 10.03 OK
r-patched-solaris-sparc 1.2-4 140.50 OK
r-patched-solaris-x86 1.2-4 29.20 OK
r-release-linux-ix86 1.2-4 1.00 21.00 22.00 OK
r-release-linux-x86_64 1.2-4 0.62 9.55 10.16 OK
r-release-osx-x86_64-mavericks 1.2-4 OK
r-release-windows-ix86+x86_64 1.2-4 4.00 23.00 27.00 OK
r-oldrel-windows-ix86+x86_64 1.2-4 2.00 17.00 19.00 OK

Check Details

Version: 1.2-4
Check: Rd line widths
Result: NOTE
    Rd file 'PearsonICA.Rd':
     \usage lines wider than 90 characters:
     PearsonICA(X, n.comp = 0, row.norm = FALSE, maxit = 200, tol = 1e-04, border.base = c(2.6, 4), border.slope = c(0, 1), verbose = FALSE, ... [TRUNCATED]
    
    These lines will be truncated in the PDF manual.
Flavors: r-devel-linux-x86_64-fedora-clang, r-devel-linux-x86_64-fedora-gcc