CRAN Package Check Results for Package PearsonICA

Last updated on 2014-11-27 23:48:45.

Flavor Version Tinstall Tcheck Ttotal Status Flags
r-devel-linux-x86_64-debian-clang 1.2-4 0.56 10.06 10.62 NOTE
r-devel-linux-x86_64-debian-gcc 1.2-4 0.53 9.96 10.49 NOTE
r-devel-linux-x86_64-fedora-clang 1.2-4 23.83 NOTE
r-devel-linux-x86_64-fedora-gcc 1.2-4 22.64 NOTE
r-devel-osx-x86_64-clang 1.2-4 26.74 OK
r-devel-windows-ix86+x86_64 1.2-4 2.00 16.00 18.00 OK
r-patched-linux-x86_64 1.2-4 0.55 10.26 10.81 NOTE
r-patched-solaris-sparc 1.2-4 121.10 OK
r-patched-solaris-x86 1.2-4 31.70 OK
r-release-linux-ix86 1.2-4 0.80 15.17 15.97 OK
r-release-linux-x86_64 1.2-4 0.54 9.96 10.50 NOTE
r-release-osx-x86_64-mavericks 1.2-4 OK
r-release-windows-ix86+x86_64 1.2-4 2.00 17.00 19.00 OK
r-oldrel-windows-ix86+x86_64 1.2-4 2.00 17.00 19.00 OK

Check Details

Version: 1.2-4
Check: Rd line widths
Result: NOTE
    Rd file 'PearsonICA.Rd':
     \usage lines wider than 90 characters:
     PearsonICA(X, n.comp = 0, row.norm = FALSE, maxit = 200, tol = 1e-04, border.base = c(2.6, 4), border.slope = c(0, 1), verbose = FALSE, ... [TRUNCATED]
    
    These lines will be truncated in the PDF manual.
Flavors: r-devel-linux-x86_64-debian-clang, r-devel-linux-x86_64-debian-gcc, r-devel-linux-x86_64-fedora-clang, r-devel-linux-x86_64-fedora-gcc, r-patched-linux-x86_64, r-release-linux-x86_64