CRAN Package Check Results for Package PearsonICA

Last updated on 2014-09-21 07:47:12.

Flavor Version Tinstall Tcheck Ttotal Status Flags
r-devel-linux-x86_64-debian-clang 1.2-4 0.46 9.27 9.73 NOTE
r-devel-linux-x86_64-debian-gcc 1.2-4 0.47 9.34 9.80 NOTE
r-devel-linux-x86_64-fedora-clang 1.2-4 19.36 NOTE
r-devel-linux-x86_64-fedora-gcc 1.2-4 19.77 NOTE
r-devel-osx-x86_64-clang 1.2-4 24.69 OK
r-devel-windows-ix86+x86_64 1.2-4 2.00 15.00 17.00 OK
r-patched-linux-x86_64 1.2-4 0.47 9.55 10.02 NOTE
r-patched-solaris-sparc 1.2-4 121.10 OK
r-patched-solaris-x86 1.2-4 28.60 OK
r-release-linux-ix86 1.2-4 0.77 15.02 15.80 OK
r-release-linux-x86_64 1.2-4 0.49 10.11 10.60 NOTE
r-release-osx-x86_64-mavericks 1.2-4 OK
r-release-windows-ix86+x86_64 1.2-4 2.00 17.00 19.00 OK
r-oldrel-windows-ix86+x86_64 1.2-4 2.00 17.00 19.00 OK

Check Details

Version: 1.2-4
Check: Rd line widths
Result: NOTE
    Rd file 'PearsonICA.Rd':
     \usage lines wider than 90 characters:
     PearsonICA(X, n.comp = 0, row.norm = FALSE, maxit = 200, tol = 1e-04, border.base = c(2.6, 4), border.slope = c(0, 1), verbose = FALSE, ... [TRUNCATED]
    
    These lines will be truncated in the PDF manual.
Flavors: r-devel-linux-x86_64-debian-clang, r-devel-linux-x86_64-debian-gcc, r-devel-linux-x86_64-fedora-clang, r-devel-linux-x86_64-fedora-gcc, r-patched-linux-x86_64, r-release-linux-x86_64