CRAN Package Check Results for Package PearsonICA

Last updated on 2015-03-30 17:49:10.

Flavor Version Tinstall Tcheck Ttotal Status Flags
r-devel-linux-x86_64-debian-clang 1.2-4 0.50 9.72 10.22 NOTE
r-devel-linux-x86_64-debian-gcc 1.2-4 0.50 9.77 10.26 NOTE
r-devel-linux-x86_64-fedora-clang 1.2-4 19.70 NOTE
r-devel-linux-x86_64-fedora-gcc 1.2-4 17.77 NOTE
r-devel-osx-x86_64-clang 1.2-4 26.90 OK
r-prerel-windows-ix86+x86_64 1.2-4 4.00 16.00 20.00 OK
r-prerel-linux-x86_64 1.2-4 0.58 9.48 10.06 NOTE
r-prerel-solaris-sparc 1.2-4 120.30 OK
r-prerel-solaris-x86 1.2-4 28.50 OK
r-release-linux-x86_64 1.2-4 0.57 10.54 11.10 NOTE
r-release-osx-x86_64-mavericks 1.2-4 OK
r-release-windows-ix86+x86_64 1.2-4 4.00 19.00 23.00 OK
r-oldrel-windows-ix86+x86_64 1.2-4 2.00 17.00 19.00 OK

Check Details

Version: 1.2-4
Check: Rd line widths
Result: NOTE
    Rd file 'PearsonICA.Rd':
     \usage lines wider than 90 characters:
     PearsonICA(X, n.comp = 0, row.norm = FALSE, maxit = 200, tol = 1e-04, border.base = c(2.6, 4), border.slope = c(0, 1), verbose = FALSE, ... [TRUNCATED]
    
    These lines will be truncated in the PDF manual.
Flavors: r-devel-linux-x86_64-debian-clang, r-devel-linux-x86_64-debian-gcc, r-devel-linux-x86_64-fedora-clang, r-devel-linux-x86_64-fedora-gcc, r-prerel-linux-x86_64, r-release-linux-x86_64