CRAN Package Check Results for Package PedCNV

Last updated on 2014-07-24 16:48:03.

Flavor Version Tinstall Tcheck Ttotal Status Flags
r-devel-linux-x86_64-debian-clang 0.1 15.00 37.93 52.92 NOTE
r-devel-linux-x86_64-debian-gcc 0.1 17.34 36.99 54.33 NOTE
r-devel-linux-x86_64-fedora-clang 0.1 115.97 NOTE
r-devel-linux-x86_64-fedora-gcc 0.1 112.91 NOTE
r-devel-osx-x86_64-clang 0.1 92.91 NOTE
r-devel-windows-ix86+x86_64 0.1 48.00 90.00 138.00 NOTE
r-patched-linux-x86_64 0.1 17.44 37.12 54.55 NOTE
r-patched-solaris-sparc 0.1 746.50 NOTE
r-patched-solaris-x86 0.1 131.90 NOTE
r-release-linux-ix86 0.1 21.56 49.01 70.57 NOTE
r-release-linux-x86_64 0.1 17.57 38.10 55.66 NOTE
r-release-osx-x86_64-mavericks 0.1 NOTE
r-release-osx-x86_64-snowleopard 0.1 OK
r-release-windows-ix86+x86_64 0.1 51.00 100.00 151.00 NOTE
r-oldrel-windows-ix86+x86_64 0.1 52.00 102.00 154.00 NOTE

Check Details

Version: 0.1
Check: dependencies in R code
Result: NOTE
    Packages in Depends field not imported from:
     ‘Rcpp’ ‘RcppArmadillo’ ‘ggplot2’
     These packages need to be imported from (in the NAMESPACE file)
     for when this namespace is loaded but not attached.
    See the information on DESCRIPTION files in the chapter ‘Creating R
    packages’ of the ‘Writing R Extensions’ manual.
Flavors: r-devel-linux-x86_64-debian-clang, r-devel-linux-x86_64-debian-gcc, r-devel-linux-x86_64-fedora-clang, r-devel-linux-x86_64-fedora-gcc, r-devel-osx-x86_64-clang, r-devel-windows-ix86+x86_64, r-patched-linux-x86_64, r-patched-solaris-sparc, r-patched-solaris-x86, r-release-linux-ix86, r-release-linux-x86_64, r-release-osx-x86_64-mavericks, r-release-windows-ix86+x86_64, r-oldrel-windows-ix86+x86_64

Version: 0.1
Check: DESCRIPTION meta-information
Result: NOTE
    'LinkingTo' for 'ggplot2' is unused as it has no 'include' directory
Flavors: r-devel-windows-ix86+x86_64, r-release-windows-ix86+x86_64