CRAN Package Check Results for Package PedCNV

Last updated on 2014-09-03 01:47:54.

Flavor Version Tinstall Tcheck Ttotal Status Flags
r-devel-linux-x86_64-debian-clang 0.1 15.55 36.05 51.60 NOTE
r-devel-linux-x86_64-debian-gcc 0.1 17.44 34.75 52.19 NOTE
r-devel-linux-x86_64-fedora-clang 0.1 114.17 NOTE
r-devel-linux-x86_64-fedora-gcc 0.1 109.26 NOTE
r-devel-osx-x86_64-clang 0.1 94.61 NOTE
r-devel-windows-ix86+x86_64 0.1 52.00 88.00 140.00 NOTE
r-patched-linux-x86_64 0.1 17.51 38.53 56.04 NOTE
r-patched-solaris-sparc 0.1 735.70 NOTE
r-patched-solaris-x86 0.1 131.90 NOTE
r-release-linux-ix86 0.1 22.13 49.56 71.68 NOTE
r-release-linux-x86_64 0.1 17.73 37.73 55.46 NOTE
r-release-osx-x86_64-mavericks 0.1 NOTE
r-release-osx-x86_64-snowleopard 0.1 OK
r-release-windows-ix86+x86_64 0.1 50.00 97.00 147.00 NOTE
r-oldrel-windows-ix86+x86_64 0.1 53.00 105.00 158.00 NOTE

Check Details

Version: 0.1
Check: dependencies in R code
Result: NOTE
    Packages in Depends field not imported from:
     ‘Rcpp’ ‘RcppArmadillo’ ‘ggplot2’
     These packages need to be imported from (in the NAMESPACE file)
     for when this namespace is loaded but not attached.
    See the information on DESCRIPTION files in the chapter ‘Creating R
    packages’ of the ‘Writing R Extensions’ manual.
Flavors: r-devel-linux-x86_64-debian-clang, r-devel-linux-x86_64-debian-gcc, r-devel-linux-x86_64-fedora-clang, r-devel-linux-x86_64-fedora-gcc, r-devel-osx-x86_64-clang, r-devel-windows-ix86+x86_64, r-patched-linux-x86_64, r-patched-solaris-sparc, r-patched-solaris-x86, r-release-linux-ix86, r-release-linux-x86_64, r-release-osx-x86_64-mavericks, r-release-windows-ix86+x86_64, r-oldrel-windows-ix86+x86_64

Version: 0.1
Check: R code for possible problems
Result: NOTE
    plot.clust: no visible global function definition for ‘qplot’
    plot.clust: no visible global function definition for ‘geom_histogram’
    plot.clust: no visible global function definition for ‘aes_string’
Flavors: r-devel-linux-x86_64-debian-clang, r-devel-linux-x86_64-debian-gcc, r-devel-linux-x86_64-fedora-clang, r-devel-linux-x86_64-fedora-gcc, r-devel-osx-x86_64-clang, r-devel-windows-ix86+x86_64

Version: 0.1
Check: DESCRIPTION meta-information
Result: NOTE
    'LinkingTo' for 'ggplot2' is unused as it has no 'include' directory
Flavors: r-devel-windows-ix86+x86_64, r-release-windows-ix86+x86_64