CRAN Package Check Results for Package PedCNV

Last updated on 2016-06-30 23:47:55.

Flavor Version Tinstall Tcheck Ttotal Status Flags
r-devel-linux-x86_64-debian-gcc 0.1 26.98 42.91 69.89 NOTE
r-devel-linux-x86_64-fedora-clang 0.1 101.77 NOTE
r-devel-linux-x86_64-fedora-gcc 0.1 92.97 NOTE
r-devel-osx-x86_64-clang 0.1 73.65 NOTE
r-devel-windows-ix86+x86_64 0.1 63.00 84.00 147.00 NOTE
r-patched-linux-x86_64 0.1 19.28 44.76 64.04 NOTE
r-patched-solaris-sparc 0.1 620.60 NOTE
r-patched-solaris-x86 0.1 100.40 NOTE
r-release-linux-x86_64 0.1 18.62 42.43 61.05 NOTE
r-release-osx-x86_64-mavericks 0.1 NOTE
r-release-windows-ix86+x86_64 0.1 81.00 85.00 166.00 NOTE
r-oldrel-windows-ix86+x86_64 0.1 77.00 95.00 172.00 NOTE

Check Details

Version: 0.1
Check: DESCRIPTION meta-information
Result: NOTE
    Malformed Title field: should not end in a period.
Flavors: r-devel-linux-x86_64-debian-gcc, r-devel-linux-x86_64-fedora-clang, r-devel-linux-x86_64-fedora-gcc, r-devel-osx-x86_64-clang, r-patched-linux-x86_64, r-patched-solaris-sparc, r-patched-solaris-x86, r-release-linux-x86_64, r-release-osx-x86_64-mavericks, r-release-windows-ix86+x86_64

Version: 0.1
Check: dependencies in R code
Result: NOTE
    Packages in Depends field not imported from:
     ‘Rcpp’ ‘RcppArmadillo’ ‘ggplot2’
     These packages need to be imported from (in the NAMESPACE file)
     for when this namespace is loaded but not attached.
Flavors: r-devel-linux-x86_64-debian-gcc, r-devel-linux-x86_64-fedora-clang, r-devel-linux-x86_64-fedora-gcc, r-devel-osx-x86_64-clang, r-devel-windows-ix86+x86_64, r-patched-linux-x86_64, r-patched-solaris-sparc, r-patched-solaris-x86, r-release-linux-x86_64, r-release-osx-x86_64-mavericks, r-release-windows-ix86+x86_64, r-oldrel-windows-ix86+x86_64

Version: 0.1
Check: R code for possible problems
Result: NOTE
    AssoTestProc: no visible global function definition for ‘rbinom’
    AssoTestProc: no visible global function definition for ‘princomp’
    AssoTestProc: no visible global function definition for ‘loadings’
    AssoTestProc: no visible global function definition for ‘lm’
    CNVtypeAnay: no visible global function definition for ‘cov’
    ClusProc: no visible global function definition for ‘princomp’
    ClusProc: no visible global function definition for ‘prcomp’
    ClusProc0: no visible global function definition for ‘kmeans’
    ClusProc0: no visible global function definition for ‘cov’
    Inde: no visible global function definition for ‘lm’
    Inde: no visible global function definition for ‘var’
    STE: no visible global function definition for ‘pchisq’
    STIM: no visible global function definition for ‘cor’
    STIM: no visible global function definition for ‘pchisq’
    plot.clust: no visible global function definition for ‘princomp’
    plot.clust: no visible global function definition for ‘loadings’
    plot.clust: no visible global function definition for ‘qplot’
    plot.clust: no visible global function definition for ‘geom_histogram’
    plot.clust: no visible global function definition for ‘aes_string’
    plot.clust: no visible global function definition for ‘barplot’
    plot.clust: no visible global function definition for ‘title’
    plot.clust: no visible global function definition for ‘mtext’
    plot.clust: no visible global function definition for ‘text’
    Undefined global functions or variables:
     aes_string barplot cor cov geom_histogram kmeans lm loadings mtext
     pchisq prcomp princomp qplot rbinom text title var
    Consider adding
     importFrom("graphics", "barplot", "mtext", "text", "title")
     importFrom("stats", "cor", "cov", "kmeans", "lm", "loadings", "pchisq",
     "prcomp", "princomp", "rbinom", "var")
    to your NAMESPACE file.
Flavors: r-devel-linux-x86_64-debian-gcc, r-devel-linux-x86_64-fedora-clang, r-devel-linux-x86_64-fedora-gcc, r-devel-osx-x86_64-clang, r-devel-windows-ix86+x86_64, r-patched-linux-x86_64, r-patched-solaris-sparc, r-patched-solaris-x86, r-release-linux-x86_64, r-release-osx-x86_64-mavericks, r-release-windows-ix86+x86_64

Version: 0.1
Check: DESCRIPTION meta-information
Result: NOTE
    Malformed Title field: should not end in a period.
    'LinkingTo' for 'ggplot2' is unused as it has no 'include' directory
Flavors: r-devel-windows-ix86+x86_64, r-oldrel-windows-ix86+x86_64

Version: 0.1
Check: installed package size
Result: NOTE
     installed size is 5.4Mb
     sub-directories of 1Mb or more:
     libs 5.3Mb
Flavor: r-patched-solaris-sparc

Version: 0.1
Check: R code for possible problems
Result: NOTE
    plot.clust: no visible global function definition for 'qplot'
    plot.clust: no visible global function definition for 'geom_histogram'
    plot.clust: no visible global function definition for 'aes_string'
Flavor: r-oldrel-windows-ix86+x86_64