CRAN Package Check Results for Package PedCNV

Last updated on 2015-07-08 06:48:06.

Flavor Version Tinstall Tcheck Ttotal Status Flags
r-devel-linux-x86_64-debian-clang 0.1 18.28 31.70 49.98 NOTE
r-devel-linux-x86_64-debian-gcc 0.1 18.14 31.29 49.43 NOTE
r-devel-linux-x86_64-fedora-clang 0.1 100.59 NOTE
r-devel-linux-x86_64-fedora-gcc 0.1 95.47 NOTE
r-devel-osx-x86_64-clang 0.1 71.90 NOTE
r-devel-windows-ix86+x86_64 0.1 59.00 86.00 145.00 NOTE
r-patched-linux-x86_64 0.1 18.45 30.69 49.14 NOTE
r-patched-solaris-sparc 0.1 673.80 NOTE
r-patched-solaris-x86 0.1 119.70 NOTE
r-release-linux-x86_64 0.1 17.60 30.70 48.30 NOTE
r-release-osx-x86_64-mavericks 0.1 NOTE
r-release-windows-ix86+x86_64 0.1 80.00 86.00 166.00 NOTE
r-oldrel-windows-ix86+x86_64 0.1 53.00 108.00 161.00 NOTE

Check Details

Version: 0.1
Check: DESCRIPTION meta-information
Result: NOTE
    Malformed Title field: should not end in a period.
Flavors: r-devel-linux-x86_64-debian-clang, r-devel-linux-x86_64-debian-gcc, r-devel-linux-x86_64-fedora-clang, r-devel-linux-x86_64-fedora-gcc, r-devel-osx-x86_64-clang, r-devel-windows-ix86+x86_64, r-patched-linux-x86_64, r-patched-solaris-sparc, r-patched-solaris-x86, r-release-linux-x86_64, r-release-osx-x86_64-mavericks

Version: 0.1
Check: dependencies in R code
Result: NOTE
    Packages in Depends field not imported from:
     ‘Rcpp’ ‘RcppArmadillo’ ‘ggplot2’
     These packages need to be imported from (in the NAMESPACE file)
     for when this namespace is loaded but not attached.
Flavors: r-devel-linux-x86_64-debian-clang, r-devel-linux-x86_64-debian-gcc, r-devel-linux-x86_64-fedora-clang, r-devel-linux-x86_64-fedora-gcc, r-devel-osx-x86_64-clang, r-devel-windows-ix86+x86_64, r-patched-linux-x86_64, r-patched-solaris-sparc, r-patched-solaris-x86, r-release-linux-x86_64, r-release-osx-x86_64-mavericks, r-release-windows-ix86+x86_64, r-oldrel-windows-ix86+x86_64

Version: 0.1
Check: R code for possible problems
Result: NOTE
    AssoTestProc: no visible global function definition for ‘rbinom’
    AssoTestProc: no visible global function definition for ‘princomp’
    AssoTestProc: no visible global function definition for ‘loadings’
    AssoTestProc: no visible global function definition for ‘lm’
    CNVtypeAnay: no visible global function definition for ‘cov’
    ClusProc: no visible global function definition for ‘princomp’
    ClusProc: no visible global function definition for ‘prcomp’
    ClusProc0: no visible global function definition for ‘kmeans’
    ClusProc0: no visible global function definition for ‘cov’
    Inde: no visible global function definition for ‘lm’
    Inde: no visible global function definition for ‘var’
    STE: no visible global function definition for ‘pchisq’
    STIM: no visible global function definition for ‘cor’
    STIM: no visible global function definition for ‘pchisq’
    plot.clust: no visible global function definition for ‘princomp’
    plot.clust: no visible global function definition for ‘loadings’
    plot.clust: no visible global function definition for ‘qplot’
    plot.clust: no visible global function definition for ‘geom_histogram’
    plot.clust: no visible global function definition for ‘aes_string’
    plot.clust: no visible global function definition for ‘barplot’
    plot.clust: no visible global function definition for ‘title’
    plot.clust: no visible global function definition for ‘mtext’
    plot.clust: no visible global function definition for ‘text’
    Undefined global functions or variables:
     aes_string barplot cor cov geom_histogram kmeans lm loadings mtext
     pchisq prcomp princomp qplot rbinom text title var
Flavors: r-devel-linux-x86_64-debian-clang, r-devel-linux-x86_64-debian-gcc, r-devel-linux-x86_64-fedora-clang, r-devel-linux-x86_64-fedora-gcc, r-devel-windows-ix86+x86_64

Version: 0.1
Check: R code for possible problems
Result: NOTE
    plot.clust: no visible global function definition for ‘qplot’
    plot.clust: no visible global function definition for ‘geom_histogram’
    plot.clust: no visible global function definition for ‘aes_string’
    Undefined global functions or variables:
     aes_string geom_histogram qplot
Flavor: r-devel-osx-x86_64-clang

Version: 0.1
Check: R code for possible problems
Result: NOTE
    plot.clust: no visible global function definition for ‘qplot’
    plot.clust: no visible global function definition for ‘geom_histogram’
    plot.clust: no visible global function definition for ‘aes_string’
Flavors: r-patched-linux-x86_64, r-patched-solaris-sparc, r-patched-solaris-x86, r-release-linux-x86_64, r-release-osx-x86_64-mavericks, r-release-windows-ix86+x86_64, r-oldrel-windows-ix86+x86_64

Version: 0.1
Check: DESCRIPTION meta-information
Result: NOTE
    Malformed Title field: should not end in a period.
    'LinkingTo' for 'ggplot2' is unused as it has no 'include' directory
Flavor: r-release-windows-ix86+x86_64

Version: 0.1
Check: DESCRIPTION meta-information
Result: NOTE
    'LinkingTo' for 'ggplot2' is unused as it has no 'include' directory
Flavor: r-oldrel-windows-ix86+x86_64