CRAN Package Check Results for Package PedCNV

Last updated on 2015-03-29 11:51:23.

Flavor Version Tinstall Tcheck Ttotal Status Flags
r-devel-linux-x86_64-debian-clang 0.1 16.31 30.56 46.88 NOTE
r-devel-linux-x86_64-debian-gcc 0.1 17.17 30.39 47.56 NOTE
r-devel-linux-x86_64-fedora-clang 0.1 103.36 NOTE
r-devel-linux-x86_64-fedora-gcc 0.1 94.07 NOTE
r-devel-osx-x86_64-clang 0.1 75.20 NOTE
r-prerel-windows-ix86+x86_64 0.1 70.00 78.00 148.00 NOTE
r-prerel-linux-x86_64 0.1 17.43 30.50 47.93 NOTE
r-prerel-solaris-sparc 0.1 739.30 NOTE
r-prerel-solaris-x86 0.1 115.70 NOTE
r-release-linux-x86_64 0.1 18.13 38.13 56.26 NOTE
r-release-osx-x86_64-mavericks 0.1 NOTE
r-release-osx-x86_64-snowleopard 0.1 OK
r-release-windows-ix86+x86_64 0.1 56.00 113.00 169.00 NOTE
r-oldrel-windows-ix86+x86_64 0.1 57.00 103.00 160.00 NOTE

Check Details

Version: 0.1
Check: DESCRIPTION meta-information
Result: NOTE
    Malformed Title field: should not end in a period.
Flavors: r-devel-linux-x86_64-debian-clang, r-devel-linux-x86_64-debian-gcc, r-devel-linux-x86_64-fedora-clang, r-devel-linux-x86_64-fedora-gcc, r-devel-osx-x86_64-clang, r-prerel-linux-x86_64, r-prerel-solaris-sparc, r-prerel-solaris-x86

Version: 0.1
Check: dependencies in R code
Result: NOTE
    Packages in Depends field not imported from:
     ‘Rcpp’ ‘RcppArmadillo’ ‘ggplot2’
     These packages need to be imported from (in the NAMESPACE file)
     for when this namespace is loaded but not attached.
Flavors: r-devel-linux-x86_64-debian-clang, r-devel-linux-x86_64-debian-gcc, r-devel-linux-x86_64-fedora-clang, r-devel-linux-x86_64-fedora-gcc, r-devel-osx-x86_64-clang, r-prerel-windows-ix86+x86_64, r-prerel-linux-x86_64, r-prerel-solaris-sparc, r-prerel-solaris-x86, r-release-linux-x86_64, r-release-windows-ix86+x86_64

Version: 0.1
Check: R code for possible problems
Result: NOTE
    plot.clust: no visible global function definition for ‘qplot’
    plot.clust: no visible global function definition for ‘geom_histogram’
    plot.clust: no visible global function definition for ‘aes_string’
Flavors: r-devel-linux-x86_64-debian-clang, r-devel-linux-x86_64-debian-gcc, r-devel-linux-x86_64-fedora-clang, r-devel-linux-x86_64-fedora-gcc, r-devel-osx-x86_64-clang, r-prerel-windows-ix86+x86_64, r-prerel-linux-x86_64, r-prerel-solaris-sparc, r-prerel-solaris-x86, r-release-linux-x86_64, r-release-osx-x86_64-mavericks, r-release-windows-ix86+x86_64

Version: 0.1
Check: DESCRIPTION meta-information
Result: NOTE
    Malformed Title field: should not end in a period.
    'LinkingTo' for 'ggplot2' is unused as it has no 'include' directory
Flavor: r-prerel-windows-ix86+x86_64

Version: 0.1
Check: dependencies in R code
Result: NOTE
    Packages in Depends field not imported from:
     ‘Rcpp’ ‘RcppArmadillo’ ‘ggplot2’
     These packages need to be imported from (in the NAMESPACE file)
     for when this namespace is loaded but not attached.
    See the information on DESCRIPTION files in the chapter ‘Creating R
    packages’ of the ‘Writing R Extensions’ manual.
Flavors: r-release-osx-x86_64-mavericks, r-oldrel-windows-ix86+x86_64

Version: 0.1
Check: DESCRIPTION meta-information
Result: NOTE
    'LinkingTo' for 'ggplot2' is unused as it has no 'include' directory
Flavor: r-release-windows-ix86+x86_64