CRAN Package Check Results for Package PedCNV

Last updated on 2014-12-19 12:48:23.

Flavor Version Tinstall Tcheck Ttotal Status Flags
r-devel-linux-x86_64-debian-clang 0.1 16.83 38.28 55.11 NOTE
r-devel-linux-x86_64-debian-gcc 0.1 17.46 36.01 53.46 NOTE
r-devel-linux-x86_64-fedora-clang 0.1 118.84 NOTE
r-devel-linux-x86_64-fedora-gcc 0.1 106.80 NOTE
r-devel-osx-x86_64-clang 0.1 85.48 NOTE
r-devel-windows-ix86+x86_64 0.1 57.00 89.00 146.00 NOTE
r-patched-linux-x86_64 0.1 17.38 37.89 55.26 NOTE
r-patched-solaris-sparc 0.1 821.70 NOTE
r-patched-solaris-x86 0.1 132.70 NOTE
r-release-linux-ix86 0.1 20.90 47.11 68.01 NOTE
r-release-linux-x86_64 0.1 17.46 38.19 55.65 NOTE
r-release-osx-x86_64-mavericks 0.1 NOTE
r-release-osx-x86_64-snowleopard 0.1 OK
r-release-windows-ix86+x86_64 0.1 56.00 102.00 158.00 NOTE
r-oldrel-windows-ix86+x86_64 0.1 56.00 106.00 162.00 NOTE

Check Details

Version: 0.1
Check: dependencies in R code
Result: NOTE
    Packages in Depends field not imported from:
     ‘Rcpp’ ‘RcppArmadillo’ ‘ggplot2’
     These packages need to be imported from (in the NAMESPACE file)
     for when this namespace is loaded but not attached.
    See the information on DESCRIPTION files in the chapter ‘Creating R
    packages’ of the ‘Writing R Extensions’ manual.
Flavors: r-devel-linux-x86_64-debian-clang, r-devel-linux-x86_64-debian-gcc, r-devel-linux-x86_64-fedora-clang, r-devel-linux-x86_64-fedora-gcc, r-devel-osx-x86_64-clang, r-devel-windows-ix86+x86_64, r-patched-linux-x86_64, r-patched-solaris-sparc, r-patched-solaris-x86, r-release-linux-ix86, r-release-linux-x86_64, r-release-osx-x86_64-mavericks, r-release-windows-ix86+x86_64, r-oldrel-windows-ix86+x86_64

Version: 0.1
Check: R code for possible problems
Result: NOTE
    plot.clust: no visible global function definition for ‘qplot’
    plot.clust: no visible global function definition for ‘geom_histogram’
    plot.clust: no visible global function definition for ‘aes_string’
Flavors: r-devel-linux-x86_64-debian-clang, r-devel-linux-x86_64-debian-gcc, r-devel-linux-x86_64-fedora-clang, r-devel-linux-x86_64-fedora-gcc, r-devel-osx-x86_64-clang, r-devel-windows-ix86+x86_64, r-patched-linux-x86_64, r-patched-solaris-sparc, r-patched-solaris-x86, r-release-linux-ix86, r-release-linux-x86_64, r-release-windows-ix86+x86_64

Version: 0.1
Check: DESCRIPTION meta-information
Result: NOTE
    'LinkingTo' for 'ggplot2' is unused as it has no 'include' directory
Flavors: r-devel-windows-ix86+x86_64, r-release-windows-ix86+x86_64