CRAN Package Check Results for Package PedCNV

Last updated on 2015-04-26 12:46:36.

Flavor Version Tinstall Tcheck Ttotal Status Flags
r-devel-linux-x86_64-debian-clang 0.1 16.50 31.02 47.52 NOTE
r-devel-linux-x86_64-debian-gcc 0.1 20.25 31.03 51.28 NOTE
r-devel-linux-x86_64-fedora-clang 0.1 102.42 NOTE
r-devel-linux-x86_64-fedora-gcc 0.1 98.00 NOTE
r-devel-osx-x86_64-clang 0.1 75.43 NOTE
r-devel-windows-ix86+x86_64 0.1 55.00 81.00 136.00 NOTE
r-patched-linux-x86_64 0.1 17.30 32.25 49.56 NOTE
r-patched-solaris-sparc 0.1 739.30 NOTE
r-patched-solaris-x86 0.1 114.90 NOTE
r-release-linux-x86_64 0.1 17.28 30.23 47.51 NOTE
r-release-osx-x86_64-mavericks 0.1 NOTE
r-release-osx-x86_64-snowleopard 0.1 ERROR
r-release-windows-ix86+x86_64 0.1 56.00 93.00 149.00 NOTE
r-oldrel-windows-ix86+x86_64 0.1 45.00 102.00 147.00 NOTE

Check Details

Version: 0.1
Check: DESCRIPTION meta-information
Result: NOTE
    Malformed Title field: should not end in a period.
Flavors: r-devel-linux-x86_64-fedora-clang, r-devel-linux-x86_64-fedora-gcc, r-devel-osx-x86_64-clang, r-devel-windows-ix86+x86_64, r-patched-solaris-sparc, r-patched-solaris-x86, r-release-osx-x86_64-mavericks

Version: 0.1
Check: dependencies in R code
Result: NOTE
    Packages in Depends field not imported from:
     ‘Rcpp’ ‘RcppArmadillo’ ‘ggplot2’
     These packages need to be imported from (in the NAMESPACE file)
     for when this namespace is loaded but not attached.
Flavors: r-devel-linux-x86_64-fedora-clang, r-devel-linux-x86_64-fedora-gcc, r-devel-osx-x86_64-clang, r-devel-windows-ix86+x86_64, r-patched-solaris-sparc, r-patched-solaris-x86, r-release-osx-x86_64-mavericks, r-release-windows-ix86+x86_64, r-oldrel-windows-ix86+x86_64

Version: 0.1
Check: R code for possible problems
Result: NOTE
    plot.clust: no visible global function definition for ‘qplot’
    plot.clust: no visible global function definition for ‘geom_histogram’
    plot.clust: no visible global function definition for ‘aes_string’
Flavors: r-devel-linux-x86_64-fedora-clang, r-devel-linux-x86_64-fedora-gcc, r-devel-osx-x86_64-clang, r-devel-windows-ix86+x86_64, r-patched-solaris-sparc, r-patched-solaris-x86, r-release-osx-x86_64-mavericks, r-release-windows-ix86+x86_64, r-oldrel-windows-ix86+x86_64

Version: 0.1
Check: DESCRIPTION meta-information
Result: NOTE
    Malformed Title field: should not end in a period.
    'LinkingTo' for 'ggplot2' is unused as it has no 'include' directory
Flavor: r-release-windows-ix86+x86_64

Version: 0.1
Check: DESCRIPTION meta-information
Result: NOTE
    'LinkingTo' for 'ggplot2' is unused as it has no 'include' directory
Flavor: r-oldrel-windows-ix86+x86_64