CRAN Package Check Results for Package PedCNV

Last updated on 2016-12-07 22:50:08.

Flavor Version Tinstall Tcheck Ttotal Status Flags
r-devel-linux-x86_64-debian-clang 0.1 20.31 34.69 55.00 NOTE
r-devel-linux-x86_64-debian-gcc 0.1 22.96 43.16 66.12 NOTE
r-devel-linux-x86_64-fedora-clang 0.1 113.22 NOTE --no-stop-on-test-error
r-devel-linux-x86_64-fedora-gcc 0.1 107.04 NOTE --no-stop-on-test-error
r-devel-macos-x86_64-clang 0.1 81.37 NOTE
r-devel-windows-ix86+x86_64 0.1 89.00 104.00 193.00 NOTE
r-patched-linux-x86_64 0.1 17.75 41.14 58.89 NOTE
r-patched-solaris-sparc 0.1 625.50 NOTE
r-patched-solaris-x86 0.1 100.50 NOTE
r-release-linux-x86_64 0.1 17.92 41.42 59.34 NOTE
r-release-osx-x86_64-mavericks 0.1 NOTE
r-release-windows-ix86+x86_64 0.1 65.00 81.00 146.00 NOTE
r-oldrel-windows-ix86+x86_64 0.1 81.00 94.00 175.00 NOTE

Check Details

Version: 0.1
Check: DESCRIPTION meta-information
Result: NOTE
    Malformed Title field: should not end in a period.
Flavors: r-devel-linux-x86_64-debian-clang, r-devel-linux-x86_64-debian-gcc, r-devel-macos-x86_64-clang, r-patched-linux-x86_64, r-patched-solaris-sparc, r-patched-solaris-x86, r-release-linux-x86_64, r-release-osx-x86_64-mavericks, r-release-windows-ix86+x86_64

Version: 0.1
Check: dependencies in R code
Result: NOTE
    Packages in Depends field not imported from:
     ‘Rcpp’ ‘RcppArmadillo’ ‘ggplot2’
     These packages need to be imported from (in the NAMESPACE file)
     for when this namespace is loaded but not attached.
Flavors: r-devel-linux-x86_64-debian-clang, r-devel-linux-x86_64-debian-gcc, r-devel-macos-x86_64-clang, r-devel-windows-ix86+x86_64, r-patched-linux-x86_64, r-patched-solaris-sparc, r-patched-solaris-x86, r-release-linux-x86_64, r-release-osx-x86_64-mavericks, r-release-windows-ix86+x86_64, r-oldrel-windows-ix86+x86_64

Version: 0.1
Check: R code for possible problems
Result: NOTE
    AssoTestProc: no visible global function definition for ‘rbinom’
    AssoTestProc: no visible global function definition for ‘princomp’
    AssoTestProc: no visible global function definition for ‘loadings’
    AssoTestProc: no visible global function definition for ‘lm’
    CNVtypeAnay: no visible global function definition for ‘cov’
    ClusProc: no visible global function definition for ‘princomp’
    ClusProc: no visible global function definition for ‘prcomp’
    ClusProc0: no visible global function definition for ‘kmeans’
    ClusProc0: no visible global function definition for ‘cov’
    Inde: no visible global function definition for ‘lm’
    Inde: no visible global function definition for ‘var’
    STE: no visible global function definition for ‘pchisq’
    STIM: no visible global function definition for ‘cor’
    STIM: no visible global function definition for ‘pchisq’
    plot.clust: no visible global function definition for ‘princomp’
    plot.clust: no visible global function definition for ‘loadings’
    plot.clust: no visible global function definition for ‘qplot’
    plot.clust: no visible global function definition for ‘geom_histogram’
    plot.clust: no visible global function definition for ‘aes_string’
    plot.clust: no visible global function definition for ‘barplot’
    plot.clust: no visible global function definition for ‘title’
    plot.clust: no visible global function definition for ‘mtext’
    plot.clust: no visible global function definition for ‘text’
    Undefined global functions or variables:
     aes_string barplot cor cov geom_histogram kmeans lm loadings mtext
     pchisq prcomp princomp qplot rbinom text title var
    Consider adding
     importFrom("graphics", "barplot", "mtext", "text", "title")
     importFrom("stats", "cor", "cov", "kmeans", "lm", "loadings", "pchisq",
     "prcomp", "princomp", "rbinom", "var")
    to your NAMESPACE file.
Flavors: r-devel-linux-x86_64-debian-clang, r-devel-linux-x86_64-debian-gcc, r-devel-macos-x86_64-clang, r-devel-windows-ix86+x86_64, r-patched-linux-x86_64, r-patched-solaris-sparc, r-patched-solaris-x86, r-release-linux-x86_64, r-release-osx-x86_64-mavericks, r-release-windows-ix86+x86_64

Version: 0.1
Flags: --no-stop-on-test-error
Check: DESCRIPTION meta-information
Result: NOTE
    Malformed Title field: should not end in a period.
Flavors: r-devel-linux-x86_64-fedora-clang, r-devel-linux-x86_64-fedora-gcc

Version: 0.1
Flags: --no-stop-on-test-error
Check: dependencies in R code
Result: NOTE
    Packages in Depends field not imported from:
     ‘Rcpp’ ‘RcppArmadillo’ ‘ggplot2’
     These packages need to be imported from (in the NAMESPACE file)
     for when this namespace is loaded but not attached.
Flavors: r-devel-linux-x86_64-fedora-clang, r-devel-linux-x86_64-fedora-gcc

Version: 0.1
Flags: --no-stop-on-test-error
Check: R code for possible problems
Result: NOTE
    AssoTestProc: no visible global function definition for ‘rbinom’
    AssoTestProc: no visible global function definition for ‘princomp’
    AssoTestProc: no visible global function definition for ‘loadings’
    AssoTestProc: no visible global function definition for ‘lm’
    CNVtypeAnay: no visible global function definition for ‘cov’
    ClusProc: no visible global function definition for ‘princomp’
    ClusProc: no visible global function definition for ‘prcomp’
    ClusProc0: no visible global function definition for ‘kmeans’
    ClusProc0: no visible global function definition for ‘cov’
    Inde: no visible global function definition for ‘lm’
    Inde: no visible global function definition for ‘var’
    STE: no visible global function definition for ‘pchisq’
    STIM: no visible global function definition for ‘cor’
    STIM: no visible global function definition for ‘pchisq’
    plot.clust: no visible global function definition for ‘princomp’
    plot.clust: no visible global function definition for ‘loadings’
    plot.clust: no visible global function definition for ‘qplot’
    plot.clust: no visible global function definition for ‘geom_histogram’
    plot.clust: no visible global function definition for ‘aes_string’
    plot.clust: no visible global function definition for ‘barplot’
    plot.clust: no visible global function definition for ‘title’
    plot.clust: no visible global function definition for ‘mtext’
    plot.clust: no visible global function definition for ‘text’
    Undefined global functions or variables:
     aes_string barplot cor cov geom_histogram kmeans lm loadings mtext
     pchisq prcomp princomp qplot rbinom text title var
    Consider adding
     importFrom("graphics", "barplot", "mtext", "text", "title")
     importFrom("stats", "cor", "cov", "kmeans", "lm", "loadings", "pchisq",
     "prcomp", "princomp", "rbinom", "var")
    to your NAMESPACE file.
Flavors: r-devel-linux-x86_64-fedora-clang, r-devel-linux-x86_64-fedora-gcc

Version: 0.1
Check: DESCRIPTION meta-information
Result: NOTE
    Malformed Title field: should not end in a period.
    'LinkingTo' for 'ggplot2' is unused as it has no 'include' directory
Flavors: r-devel-windows-ix86+x86_64, r-oldrel-windows-ix86+x86_64

Version: 0.1
Check: R code for possible problems
Result: NOTE
    plot.clust: no visible global function definition for 'qplot'
    plot.clust: no visible global function definition for 'geom_histogram'
    plot.clust: no visible global function definition for 'aes_string'
Flavor: r-oldrel-windows-ix86+x86_64