CRAN Package Check Results for Package PedCNV

Last updated on 2014-04-16 23:47:02.

Flavor Version Tinstall Tcheck Ttotal Status Flags
r-devel-linux-x86_64-debian-clang 0.1 16.60 40.91 57.52 NOTE
r-devel-linux-x86_64-debian-gcc 0.1 17.70 40.66 58.36 NOTE
r-devel-linux-x86_64-fedora-clang 0.1 120.52 NOTE
r-devel-linux-x86_64-fedora-gcc 0.1 116.67 NOTE
r-devel-macosx-x86_64-clang 0.1 98.54 NOTE
r-devel-macosx-x86_64-gcc 0.1 ERROR
r-devel-windows-ix86+x86_64 0.1 56.00 94.00 150.00 NOTE
r-patched-linux-x86_64 0.1 17.57 40.54 58.11 NOTE
r-patched-solaris-sparc 0.1 746.50 NOTE
r-patched-solaris-x86 0.1 135.50 NOTE
r-release-linux-ix86 0.1 39.00 68.00 107.00 NOTE
r-release-linux-x86_64 0.1 17.57 40.64 58.22 NOTE
r-release-macosx-x86_64 0.1 OK
r-release-windows-ix86+x86_64 0.1 49.00 99.00 148.00 NOTE
r-oldrel-windows-ix86+x86_64 0.1 56.00 105.00 161.00 NOTE

Check Details

Version: 0.1
Check: dependencies in R code
Result: NOTE
    Packages in Depends field not imported from:
     ‘Rcpp’ ‘RcppArmadillo’ ‘ggplot2’
     These packages need to be imported from (in the NAMESPACE file)
     for when this namespace is loaded but not attached.
    See the information on DESCRIPTION files in the chapter ‘Creating R
    packages’ of the ‘Writing R Extensions’ manual.
Flavors: r-devel-linux-x86_64-debian-clang, r-devel-linux-x86_64-debian-gcc, r-devel-linux-x86_64-fedora-clang, r-devel-linux-x86_64-fedora-gcc, r-devel-macosx-x86_64-clang, r-devel-windows-ix86+x86_64, r-patched-linux-x86_64, r-patched-solaris-sparc, r-patched-solaris-x86, r-release-linux-ix86, r-release-linux-x86_64, r-release-windows-ix86+x86_64, r-oldrel-windows-ix86+x86_64

Version: 0.1
Check: package dependencies
Result: ERROR
    Package required but not available: ‘ggplot2’
    
    See the information on DESCRIPTION files in the chapter ‘Creating R
    packages’ of the ‘Writing R Extensions’ manual.
Flavor: r-devel-macosx-x86_64-gcc

Version: 0.1
Check: DESCRIPTION meta-information
Result: NOTE
    'LinkingTo' for 'ggplot2' is unused as it has no 'include' directory
Flavors: r-devel-windows-ix86+x86_64, r-release-windows-ix86+x86_64