CRAN Package Check Results for Package PedCNV

Last updated on 2014-10-26 02:47:20.

Flavor Version Tinstall Tcheck Ttotal Status Flags
r-devel-linux-x86_64-debian-clang 0.1 15.66 37.16 52.81 NOTE
r-devel-linux-x86_64-debian-gcc 0.1 20.38 37.39 57.78 NOTE
r-devel-linux-x86_64-fedora-clang 0.1 116.12 NOTE
r-devel-linux-x86_64-fedora-gcc 0.1 109.74 NOTE
r-devel-osx-x86_64-clang 0.1 87.99 NOTE
r-devel-windows-ix86+x86_64 0.1 49.00 91.00 140.00 NOTE
r-patched-linux-x86_64 0.1 17.31 38.13 55.44 NOTE
r-patched-solaris-sparc 0.1 733.70 NOTE
r-patched-solaris-x86 0.1 134.10 NOTE
r-release-linux-ix86 0.1 22.28 49.51 71.79 NOTE
r-release-linux-x86_64 0.1 17.35 38.50 55.84 NOTE
r-release-osx-x86_64-mavericks 0.1 NOTE
r-release-osx-x86_64-snowleopard 0.1 OK
r-release-windows-ix86+x86_64 0.1 55.00 101.00 156.00 NOTE
r-oldrel-windows-ix86+x86_64 0.1 57.00 106.00 163.00 NOTE

Check Details

Version: 0.1
Check: dependencies in R code
Result: NOTE
    Packages in Depends field not imported from:
     ‘Rcpp’ ‘RcppArmadillo’ ‘ggplot2’
     These packages need to be imported from (in the NAMESPACE file)
     for when this namespace is loaded but not attached.
    See the information on DESCRIPTION files in the chapter ‘Creating R
    packages’ of the ‘Writing R Extensions’ manual.
Flavors: r-devel-linux-x86_64-debian-clang, r-devel-linux-x86_64-debian-gcc, r-devel-linux-x86_64-fedora-clang, r-devel-linux-x86_64-fedora-gcc, r-devel-osx-x86_64-clang, r-devel-windows-ix86+x86_64, r-patched-linux-x86_64, r-patched-solaris-sparc, r-patched-solaris-x86, r-release-linux-ix86, r-release-linux-x86_64, r-release-osx-x86_64-mavericks, r-release-windows-ix86+x86_64, r-oldrel-windows-ix86+x86_64

Version: 0.1
Check: R code for possible problems
Result: NOTE
    plot.clust: no visible global function definition for ‘qplot’
    plot.clust: no visible global function definition for ‘geom_histogram’
    plot.clust: no visible global function definition for ‘aes_string’
Flavors: r-devel-linux-x86_64-debian-clang, r-devel-linux-x86_64-debian-gcc, r-devel-linux-x86_64-fedora-clang, r-devel-linux-x86_64-fedora-gcc, r-devel-osx-x86_64-clang, r-devel-windows-ix86+x86_64, r-patched-linux-x86_64, r-patched-solaris-sparc, r-patched-solaris-x86

Version: 0.1
Check: DESCRIPTION meta-information
Result: NOTE
    'LinkingTo' for 'ggplot2' is unused as it has no 'include' directory
Flavors: r-devel-windows-ix86+x86_64, r-release-windows-ix86+x86_64