CRAN Package Check Results for Package PenLNM

Last updated on 2014-09-22 11:56:31.

Flavor Version Tinstall Tcheck Ttotal Status Flags
r-devel-linux-x86_64-debian-clang 1.0 3.92 39.74 43.66 NOTE
r-devel-linux-x86_64-debian-gcc 1.0 3.27 38.74 42.00 NOTE
r-devel-linux-x86_64-fedora-clang 1.0 102.03 NOTE
r-devel-linux-x86_64-fedora-gcc 1.0 101.48 NOTE
r-devel-osx-x86_64-clang 1.0 84.61 OK
r-devel-windows-ix86+x86_64 1.0 9.00 57.00 66.00 OK
r-patched-linux-x86_64 1.0 3.37 41.90 45.27 NOTE
r-patched-solaris-sparc 1.0 585.90 OK
r-patched-solaris-x86 1.0 137.10 OK
r-release-linux-ix86 1.0 4.06 50.75 54.81 OK
r-release-linux-x86_64 1.0 3.36 42.21 45.57 NOTE
r-release-osx-x86_64-mavericks 1.0 OK
r-release-osx-x86_64-snowleopard 1.0 OK
r-release-windows-ix86+x86_64 1.0 9.00 61.00 70.00 OK
r-oldrel-windows-ix86+x86_64 1.0 9.00 58.00 67.00 OK

Check Details

Version: 1.0
Check: Rd line widths
Result: NOTE
    Rd file 'PenLNM-package.Rd':
     \examples lines wider than 100 characters:
     # Since the estimation of LNM model is time consuming, parallel programing is strongly suggested for tuning penalty parameter in the LN ... [TRUNCATED]
     #It takes around 30 minutes to 1 hour to generate results for the default settings with 20 EM iterations and 1000 MH iterations in each ... [TRUNCATED]
    
    These lines will be truncated in the PDF manual.
Flavors: r-devel-linux-x86_64-debian-clang, r-devel-linux-x86_64-debian-gcc, r-devel-linux-x86_64-fedora-clang, r-devel-linux-x86_64-fedora-gcc, r-patched-linux-x86_64, r-release-linux-x86_64