CRAN Package Check Results for Package PenLNM

Last updated on 2014-08-22 13:46:58.

Flavor Version Tinstall Tcheck Ttotal Status Flags
r-devel-linux-x86_64-debian-clang 1.0 3.30 41.08 44.39 OK
r-devel-linux-x86_64-debian-gcc 1.0 3.24 39.65 42.89 OK
r-devel-linux-x86_64-fedora-clang 1.0 106.29 NOTE
r-devel-linux-x86_64-fedora-gcc 1.0 101.55 NOTE
r-devel-osx-x86_64-clang 1.0 81.64 OK
r-devel-windows-ix86+x86_64 1.0 9.00 58.00 67.00 OK
r-patched-linux-x86_64 1.0 3.32 41.55 44.88 OK
r-patched-solaris-sparc 1.0 585.90 OK
r-patched-solaris-x86 1.0 137.00 OK
r-release-linux-ix86 1.0 4.06 50.65 54.71 OK
r-release-linux-x86_64 1.0 4.07 42.13 46.20 OK
r-release-osx-x86_64-mavericks 1.0 OK
r-release-osx-x86_64-snowleopard 1.0 OK
r-release-windows-ix86+x86_64 1.0 8.00 61.00 69.00 OK
r-oldrel-windows-ix86+x86_64 1.0 10.00 53.00 63.00 OK

Check Details

Version: 1.0
Check: Rd line widths
Result: NOTE
    Rd file 'PenLNM-package.Rd':
     \examples lines wider than 100 characters:
     # Since the estimation of LNM model is time consuming, parallel programing is strongly suggested for tuning penalty parameter in the LN ... [TRUNCATED]
     #It takes around 30 minutes to 1 hour to generate results for the default settings with 20 EM iterations and 1000 MH iterations in each ... [TRUNCATED]
    
    These lines will be truncated in the PDF manual.
Flavors: r-devel-linux-x86_64-fedora-clang, r-devel-linux-x86_64-fedora-gcc