CRAN Package Check Results for Package PenLNM

Last updated on 2014-11-28 19:51:25.

Flavor Version Tinstall Tcheck Ttotal Status Flags
r-devel-linux-x86_64-debian-clang 1.0 3.20 40.77 43.97 NOTE
r-devel-linux-x86_64-debian-gcc 1.0 3.08 39.08 42.16 NOTE
r-devel-linux-x86_64-fedora-clang 1.0 109.78 NOTE
r-devel-linux-x86_64-fedora-gcc 1.0 114.99 NOTE
r-devel-osx-x86_64-clang 1.0 86.36 OK
r-devel-windows-ix86+x86_64 1.0 8.00 57.00 65.00 OK
r-patched-linux-x86_64 1.0 3.33 42.05 45.38 NOTE
r-patched-solaris-sparc 1.0 585.90 OK
r-patched-solaris-x86 1.0 136.80 OK
r-release-linux-ix86 1.0 3.88 49.05 52.93 OK
r-release-linux-x86_64 1.0 3.31 41.01 44.32 NOTE
r-release-osx-x86_64-mavericks 1.0 OK
r-release-osx-x86_64-snowleopard 1.0 OK
r-release-windows-ix86+x86_64 1.0 10.00 63.00 73.00 OK
r-oldrel-windows-ix86+x86_64 1.0 10.00 60.00 70.00 OK

Check Details

Version: 1.0
Check: Rd line widths
Result: NOTE
    Rd file 'PenLNM-package.Rd':
     \examples lines wider than 100 characters:
     # Since the estimation of LNM model is time consuming, parallel programing is strongly suggested for tuning penalty parameter in the LN ... [TRUNCATED]
     #It takes around 30 minutes to 1 hour to generate results for the default settings with 20 EM iterations and 1000 MH iterations in each ... [TRUNCATED]
    
    These lines will be truncated in the PDF manual.
Flavors: r-devel-linux-x86_64-debian-clang, r-devel-linux-x86_64-debian-gcc, r-devel-linux-x86_64-fedora-clang, r-devel-linux-x86_64-fedora-gcc, r-patched-linux-x86_64, r-release-linux-x86_64