CRAN Package Check Results for Package PenLNM

Last updated on 2014-04-20 09:48:20.

Flavor Version Tinstall Tcheck Ttotal Status Flags
r-devel-linux-x86_64-debian-clang 1.0 3.54 44.15 47.69 OK
r-devel-linux-x86_64-debian-gcc 1.0 3.46 42.86 46.32 OK
r-devel-linux-x86_64-fedora-clang 1.0 108.58 NOTE
r-devel-linux-x86_64-fedora-gcc 1.0 103.89 NOTE
r-devel-macosx-x86_64-clang 1.0 86.95 OK
r-devel-macosx-x86_64-gcc 1.0 OK
r-devel-windows-ix86+x86_64 1.0 9.00 59.00 68.00 OK
r-patched-linux-x86_64 1.0 3.50 42.98 46.48 OK
r-patched-solaris-sparc 1.0 578.40 OK
r-patched-solaris-x86 1.0 139.70 OK
r-release-linux-ix86 OK
r-release-linux-x86_64 1.0 3.56 42.91 46.47 OK
r-release-macosx-x86_64 1.0 OK
r-release-windows-ix86+x86_64 1.0 12.00 59.00 71.00 OK
r-oldrel-windows-ix86+x86_64 1.0 10.00 55.00 65.00 OK

Check Details

Version: 1.0
Check: Rd line widths
Result: NOTE
    Rd file 'PenLNM-package.Rd':
     \examples lines wider than 100 characters:
     # Since the estimation of LNM model is time consuming, parallel programing is strongly suggested for tuning penalty parameter in the LN ... [TRUNCATED]
     #It takes around 30 minutes to 1 hour to generate results for the default settings with 20 EM iterations and 1000 MH iterations in each ... [TRUNCATED]
    
    These lines will be truncated in the PDF manual.
Flavors: r-devel-linux-x86_64-fedora-clang, r-devel-linux-x86_64-fedora-gcc