CRAN Package Check Results for Package PenLNM

Last updated on 2014-07-28 11:49:03.

Flavor Version Tinstall Tcheck Ttotal Status Flags
r-devel-linux-x86_64-debian-clang 1.0 3.33 41.56 44.89 OK
r-devel-linux-x86_64-debian-gcc 1.0 3.25 40.15 43.40 OK
r-devel-linux-x86_64-fedora-clang 1.0 106.17 NOTE
r-devel-linux-x86_64-fedora-gcc 1.0 101.35 NOTE
r-devel-osx-x86_64-clang 1.0 82.32 OK
r-devel-windows-ix86+x86_64 1.0 10.00 62.00 72.00 OK
r-patched-linux-x86_64 1.0 3.33 40.56 43.89 OK
r-patched-solaris-sparc 1.0 578.40 OK
r-patched-solaris-x86 1.0 136.80 OK
r-release-linux-ix86 1.0 3.98 50.08 54.06 OK
r-release-linux-x86_64 1.0 3.88 41.82 45.70 OK
r-release-osx-x86_64-mavericks 1.0 OK
r-release-osx-x86_64-snowleopard 1.0 OK
r-release-windows-ix86+x86_64 1.0 10.00 62.00 72.00 OK
r-oldrel-windows-ix86+x86_64 1.0 10.00 57.00 67.00 OK

Check Details

Version: 1.0
Check: Rd line widths
Result: NOTE
    Rd file 'PenLNM-package.Rd':
     \examples lines wider than 100 characters:
     # Since the estimation of LNM model is time consuming, parallel programing is strongly suggested for tuning penalty parameter in the LN ... [TRUNCATED]
     #It takes around 30 minutes to 1 hour to generate results for the default settings with 20 EM iterations and 1000 MH iterations in each ... [TRUNCATED]
    
    These lines will be truncated in the PDF manual.
Flavors: r-devel-linux-x86_64-fedora-clang, r-devel-linux-x86_64-fedora-gcc