CRAN Package Check Results for Package PerFit

Last updated on 2020-10-01 03:48:47 CEST.

Flavor Version Tinstall Tcheck Ttotal Status Flags
r-devel-linux-x86_64-debian-clang 1.4.3 15.93 152.91 168.84 OK
r-devel-linux-x86_64-debian-gcc 1.4.3 0.29 2.17 2.46 ERROR
r-devel-linux-x86_64-fedora-clang 1.4.3 211.90 OK
r-devel-linux-x86_64-fedora-gcc 1.4.3 200.24 OK
r-devel-windows-ix86+x86_64 1.4.3 36.00 181.00 217.00 OK
r-patched-linux-x86_64 1.4.3 10.98 141.73 152.71 OK
r-patched-solaris-x86 1.4.3 300.10 OK
r-release-linux-x86_64 1.4.3 13.25 141.26 154.51 OK
r-release-macos-x86_64 1.4.3 OK
r-release-windows-ix86+x86_64 1.4.3 35.00 173.00 208.00 OK
r-oldrel-macos-x86_64 1.4.3 OK
r-oldrel-windows-ix86+x86_64 1.4.3 32.00 172.00 204.00 OK

Check Details

Version: 1.4.3
Check: whether package can be installed
Result: ERROR
    Installation failed.
Flavor: r-devel-linux-x86_64-debian-gcc