CRAN Package Check Results for Package PerformanceAnalytics

Last updated on 2019-03-23 03:53:41 CET.

Flavor Version Tinstall Tcheck Ttotal Status Flags
r-devel-linux-x86_64-debian-clang 1.5.2 20.62 272.24 292.86 OK
r-devel-linux-x86_64-debian-gcc 1.5.2 17.72 205.83 223.55 OK
r-devel-linux-x86_64-fedora-clang 1.5.2 380.69 OK
r-devel-linux-x86_64-fedora-gcc 1.5.2 347.69 OK
r-devel-windows-ix86+x86_64 1.5.2 51.00 373.00 424.00 OK --no-vignettes
r-patched-linux-x86_64 1.5.2 16.72 258.96 275.68 NOTE
r-patched-solaris-x86 1.5.2 501.90 NOTE
r-release-linux-x86_64 1.5.2 0.69 5.20 5.89 ERROR
r-release-windows-ix86+x86_64 1.5.2 34.00 316.00 350.00 OK --no-vignettes
r-release-osx-x86_64 1.5.2 OK
r-oldrel-windows-ix86+x86_64 1.5.2 33.00 425.00 458.00 OK --no-vignettes
r-oldrel-osx-x86_64 1.5.2 OK

Check Details

Version: 1.5.2
Check: S3 generic/method consistency
Result: NOTE
    Found the following apparent S3 methods exported but not registered:
     mean.LCL mean.UCL mean.geometric mean.stderr
    See section ‘Registering S3 methods’ in the ‘Writing R Extensions’
    manual.
Flavors: r-patched-linux-x86_64, r-patched-solaris-x86

Version: 1.5.2
Check: whether package can be installed
Result: ERROR
    Installation failed.
Flavor: r-release-linux-x86_64