CRAN Package Check Results for Package PerformanceAnalytics

Last updated on 2019-05-24 19:47:52 CEST.

Flavor Version Tinstall Tcheck Ttotal Status Flags
r-devel-linux-x86_64-debian-clang 1.5.2 20.12 267.87 287.99 ERROR
r-devel-linux-x86_64-debian-gcc 1.5.2 15.71 202.08 217.79 ERROR
r-devel-linux-x86_64-fedora-clang 1.5.2 358.65 ERROR
r-devel-linux-x86_64-fedora-gcc 1.5.2 277.10 ERROR
r-devel-windows-ix86+x86_64 1.5.2 36.00 422.00 458.00 ERROR --no-vignettes
r-patched-linux-x86_64 1.5.2 OK
r-patched-solaris-x86 1.5.2 525.50 OK
r-release-linux-x86_64 1.5.2 17.67 266.79 284.46 OK
r-release-windows-ix86+x86_64 1.5.2 46.00 365.00 411.00 OK --no-vignettes
r-release-osx-x86_64 1.5.2 OK
r-oldrel-windows-ix86+x86_64 1.5.2 45.00 281.00 326.00 OK --no-vignettes
r-oldrel-osx-x86_64 1.5.2 OK

Check Details

Version: 1.5.2
Check: PDF version of manual
Result: WARN
    LaTeX errors when creating PDF version.
    This typically indicates Rd problems.
    LaTeX errors found:
    ! File ended while scanning use of \keyword.
    <inserted text>
     \par
    <*> \input ./Rd2.tex
    
    ! Emergency stop.
    <*> \input ./Rd2.tex
    
    *** (job aborted, no legal \end found)
    
    ! ==> Fatal error occurred, no output PDF file produced!
Flavors: r-devel-linux-x86_64-debian-clang, r-devel-linux-x86_64-debian-gcc, r-devel-linux-x86_64-fedora-clang, r-devel-linux-x86_64-fedora-gcc

Version: 1.5.2
Check: PDF version of manual without hyperrefs or index
Result: ERROR
    
Flavors: r-devel-linux-x86_64-debian-clang, r-devel-linux-x86_64-debian-gcc, r-devel-linux-x86_64-fedora-clang, r-devel-linux-x86_64-fedora-gcc

Version: 1.5.2
Flags: --no-vignettes
Check: PDF version of manual
Result: WARN
    LaTeX errors when creating PDF version.
    This typically indicates Rd problems.
    LaTeX errors found:
    ! File ended while scanning use of \keyword.
    <inserted text>
     \par
    <*> D:/temp/RtmpyiISMj/Rd2pdfd4302259b88/Rd2.tex
    
    ! Emergency stop.
    <*> D:/temp/RtmpyiISMj/Rd2pdfd4302259b88/Rd2.tex
    
    *** (job aborted, no legal \end found)
    
    ! ==> Fatal error occurred, no output PDF file produced!
Flavor: r-devel-windows-ix86+x86_64

Version: 1.5.2
Flags: --no-vignettes
Check: PDF version of manual without hyperrefs or index
Result: ERROR
    
Flavor: r-devel-windows-ix86+x86_64