CRAN Package Check Results for Package PerformanceAnalytics

Last updated on 2014-12-21 03:48:21.

Flavor Version Tinstall Tcheck Ttotal Status Flags
r-devel-linux-x86_64-debian-clang 1.4.3541 3.06 178.81 181.87 OK
r-devel-linux-x86_64-debian-gcc 1.4.3541 2.83 186.26 189.08 OK
r-devel-linux-x86_64-fedora-clang 1.4.3541 382.97 OK
r-devel-linux-x86_64-fedora-gcc 1.4.3541 354.42 OK
r-devel-osx-x86_64-clang 1.4.3541 347.25 OK
r-devel-windows-ix86+x86_64 1.4.3541 14.00 231.00 245.00 OK --no-vignettes
r-patched-linux-x86_64 1.4.3541 2.96 202.88 205.84 OK
r-patched-solaris-sparc 1.4.3541 1257.20 OK --no-vignettes
r-patched-solaris-x86 1.4.3541 527.50 OK
r-release-linux-ix86 1.4.3541 3.81 222.87 226.68 OK
r-release-linux-x86_64 1.4.3541 3.06 202.75 205.82 OK
r-release-osx-x86_64-mavericks 1.4.3541 NOTE
r-release-osx-x86_64-snowleopard 1.4.3541 OK
r-release-windows-ix86+x86_64 1.4.3541 12.00 251.00 263.00 OK --no-vignettes
r-oldrel-windows-ix86+x86_64 1.4.3541 12.00 250.00 262.00 OK --no-vignettes

Check Details

Version: 1.4.3541
Check: re-building of vignette outputs
Result: NOTE
    Error in re-building vignettes:
     ...
    Attaching package: ‘zoo’
    
    The following objects are masked from ‘package:base’:
    
     as.Date, as.Date.numeric
    
    
    Attaching package: ‘PerformanceAnalytics’
    
    The following object is masked from ‘package:graphics’:
    
     legend
    
    Error in texi2dvi(file = file, pdf = TRUE, clean = clean, quiet = quiet, :
     Running 'texi2dvi' on 'PerformanceAnalyticsChartsPresentation-Meielisalp-2007.tex' failed.
    LaTeX errors:
    ! LaTeX Error: File `subfigure.sty' not found.
    
    Type X to quit or <RETURN> to proceed,
    or enter new name. (Default extension: sty)
    
    sentation-Meielisalp-2007.tex:28: ==> Fatal error occurred, no output PDF file
     produced!
    Calls: buildVignettes -> texi2pdf -> texi2dvi
    Execution halted
Flavor: r-release-osx-x86_64-mavericks