CRAN Package Check Results for Package PerformanceAnalytics

Last updated on 2018-06-19 00:47:51 CEST.

Flavor Version Tinstall Tcheck Ttotal Status Flags
r-devel-linux-x86_64-debian-clang 1.5.2 17.40 233.47 250.87 NOTE
r-devel-linux-x86_64-debian-gcc 1.5.2 14.41 199.63 214.04 NOTE
r-devel-linux-x86_64-fedora-clang 1.5.2 337.33 NOTE
r-devel-linux-x86_64-fedora-gcc 1.5.2 327.88 NOTE
r-devel-windows-ix86+x86_64 1.5.2 44.00 280.00 324.00 OK --no-vignettes
r-patched-linux-x86_64 1.5.2 19.36 260.74 280.10 NOTE
r-patched-solaris-x86 1.5.2 473.10 NOTE
r-release-linux-x86_64 1.5.2 18.79 255.72 274.51 NOTE
r-release-windows-ix86+x86_64 1.5.2 33.00 396.00 429.00 OK --no-vignettes
r-release-osx-x86_64 1.5.2 OK
r-oldrel-windows-ix86+x86_64 1.5.2 24.00 397.00 421.00 OK --no-vignettes
r-oldrel-osx-x86_64 1.5.2 OK

Check Details

Version: 1.5.2
Check: S3 generic/method consistency
Result: NOTE
    Found the following apparent S3 methods exported but not registered:
     mean.LCL mean.UCL mean.geometric mean.stderr
    See section ‘Registering S3 methods’ in the ‘Writing R Extensions’
    manual.
Flavors: r-devel-linux-x86_64-debian-clang, r-devel-linux-x86_64-debian-gcc, r-devel-linux-x86_64-fedora-clang, r-devel-linux-x86_64-fedora-gcc, r-patched-linux-x86_64, r-patched-solaris-x86, r-release-linux-x86_64