CRAN Package Check Results for Package PerformanceAnalytics

Last updated on 2015-03-29 19:48:47.

Flavor Version Tinstall Tcheck Ttotal Status Flags
r-devel-linux-x86_64-debian-clang 1.4.3541 3.06 173.38 176.43 NOTE
r-devel-linux-x86_64-debian-gcc 1.4.3541 2.89 175.62 178.51 NOTE
r-devel-linux-x86_64-fedora-clang 1.4.3541 368.18 NOTE
r-devel-linux-x86_64-fedora-gcc 1.4.3541 350.08 NOTE
r-devel-osx-x86_64-clang 1.4.3541 351.00 NOTE
r-prerel-windows-ix86+x86_64 1.4.3541 19.00 451.00 470.00 NOTE
r-prerel-linux-x86_64 1.4.3541 3.18 174.65 177.83 NOTE
r-prerel-solaris-sparc 1.4.3541 1192.20 NOTE --no-vignettes
r-prerel-solaris-x86 1.4.3541 499.20 NOTE
r-release-linux-x86_64 1.4.3541 2.95 199.17 202.12 NOTE
r-release-osx-x86_64-mavericks 1.4.3541 OK
r-release-osx-x86_64-snowleopard 1.4.3541 OK
r-release-windows-ix86+x86_64 1.4.3541 12.00 489.00 501.00 NOTE
r-oldrel-windows-ix86+x86_64 1.4.3541 11.00 435.00 446.00 OK

Check Details

Version: 1.4.3541
Check: dependencies in R code
Result: NOTE
    'library' or 'require' calls in package code:
     ‘MASS’ ‘gamlss’ ‘quantreg’ ‘robustbase’
     Please use :: or requireNamespace() instead.
     See section 'Suggested packages' in the 'Writing R Extensions' manual.
Flavors: r-devel-linux-x86_64-debian-clang, r-devel-linux-x86_64-debian-gcc, r-devel-linux-x86_64-fedora-clang, r-devel-linux-x86_64-fedora-gcc, r-devel-osx-x86_64-clang, r-prerel-windows-ix86+x86_64, r-prerel-linux-x86_64, r-prerel-solaris-x86, r-release-linux-x86_64, r-release-windows-ix86+x86_64

Version: 1.4.3541
Check: S3 generic/method consistency
Result: NOTE
    Found the following apparent S3 methods exported but not registered:
     mean.LCL mean.UCL mean.geometric mean.stderr
    See section ‘Registering S3 methods’ in the ‘Writing R Extensions’
    manual.
Flavors: r-devel-linux-x86_64-debian-clang, r-devel-linux-x86_64-debian-gcc, r-devel-linux-x86_64-fedora-clang, r-devel-linux-x86_64-fedora-gcc, r-devel-osx-x86_64-clang, r-prerel-linux-x86_64

Version: 1.4.3541
Flags: --no-vignettes
Check: dependencies in R code
Result: NOTE
    'library' or 'require' calls in package code:
     ‘MASS’ ‘gamlss’ ‘quantreg’ ‘robustbase’
     Please use :: or requireNamespace() instead.
     See section 'Suggested packages' in the 'Writing R Extensions' manual.
Flavor: r-prerel-solaris-sparc