CRAN Package Check Results for Package PerformanceAnalytics

Last updated on 2015-01-31 22:47:18.

Flavor Version Tinstall Tcheck Ttotal Status Flags
r-devel-linux-x86_64-debian-clang 1.4.3541 2.94 176.11 179.04 NOTE
r-devel-linux-x86_64-debian-gcc 1.4.3541 2.77 178.56 181.33 NOTE
r-devel-linux-x86_64-fedora-clang 1.4.3541 376.80 NOTE
r-devel-linux-x86_64-fedora-gcc 1.4.3541 357.85 NOTE
r-devel-osx-x86_64-clang 1.4.3541 347.29 NOTE
r-devel-windows-ix86+x86_64 1.4.3541 17.00 401.00 418.00 NOTE
r-patched-linux-x86_64 1.4.3541 2.93 202.43 205.36 OK
r-patched-solaris-sparc 1.4.3541 1227.00 OK --no-vignettes
r-patched-solaris-x86 1.4.3541 531.50 OK
r-release-linux-ix86 1.4.3541 3.83 233.00 236.82 OK
r-release-linux-x86_64 1.4.3541 3.53 196.70 200.23 OK
r-release-osx-x86_64-mavericks 1.4.3541 OK
r-release-osx-x86_64-snowleopard 1.4.3541 OK
r-release-windows-ix86+x86_64 1.4.3541 11.00 468.00 479.00 OK
r-oldrel-windows-ix86+x86_64 1.4.3541 11.00 435.00 446.00 OK

Check Details

Version: 1.4.3541
Check: dependencies in R code
Result: NOTE
    'library' or 'require' calls in package code:
     ‘MASS’ ‘gamlss’ ‘quantreg’ ‘robustbase’
     Please use :: or requireNamespace() instead.
     See section 'Suggested packages' in the 'Writing R Extensions' manual.
Flavors: r-devel-linux-x86_64-debian-clang, r-devel-linux-x86_64-debian-gcc, r-devel-linux-x86_64-fedora-clang, r-devel-linux-x86_64-fedora-gcc, r-devel-osx-x86_64-clang, r-devel-windows-ix86+x86_64

Version: 1.4.3541
Check: S3 generic/method consistency
Result: NOTE
    Found the following apparent S3 methods exported but not registered:
     mean.LCL mean.UCL mean.geometric mean.stderr
    See section ‘Registering S3 methods’ in the ‘Writing R Extensions’
    manual.
Flavors: r-devel-linux-x86_64-debian-clang, r-devel-linux-x86_64-debian-gcc, r-devel-linux-x86_64-fedora-clang, r-devel-linux-x86_64-fedora-gcc, r-devel-osx-x86_64-clang