CRAN Package Check Results for Package PerformanceAnalytics

Last updated on 2015-05-25 16:47:19.

Flavor Version Tinstall Tcheck Ttotal Status Flags
r-devel-linux-x86_64-debian-clang 1.4.3541 2.95 188.74 191.69 NOTE
r-devel-linux-x86_64-debian-gcc 1.4.3541 2.74 168.20 170.93 NOTE
r-devel-linux-x86_64-fedora-clang 1.4.3541 347.46 NOTE
r-devel-linux-x86_64-fedora-gcc 1.4.3541 346.06 NOTE
r-devel-osx-x86_64-clang 1.4.3541 330.12 NOTE
r-devel-windows-ix86+x86_64 1.4.3541 14.00 432.00 446.00 NOTE
r-patched-linux-x86_64 1.4.3541 2.96 173.26 176.23 NOTE
r-patched-solaris-sparc 1.4.3541 1140.70 NOTE --no-vignettes
r-patched-solaris-x86 1.4.3541 495.20 NOTE
r-release-linux-x86_64 1.4.3541 2.88 173.47 176.36 NOTE
r-release-osx-x86_64-mavericks 1.4.3541 NOTE
r-release-osx-x86_64-snowleopard 1.4.3541 ERROR
r-release-windows-ix86+x86_64 1.4.3541 13.00 443.00 456.00 NOTE
r-oldrel-windows-ix86+x86_64 1.4.3541 11.00 454.00 465.00 NOTE

Check Details

Version: 1.4.3541
Check: dependencies in R code
Result: NOTE
    'library' or 'require' calls in package code:
     ‘MASS’ ‘gamlss’ ‘quantreg’ ‘robustbase’
     Please use :: or requireNamespace() instead.
     See section 'Suggested packages' in the 'Writing R Extensions' manual.
Flavors: r-devel-linux-x86_64-debian-clang, r-devel-linux-x86_64-debian-gcc, r-devel-linux-x86_64-fedora-clang, r-devel-linux-x86_64-fedora-gcc, r-devel-osx-x86_64-clang, r-devel-windows-ix86+x86_64, r-patched-linux-x86_64, r-patched-solaris-x86, r-release-linux-x86_64, r-release-osx-x86_64-mavericks, r-release-windows-ix86+x86_64, r-oldrel-windows-ix86+x86_64

Version: 1.4.3541
Check: S3 generic/method consistency
Result: NOTE
    Found the following apparent S3 methods exported but not registered:
     mean.LCL mean.UCL mean.geometric mean.stderr
    See section ‘Registering S3 methods’ in the ‘Writing R Extensions’
    manual.
Flavors: r-devel-linux-x86_64-debian-clang, r-devel-linux-x86_64-debian-gcc, r-devel-linux-x86_64-fedora-clang, r-devel-linux-x86_64-fedora-gcc, r-devel-osx-x86_64-clang, r-patched-linux-x86_64, r-patched-solaris-x86, r-release-linux-x86_64

Version: 1.4.3541
Flags: --no-vignettes
Check: dependencies in R code
Result: NOTE
    'library' or 'require' calls in package code:
     ‘MASS’ ‘gamlss’ ‘quantreg’ ‘robustbase’
     Please use :: or requireNamespace() instead.
     See section 'Suggested packages' in the 'Writing R Extensions' manual.
Flavor: r-patched-solaris-sparc

Version: 1.4.3541
Flags: --no-vignettes
Check: S3 generic/method consistency
Result: NOTE
    Found the following apparent S3 methods exported but not registered:
     mean.LCL mean.UCL mean.geometric mean.stderr
    See section ‘Registering S3 methods’ in the ‘Writing R Extensions’
    manual.
Flavor: r-patched-solaris-sparc

Version: 1.4.3541
Check: package dependencies
Result: ERROR
    Packages required but not available: ‘xts’ ‘zoo’
    
    Packages suggested but not available for checking:
     ‘Hmisc’ ‘quantmod’ ‘quantreg’
    
    See section ‘The DESCRIPTION file’ in the ‘Writing R Extensions’
    manual.
Flavor: r-release-osx-x86_64-snowleopard