CRAN Package Check Results for Package PerformanceAnalytics

Last updated on 2014-11-21 01:47:54.

Flavor Version Tinstall Tcheck Ttotal Status Flags
r-devel-linux-x86_64-debian-clang 1.4.3541 3.10 181.99 185.09 OK
r-devel-linux-x86_64-debian-gcc 1.4.3541 2.94 176.64 179.58 OK
r-devel-linux-x86_64-fedora-clang 1.4.3541 388.72 OK
r-devel-linux-x86_64-fedora-gcc 1.4.3541 363.79 OK
r-devel-osx-x86_64-clang 1.4.3541 339.73 OK
r-devel-windows-ix86+x86_64 1.4.3541 10.00 252.00 262.00 OK --no-vignettes
r-patched-linux-x86_64 1.4.3541 2.93 192.90 195.83 OK
r-patched-solaris-sparc 1.4.3541 1257.20 OK --no-vignettes
r-patched-solaris-x86 1.4.3541 538.10 OK
r-release-linux-ix86 1.4.3541 3.78 221.98 225.76 OK
r-release-linux-x86_64 1.4.3541 2.96 195.86 198.82 OK
r-release-osx-x86_64-mavericks 1.4.3541 NOTE
r-release-osx-x86_64-snowleopard 1.4.3541 OK
r-release-windows-ix86+x86_64 1.4.3541 12.00 255.00 267.00 OK --no-vignettes
r-oldrel-windows-ix86+x86_64 1.4.3541 10.00 241.00 251.00 OK --no-vignettes

Check Details

Version: 1.4.3541
Check: re-building of vignette outputs
Result: NOTE
    Error in re-building vignettes:
     ...
    Attaching package: ‘zoo’
    
    The following objects are masked from ‘package:base’:
    
     as.Date, as.Date.numeric
    
    
    Attaching package: ‘PerformanceAnalytics’
    
    The following object is masked from ‘package:graphics’:
    
     legend
    
    Error in texi2dvi(file = file, pdf = TRUE, clean = clean, quiet = quiet, :
     Running 'texi2dvi' on 'PerformanceAnalyticsChartsPresentation-Meielisalp-2007.tex' failed.
    LaTeX errors:
    ! LaTeX Error: File `subfigure.sty' not found.
    
    Type X to quit or <RETURN> to proceed,
    or enter new name. (Default extension: sty)
    
    sentation-Meielisalp-2007.tex:28: ==> Fatal error occurred, no output PDF file
     produced!
    Calls: buildVignettes -> texi2pdf -> texi2dvi
    Execution halted
Flavor: r-release-osx-x86_64-mavericks