CRAN Package Check Results for Package PermAlgo

Last updated on 2016-02-12 09:50:51.

Flavor Version Tinstall Tcheck Ttotal Status Flags
r-devel-linux-x86_64-debian-gcc 1.1 0.58 15.66 16.23 NOTE
r-devel-linux-x86_64-fedora-clang 1.1 22.99 NOTE
r-devel-linux-x86_64-fedora-gcc 1.1 22.41 NOTE
r-devel-osx-x86_64-clang 1.1 26.49 NOTE
r-devel-windows-ix86+x86_64 1.1 4.00 33.00 37.00 NOTE
r-patched-linux-x86_64 1.1 0.57 16.80 17.37 OK
r-patched-solaris-sparc 1.1 157.30 OK
r-patched-solaris-x86 1.1 32.80 OK
r-release-linux-x86_64 1.1 0.55 16.73 17.29 OK
r-release-osx-x86_64-mavericks 1.1 OK
r-release-windows-ix86+x86_64 1.1 3.00 24.00 27.00 OK
r-oldrel-windows-ix86+x86_64 1.1 3.00 25.00 28.00 OK

Check Details

Version: 1.1
Check: R code for possible problems
Result: NOTE
    permalgorithm: no visible global function definition for ‘is’
    Undefined global functions or variables:
     is
    Consider adding
     importFrom("methods", "is")
    to your NAMESPACE file (and ensure that your DESCRIPTION Imports field
    contains 'methods').
Flavors: r-devel-linux-x86_64-debian-gcc, r-devel-linux-x86_64-fedora-clang, r-devel-linux-x86_64-fedora-gcc, r-devel-osx-x86_64-clang, r-devel-windows-ix86+x86_64