CRAN Package Check Results for Package PermAlgo

Last updated on 2017-05-26 14:46:42.

Flavor Version Tinstall Tcheck Ttotal Status Flags
r-devel-linux-x86_64-debian-clang 1.1 0.60 15.80 16.40 NOTE
r-devel-linux-x86_64-debian-gcc 1.1 0.73 16.36 17.09 NOTE
r-devel-linux-x86_64-fedora-clang 1.1 28.85 NOTE
r-devel-linux-x86_64-fedora-gcc 1.1 27.91 NOTE
r-devel-windows-ix86+x86_64 1.1 6.00 44.00 50.00 NOTE
r-patched-linux-x86_64 1.1 0.62 17.84 18.46 NOTE
r-patched-solaris-sparc 1.1 171.60 NOTE
r-patched-solaris-x86 1.1 36.80 NOTE
r-release-linux-x86_64 1.1 0.56 15.76 16.32 NOTE
r-release-windows-ix86+x86_64 1.1 3.00 29.00 32.00 NOTE
r-release-osx-x86_64 1.1 NOTE
r-oldrel-windows-ix86+x86_64 1.1 2.00 34.00 36.00 NOTE
r-oldrel-osx-x86_64 1.1 NOTE

Check Details

Version: 1.1
Check: R code for possible problems
Result: NOTE
    permalgorithm: no visible global function definition for ‘is’
    Undefined global functions or variables:
     is
    Consider adding
     importFrom("methods", "is")
    to your NAMESPACE file (and ensure that your DESCRIPTION Imports field
    contains 'methods').
Flavors: r-devel-linux-x86_64-debian-clang, r-devel-linux-x86_64-debian-gcc, r-devel-linux-x86_64-fedora-clang, r-devel-linux-x86_64-fedora-gcc, r-devel-windows-ix86+x86_64, r-patched-linux-x86_64, r-patched-solaris-sparc, r-patched-solaris-x86, r-release-linux-x86_64, r-release-windows-ix86+x86_64, r-release-osx-x86_64, r-oldrel-windows-ix86+x86_64, r-oldrel-osx-x86_64