CRAN Package Check Results for Package PermAlgo

Last updated on 2016-08-26 23:49:03.

Flavor Version Tinstall Tcheck Ttotal Status Flags
r-devel-linux-x86_64-debian-clang 1.1 0.54 15.79 16.33 NOTE
r-devel-linux-x86_64-debian-gcc 1.1 0.78 22.65 23.43 NOTE
r-devel-linux-x86_64-fedora-clang 1.1 25.82 NOTE
r-devel-linux-x86_64-fedora-gcc 1.1 24.41 NOTE
r-devel-osx-x86_64-clang 1.1 20.59 NOTE
r-devel-windows-ix86+x86_64 1.1 3.00 31.00 34.00 NOTE
r-patched-linux-x86_64 1.1 0.68 18.33 19.01 NOTE
r-patched-solaris-sparc 1.1 144.30 NOTE
r-patched-solaris-x86 1.1 29.90 NOTE
r-release-linux-x86_64 1.1 0.63 18.69 19.31 NOTE
r-release-osx-x86_64-mavericks 1.1 NOTE
r-release-windows-ix86+x86_64 1.1 2.00 42.00 44.00 NOTE
r-oldrel-windows-ix86+x86_64 1.1 3.00 24.00 27.00 OK

Check Details

Version: 1.1
Check: R code for possible problems
Result: NOTE
    permalgorithm: no visible global function definition for ‘is’
    Undefined global functions or variables:
     is
    Consider adding
     importFrom("methods", "is")
    to your NAMESPACE file (and ensure that your DESCRIPTION Imports field
    contains 'methods').
Flavors: r-devel-linux-x86_64-debian-clang, r-devel-linux-x86_64-debian-gcc, r-devel-linux-x86_64-fedora-clang, r-devel-linux-x86_64-fedora-gcc, r-devel-osx-x86_64-clang, r-devel-windows-ix86+x86_64, r-patched-linux-x86_64, r-patched-solaris-sparc, r-patched-solaris-x86, r-release-linux-x86_64, r-release-osx-x86_64-mavericks, r-release-windows-ix86+x86_64