CRAN Package Check Results for Package PermAlgo

Last updated on 2017-09-22 02:47:42.

Flavor Version Tinstall Tcheck Ttotal Status Flags
r-devel-linux-x86_64-debian-clang 1.1 0.59 15.43 16.02 NOTE
r-devel-linux-x86_64-debian-gcc 1.1 0.56 15.05 15.61 NOTE
r-devel-linux-x86_64-fedora-clang 1.1 27.17 NOTE
r-devel-linux-x86_64-fedora-gcc 1.1 26.35 NOTE
r-devel-windows-ix86+x86_64 1.1 2.00 31.00 33.00 NOTE
r-patched-linux-x86_64 1.1 0.61 15.06 15.67 NOTE
r-patched-solaris-x86 1.1 36.50 NOTE
r-release-linux-x86_64 1.1 0.64 15.42 16.05 NOTE
r-release-windows-ix86+x86_64 1.1 2.00 32.00 34.00 NOTE
r-release-osx-x86_64 1.1 NOTE
r-oldrel-windows-ix86+x86_64 1.1 2.00 34.00 36.00 NOTE
r-oldrel-osx-x86_64 1.1 NOTE

Check Details

Version: 1.1
Check: R code for possible problems
Result: NOTE
    permalgorithm: no visible global function definition for ‘is’
    Undefined global functions or variables:
     is
    Consider adding
     importFrom("methods", "is")
    to your NAMESPACE file (and ensure that your DESCRIPTION Imports field
    contains 'methods').
Flavors: r-devel-linux-x86_64-debian-clang, r-devel-linux-x86_64-debian-gcc, r-devel-linux-x86_64-fedora-clang, r-devel-linux-x86_64-fedora-gcc, r-devel-windows-ix86+x86_64, r-patched-linux-x86_64, r-patched-solaris-x86, r-release-linux-x86_64, r-release-windows-ix86+x86_64, r-release-osx-x86_64, r-oldrel-windows-ix86+x86_64, r-oldrel-osx-x86_64