CRAN Package Check Results for Package PermAlgo

Last updated on 2017-04-24 18:47:32.

Flavor Version Tinstall Tcheck Ttotal Status Flags
r-devel-linux-x86_64-debian-clang 1.1 0.55 15.65 16.20 NOTE
r-devel-linux-x86_64-debian-gcc 1.1 0.62 16.21 16.83 NOTE
r-devel-linux-x86_64-fedora-clang 1.1 28.80 NOTE --no-stop-on-test-error
r-devel-linux-x86_64-fedora-gcc 1.1 27.61 NOTE --no-stop-on-test-error
r-devel-windows-ix86+x86_64 1.1 NOTE
r-patched-linux-x86_64 1.1 0.56 15.60 16.16 NOTE
r-patched-solaris-sparc 1.1 171.60 NOTE
r-patched-solaris-x86 1.1 35.90 NOTE
r-release-linux-x86_64 1.1 0.62 15.49 16.11 NOTE
r-release-windows-ix86+x86_64 1.1 3.00 29.00 32.00 NOTE
r-release-osx-x86_64 1.1 NOTE
r-oldrel-windows-ix86+x86_64 1.1 2.00 34.00 36.00 NOTE
r-oldrel-osx-x86_64 1.1 NOTE

Check Details

Version: 1.1
Check: R code for possible problems
Result: NOTE
    permalgorithm: no visible global function definition for ‘is’
    Undefined global functions or variables:
     is
    Consider adding
     importFrom("methods", "is")
    to your NAMESPACE file (and ensure that your DESCRIPTION Imports field
    contains 'methods').
Flavors: r-devel-linux-x86_64-debian-clang, r-devel-linux-x86_64-debian-gcc, r-devel-windows-ix86+x86_64, r-patched-linux-x86_64, r-patched-solaris-sparc, r-patched-solaris-x86, r-release-linux-x86_64, r-release-windows-ix86+x86_64, r-release-osx-x86_64, r-oldrel-windows-ix86+x86_64, r-oldrel-osx-x86_64

Version: 1.1
Flags: --no-stop-on-test-error
Check: R code for possible problems
Result: NOTE
    permalgorithm: no visible global function definition for ‘is’
    Undefined global functions or variables:
     is
    Consider adding
     importFrom("methods", "is")
    to your NAMESPACE file (and ensure that your DESCRIPTION Imports field
    contains 'methods').
Flavors: r-devel-linux-x86_64-fedora-clang, r-devel-linux-x86_64-fedora-gcc