CRAN Package Check Results for Package PermAlgo

Last updated on 2017-03-25 17:49:45.

Flavor Version Tinstall Tcheck Ttotal Status Flags
r-devel-linux-x86_64-debian-clang 1.1 0.58 15.89 16.46 NOTE
r-devel-linux-x86_64-debian-gcc 1.1 0.58 15.36 15.94 NOTE
r-devel-linux-x86_64-fedora-clang 1.1 28.26 NOTE --no-stop-on-test-error
r-devel-linux-x86_64-fedora-gcc 1.1 27.70 NOTE --no-stop-on-test-error
r-devel-macos-x86_64-clang 1.1 22.90 NOTE --no-stop-on-test-error
r-devel-windows-ix86+x86_64 1.1 3.00 29.00 32.00 NOTE
r-patched-linux-x86_64 1.1 0.63 15.39 16.02 NOTE
r-patched-solaris-sparc 1.1 171.60 NOTE
r-patched-solaris-x86 1.1 36.10 NOTE
r-release-linux-x86_64 1.1 0.51 13.49 14.00 NOTE
r-release-osx-x86_64-mavericks 1.1 NOTE
r-release-windows-ix86+x86_64 1.1 2.00 34.00 36.00 NOTE
r-oldrel-windows-ix86+x86_64 1.1 2.00 29.00 31.00 OK

Check Details

Version: 1.1
Check: R code for possible problems
Result: NOTE
    permalgorithm: no visible global function definition for ‘is’
    Undefined global functions or variables:
     is
    Consider adding
     importFrom("methods", "is")
    to your NAMESPACE file (and ensure that your DESCRIPTION Imports field
    contains 'methods').
Flavors: r-devel-linux-x86_64-debian-clang, r-devel-linux-x86_64-debian-gcc, r-devel-windows-ix86+x86_64, r-patched-linux-x86_64, r-patched-solaris-sparc, r-patched-solaris-x86, r-release-linux-x86_64, r-release-osx-x86_64-mavericks, r-release-windows-ix86+x86_64

Version: 1.1
Flags: --no-stop-on-test-error
Check: R code for possible problems
Result: NOTE
    permalgorithm: no visible global function definition for ‘is’
    Undefined global functions or variables:
     is
    Consider adding
     importFrom("methods", "is")
    to your NAMESPACE file (and ensure that your DESCRIPTION Imports field
    contains 'methods').
Flavors: r-devel-linux-x86_64-fedora-clang, r-devel-linux-x86_64-fedora-gcc, r-devel-macos-x86_64-clang