CRAN Package Check Results for Package PermAlgo

Last updated on 2017-11-21 06:47:56 CET.

Flavor Version Tinstall Tcheck Ttotal Status Flags
r-devel-linux-x86_64-debian-clang 1.1 0.52 14.51 15.03 NOTE
r-devel-linux-x86_64-debian-gcc 1.1 0.87 15.85 16.72 NOTE
r-devel-linux-x86_64-fedora-clang 1.1 25.16 NOTE
r-devel-linux-x86_64-fedora-gcc 1.1 25.64 NOTE
r-devel-windows-ix86+x86_64 1.1 3.00 34.00 37.00 NOTE
r-patched-linux-x86_64 1.1 0.66 15.66 16.32 NOTE
r-patched-solaris-x86 1.1 37.00 NOTE
r-release-linux-x86_64 1.1 0.58 15.33 15.91 NOTE
r-release-windows-ix86+x86_64 1.1 2.00 32.00 34.00 NOTE
r-release-osx-x86_64 1.1 NOTE
r-oldrel-windows-ix86+x86_64 1.1 2.00 34.00 36.00 NOTE
r-oldrel-osx-x86_64 1.1 NOTE

Check Details

Version: 1.1
Check: R code for possible problems
Result: NOTE
    permalgorithm: no visible global function definition for ‘is’
    Undefined global functions or variables:
     is
    Consider adding
     importFrom("methods", "is")
    to your NAMESPACE file (and ensure that your DESCRIPTION Imports field
    contains 'methods').
Flavors: r-devel-linux-x86_64-debian-clang, r-devel-linux-x86_64-debian-gcc, r-devel-linux-x86_64-fedora-clang, r-devel-linux-x86_64-fedora-gcc, r-devel-windows-ix86+x86_64, r-patched-linux-x86_64, r-patched-solaris-x86, r-release-linux-x86_64, r-release-windows-ix86+x86_64, r-release-osx-x86_64, r-oldrel-windows-ix86+x86_64, r-oldrel-osx-x86_64