CRAN Package Check Results for Package PermAlgo

Last updated on 2015-07-29 23:47:19.

Flavor Version Tinstall Tcheck Ttotal Status Flags
r-devel-linux-x86_64-debian-clang 1.1 0.46 14.20 14.67 NOTE
r-devel-linux-x86_64-debian-gcc 1.1 0.46 13.18 13.64 NOTE
r-devel-linux-x86_64-fedora-clang 1.1 25.35 NOTE
r-devel-linux-x86_64-fedora-gcc 1.1 24.51 NOTE
r-devel-osx-x86_64-clang 1.1 25.39 OK
r-devel-windows-ix86+x86_64 1.1 3.00 22.00 25.00 NOTE
r-patched-linux-x86_64 1.1 0.51 13.60 14.11 OK
r-patched-solaris-sparc 1.1 179.80 OK
r-patched-solaris-x86 1.1 36.30 OK
r-release-linux-x86_64 1.1 0.50 13.69 14.19 OK
r-release-osx-x86_64-mavericks 1.1 OK
r-release-windows-ix86+x86_64 1.1 2.00 23.00 25.00 OK
r-oldrel-windows-ix86+x86_64 1.1 3.00 25.00 28.00 OK

Check Details

Version: 1.1
Check: R code for possible problems
Result: NOTE
    permalgorithm: no visible global function definition for ‘is’
    Undefined global functions or variables:
     is
    Consider adding
     importFrom("methods", "is")
    to your NAMESPACE.
Flavors: r-devel-linux-x86_64-debian-clang, r-devel-linux-x86_64-debian-gcc, r-devel-linux-x86_64-fedora-clang, r-devel-linux-x86_64-fedora-gcc, r-devel-windows-ix86+x86_64