CRAN Package Check Results for Package PermAlgo

Last updated on 2018-04-25 01:47:04 CEST.

Flavor Version Tinstall Tcheck Ttotal Status Flags
r-devel-linux-x86_64-debian-clang 1.1 0.81 22.60 23.41 NOTE
r-devel-linux-x86_64-debian-gcc 1.1 0.76 18.21 18.97 NOTE
r-devel-linux-x86_64-fedora-clang 1.1 27.81 NOTE
r-devel-linux-x86_64-fedora-gcc 1.1 27.14 NOTE
r-devel-windows-ix86+x86_64 1.1 4.00 31.00 35.00 NOTE
r-patched-linux-x86_64 1.1 1.05 22.13 23.18 NOTE
r-patched-solaris-x86 1.1 43.40 NOTE
r-release-linux-x86_64 1.1 0.96 22.06 23.02 NOTE
r-release-windows-ix86+x86_64 1.1 4.00 31.00 35.00 NOTE
r-release-osx-x86_64 1.1 NOTE
r-oldrel-windows-ix86+x86_64 1.1 2.00 32.00 34.00 NOTE
r-oldrel-osx-x86_64 1.1 NOTE

Check Details

Version: 1.1
Check: R code for possible problems
Result: NOTE
    permalgorithm: no visible global function definition for ‘is’
    Undefined global functions or variables:
     is
    Consider adding
     importFrom("methods", "is")
    to your NAMESPACE file (and ensure that your DESCRIPTION Imports field
    contains 'methods').
Flavors: r-devel-linux-x86_64-debian-clang, r-devel-linux-x86_64-debian-gcc, r-devel-linux-x86_64-fedora-clang, r-devel-linux-x86_64-fedora-gcc, r-devel-windows-ix86+x86_64, r-patched-linux-x86_64, r-patched-solaris-x86, r-release-linux-x86_64, r-release-windows-ix86+x86_64, r-release-osx-x86_64, r-oldrel-windows-ix86+x86_64, r-oldrel-osx-x86_64