CRAN Package Check Results for Package PermAlgo

Last updated on 2015-09-02 23:47:03.

Flavor Version Tinstall Tcheck Ttotal Status Flags
r-devel-linux-x86_64-debian-clang 1.1 0.46 12.94 13.41 NOTE
r-devel-linux-x86_64-debian-gcc 1.1 0.46 13.43 13.89 NOTE
r-devel-linux-x86_64-fedora-clang 1.1 24.41 NOTE
r-devel-linux-x86_64-fedora-gcc 1.1 23.40 NOTE
r-devel-osx-x86_64-clang 1.1 23.69 OK
r-devel-windows-ix86+x86_64 1.1 2.00 27.00 29.00 NOTE
r-patched-linux-x86_64 1.1 0.52 13.61 14.13 OK
r-patched-solaris-sparc 1.1 179.80 OK
r-patched-solaris-x86 1.1 37.10 OK
r-release-linux-x86_64 1.1 0.52 13.82 14.33 OK
r-release-osx-x86_64-mavericks 1.1 OK
r-release-windows-ix86+x86_64 1.1 3.00 33.00 36.00 OK
r-oldrel-windows-ix86+x86_64 1.1 3.00 25.00 28.00 OK

Check Details

Version: 1.1
Check: R code for possible problems
Result: NOTE
    permalgorithm: no visible global function definition for ‘is’
    Undefined global functions or variables:
     is
    Consider adding
     importFrom("methods", "is")
    to your NAMESPACE (and ensure that your DESCRIPTION Imports field
    contains 'methods').
Flavors: r-devel-linux-x86_64-debian-clang, r-devel-linux-x86_64-debian-gcc, r-devel-linux-x86_64-fedora-clang, r-devel-linux-x86_64-fedora-gcc, r-devel-windows-ix86+x86_64