CRAN Package Check Results for Package PerseusR

Last updated on 2022-01-22 20:48:44 CET.

Flavor Version Tinstall Tcheck Ttotal Status Flags
r-devel-linux-x86_64-debian-clang 0.3.4 4.99 61.53 66.52 NOTE
r-devel-linux-x86_64-debian-gcc 0.3.4 5.75 47.61 53.36 NOTE
r-devel-linux-x86_64-fedora-clang 0.3.4 84.93 NOTE
r-devel-linux-x86_64-fedora-gcc 0.3.4 72.74 NOTE
r-devel-windows-x86_64-new-UL 0.3.4 65.00 87.00 152.00 NOTE
r-devel-windows-x86_64-new-TK 0.3.4 NOTE
r-patched-linux-x86_64 0.3.4 10.98 59.17 70.15 NOTE
r-release-linux-x86_64 0.3.4 5.82 59.24 65.06 NOTE
r-release-macos-arm64 0.3.4 NOTE
r-release-macos-x86_64 0.3.4 NOTE
r-release-windows-ix86+x86_64 0.3.4 15.00 76.00 91.00 NOTE
r-oldrel-macos-x86_64 0.3.4 OK
r-oldrel-windows-ix86+x86_64 0.3.4 15.00 76.00 91.00 OK

Check Details

Version: 0.3.4
Check: LazyData
Result: NOTE
     'LazyData' is specified without a 'data' directory
Flavors: r-devel-linux-x86_64-debian-clang, r-devel-linux-x86_64-debian-gcc, r-devel-linux-x86_64-fedora-clang, r-devel-linux-x86_64-fedora-gcc, r-devel-windows-x86_64-new-UL, r-devel-windows-x86_64-new-TK, r-patched-linux-x86_64, r-release-linux-x86_64, r-release-macos-arm64, r-release-macos-x86_64, r-release-windows-ix86+x86_64