CRAN Package Check Results for Package PhViD

Last updated on 2017-12-12 02:49:47 CET.

Flavor Version Tinstall Tcheck Ttotal Status Flags
r-devel-linux-x86_64-debian-clang 1.0.8 3.03 49.46 52.49 OK
r-devel-linux-x86_64-debian-gcc 1.0.8 3.24 45.60 48.84 OK
r-devel-linux-x86_64-fedora-clang 1.0.8 79.55 OK
r-devel-linux-x86_64-fedora-gcc 1.0.8 78.42 OK
r-devel-windows-ix86+x86_64 1.0.8 11.00 78.00 89.00 OK
r-patched-linux-x86_64 1.0.8 4.08 63.48 67.56 OK
r-patched-solaris-x86 1.0.8 127.30 OK
r-release-linux-x86_64 1.0.8 4.58 61.61 66.19 OK
r-release-windows-ix86+x86_64 1.0.8 8.00 78.00 86.00 OK
r-release-osx-x86_64 1.0.8 ERROR
r-oldrel-windows-ix86+x86_64 1.0.8 9.00 61.00 70.00 OK
r-oldrel-osx-x86_64 1.0.8 OK

Check Details

Version: 1.0.8
Check: package dependencies
Result: ERROR
    Package required but not available: ‘LBE’
    
    See section ‘The DESCRIPTION file’ in the ‘Writing R Extensions’
    manual.
Flavor: r-release-osx-x86_64