CRAN Package Check Results for Package PhViD

Last updated on 2017-10-19 19:47:16.

Flavor Version Tinstall Tcheck Ttotal Status Flags
r-devel-linux-x86_64-debian-clang 1.0.8 2.91 38.55 41.46 OK
r-devel-linux-x86_64-debian-gcc 1.0.8 2.70 41.64 44.34 OK
r-devel-linux-x86_64-fedora-clang 1.0.8 95.72 OK
r-devel-linux-x86_64-fedora-gcc 1.0.8 90.84 OK
r-devel-windows-ix86+x86_64 1.0.8 7.00 71.00 78.00 OK
r-patched-linux-x86_64 1.0.8 2.86 41.29 44.15 OK
r-patched-solaris-x86 1.0.8 133.20 OK
r-release-linux-x86_64 1.0.8 2.96 41.20 44.15 OK
r-release-windows-ix86+x86_64 1.0.8 12.00 68.00 80.00 OK
r-release-osx-x86_64 1.0.8 ERROR
r-oldrel-windows-ix86+x86_64 1.0.8 13.00 89.00 102.00 OK
r-oldrel-osx-x86_64 1.0.8 OK

Check Details

Version: 1.0.8
Check: package dependencies
Result: ERROR
    Package required but not available: ‘LBE’
    
    See section ‘The DESCRIPTION file’ in the ‘Writing R Extensions’
    manual.
Flavor: r-release-osx-x86_64