CRAN Package Check Results for Package PhViD

Last updated on 2017-06-28 23:55:24.

Flavor Version Tinstall Tcheck Ttotal Status Flags
r-devel-linux-x86_64-debian-clang 1.0.8 2.83 39.95 42.78 OK
r-devel-linux-x86_64-debian-gcc 1.0.8 2.73 39.31 42.04 OK
r-devel-linux-x86_64-fedora-clang 1.0.8 93.91 OK
r-devel-linux-x86_64-fedora-gcc 1.0.8 92.88 OK
r-devel-windows-ix86+x86_64 1.0.8 8.00 96.00 104.00 OK
r-patched-linux-x86_64 1.0.8 2.96 40.47 43.43 OK
r-patched-solaris-sparc 1.0.8 538.90 OK
r-patched-solaris-x86 1.0.8 127.00 OK
r-release-linux-x86_64 1.0.8 2.79 39.35 42.15 OK
r-release-windows-ix86+x86_64 1.0.8 9.00 92.00 101.00 OK
r-release-osx-x86_64 1.0.8 ERROR
r-oldrel-windows-ix86+x86_64 1.0.8 9.00 89.00 98.00 OK
r-oldrel-osx-x86_64 1.0.8 OK

Check Details

Version: 1.0.8
Check: package dependencies
Result: ERROR
    Package required but not available: ‘LBE’
    
    See section ‘The DESCRIPTION file’ in the ‘Writing R Extensions’
    manual.
Flavor: r-release-osx-x86_64