CRAN Package Check Results for Package PhViD

Last updated on 2015-02-01 11:47:19.

Flavor Version Tinstall Tcheck Ttotal Status Flags
r-devel-linux-x86_64-debian-clang 1.0.6 0.97 18.85 19.82 NOTE
r-devel-linux-x86_64-debian-gcc 1.0.6 1.08 18.73 19.82 NOTE
r-devel-linux-x86_64-fedora-clang 1.0.6 42.82 NOTE
r-devel-linux-x86_64-fedora-gcc 1.0.6 37.73 NOTE
r-devel-osx-x86_64-clang 1.0.6 47.87 NOTE
r-devel-windows-ix86+x86_64 1.0.6 7.00 31.00 38.00 NOTE
r-patched-linux-x86_64 1.0.6 1.12 22.50 23.62 NOTE
r-patched-solaris-sparc 1.0.6 270.10 NOTE
r-patched-solaris-x86 1.0.6 68.60 NOTE
r-release-linux-ix86 1.0.6 1.58 30.71 32.29 NOTE
r-release-linux-x86_64 1.0.6 1.14 22.05 23.20 NOTE
r-release-osx-x86_64-mavericks 1.0.6 NOTE
r-release-osx-x86_64-snowleopard 1.0.6 NOTE
r-release-windows-ix86+x86_64 1.0.6 5.00 39.00 44.00 NOTE
r-oldrel-windows-ix86+x86_64 1.0.6 5.00 39.00 44.00 NOTE

Check Details

Version: 1.0.6
Check: top-level files
Result: NOTE
    Non-standard file/directory found at top level:
     ‘PhViD-Ex.R’
Flavors: r-devel-linux-x86_64-debian-clang, r-devel-linux-x86_64-debian-gcc, r-devel-linux-x86_64-fedora-clang, r-devel-linux-x86_64-fedora-gcc, r-patched-linux-x86_64, r-release-linux-ix86, r-release-linux-x86_64

Version: 1.0.6
Check: dependencies in R code
Result: NOTE
    'library' or 'require' calls to packages already attached by Depends:
     ‘LBE’ ‘MCMCpack’
     Please remove these calls from your code.
Flavors: r-devel-linux-x86_64-debian-clang, r-devel-linux-x86_64-debian-gcc, r-devel-linux-x86_64-fedora-clang, r-devel-linux-x86_64-fedora-gcc, r-devel-osx-x86_64-clang, r-devel-windows-ix86+x86_64

Version: 1.0.6
Check: dependencies in R code
Result: NOTE
    'library' or 'require' calls to packages already attached by Depends:
     ‘LBE’ ‘MCMCpack’
     Please remove these calls from your code.
    See the information on DESCRIPTION files in the chapter ‘Creating R
    packages’ of the ‘Writing R Extensions’ manual.
Flavors: r-patched-linux-x86_64, r-patched-solaris-sparc, r-patched-solaris-x86, r-release-linux-ix86, r-release-linux-x86_64, r-release-osx-x86_64-mavericks, r-release-osx-x86_64-snowleopard, r-release-windows-ix86+x86_64, r-oldrel-windows-ix86+x86_64