CRAN Package Check Results for Package PhViD

Last updated on 2017-05-22 18:52:00.

Flavor Version Tinstall Tcheck Ttotal Status Flags
r-devel-linux-x86_64-debian-clang 1.0.8 2.92 40.97 43.88 OK
r-devel-linux-x86_64-debian-gcc 1.0.8 2.77 39.97 42.73 OK
r-devel-linux-x86_64-fedora-clang 1.0.8 97.04 OK --no-stop-on-test-error
r-devel-linux-x86_64-fedora-gcc 1.0.8 90.16 OK --no-stop-on-test-error
r-devel-windows-ix86+x86_64 1.0.8 10.00 99.00 109.00 OK
r-patched-linux-x86_64 1.0.8 2.80 40.31 43.11 OK
r-patched-solaris-sparc 1.0.8 538.90 OK
r-patched-solaris-x86 1.0.8 127.50 OK
r-release-linux-x86_64 1.0.8 2.90 40.41 43.30 OK
r-release-windows-ix86+x86_64 1.0.8 8.00 95.00 103.00 OK
r-release-osx-x86_64 1.0.8 ERROR
r-oldrel-windows-ix86+x86_64 1.0.8 11.00 95.00 106.00 OK
r-oldrel-osx-x86_64 1.0.8 OK

Check Details

Version: 1.0.8
Check: package dependencies
Result: ERROR
    Package required but not available: ‘LBE’
    
    See section ‘The DESCRIPTION file’ in the ‘Writing R Extensions’
    manual.
Flavor: r-release-osx-x86_64