CRAN Package Check Results for Package PhViD

Last updated on 2015-08-04 16:48:39.

Flavor Version Tinstall Tcheck Ttotal Status Flags
r-devel-linux-x86_64-debian-clang 1.0.6 0.89 18.65 19.54 NOTE
r-devel-linux-x86_64-debian-gcc 1.0.6 0.88 18.37 19.25 NOTE
r-devel-linux-x86_64-fedora-clang 1.0.6 37.49 NOTE
r-devel-linux-x86_64-fedora-gcc 1.0.6 35.64 NOTE
r-devel-osx-x86_64-clang 1.0.6 36.72 NOTE
r-devel-windows-ix86+x86_64 1.0.6 5.00 49.00 54.00 NOTE
r-patched-linux-x86_64 1.0.6 0.92 19.63 20.55 NOTE
r-patched-solaris-sparc 1.0.6 247.00 NOTE
r-patched-solaris-x86 1.0.6 58.50 NOTE
r-release-linux-x86_64 1.0.6 0.96 19.13 20.09 NOTE
r-release-osx-x86_64-mavericks 1.0.6 NOTE
r-release-windows-ix86+x86_64 1.0.6 7.00 33.00 40.00 NOTE
r-oldrel-windows-ix86+x86_64 1.0.6 5.00 40.00 45.00 NOTE

Check Details

Version: 1.0.6
Check: DESCRIPTION meta-information
Result: NOTE
    Malformed Title field: should not end in a period.
Flavors: r-devel-linux-x86_64-debian-clang, r-devel-linux-x86_64-debian-gcc, r-devel-linux-x86_64-fedora-clang, r-devel-linux-x86_64-fedora-gcc, r-devel-osx-x86_64-clang, r-devel-windows-ix86+x86_64, r-patched-linux-x86_64, r-patched-solaris-sparc, r-patched-solaris-x86, r-release-linux-x86_64, r-release-osx-x86_64-mavericks, r-release-windows-ix86+x86_64

Version: 1.0.6
Check: top-level files
Result: NOTE
    Non-standard file/directory found at top level:
     ‘PhViD-Ex.R’
Flavors: r-devel-linux-x86_64-debian-clang, r-devel-linux-x86_64-debian-gcc, r-devel-linux-x86_64-fedora-clang, r-devel-linux-x86_64-fedora-gcc, r-patched-linux-x86_64, r-release-linux-x86_64

Version: 1.0.6
Check: dependencies in R code
Result: NOTE
    'library' or 'require' calls to packages already attached by Depends:
     ‘LBE’ ‘MCMCpack’
     Please remove these calls from your code.
Flavors: r-devel-linux-x86_64-debian-clang, r-devel-linux-x86_64-debian-gcc, r-devel-linux-x86_64-fedora-clang, r-devel-linux-x86_64-fedora-gcc, r-devel-osx-x86_64-clang, r-devel-windows-ix86+x86_64, r-patched-linux-x86_64, r-patched-solaris-sparc, r-patched-solaris-x86, r-release-linux-x86_64, r-release-osx-x86_64-mavericks, r-release-windows-ix86+x86_64, r-oldrel-windows-ix86+x86_64

Version: 1.0.6
Check: R code for possible problems
Result: NOTE
    BCPNN: no visible global function definition for ‘pnorm’
    BCPNN: no visible global function definition for ‘qnorm’
    GPS : f: no visible global function definition for ‘dnbinom’
    GPS: no visible global function definition for ‘xtabs’
    GPS: no visible global function definition for ‘nlm’
    GPS : lik: no visible global function definition for ‘dnbinom’
    GPS : lik: no visible global function definition for ‘pnbinom’
    GPS: no visible global function definition for ‘dnbinom’
    GPS: no visible global function definition for ‘pgamma’
    GPS : FCoutQuantileDuMouchel: no visible global function definition for
     ‘pgamma’
    PRR: no visible global function definition for ‘pnorm’
    PRR: no visible global function definition for ‘qnorm’
    RFET: no visible global function definition for ‘fisher.test’
    ROR: no visible global function definition for ‘pnorm’
    ROR: no visible global function definition for ‘qnorm’
    as.PhViD: no visible global function definition for ‘xtabs’
    Undefined global functions or variables:
     dnbinom fisher.test nlm pgamma pnbinom pnorm qnorm xtabs
    Consider adding
     importFrom("stats", "dnbinom", "fisher.test", "nlm", "pgamma",
     "pnbinom", "pnorm", "qnorm", "xtabs")
    to your NAMESPACE.
Flavors: r-devel-linux-x86_64-debian-clang, r-devel-linux-x86_64-debian-gcc, r-devel-linux-x86_64-fedora-clang, r-devel-linux-x86_64-fedora-gcc, r-devel-windows-ix86+x86_64