CRAN Package Check Results for Package PhViD

Last updated on 2017-08-18 00:50:08.

Flavor Version Tinstall Tcheck Ttotal Status Flags
r-devel-linux-x86_64-debian-clang 1.0.8 2.93 39.75 42.68 OK
r-devel-linux-x86_64-debian-gcc 1.0.8 2.87 39.20 42.07 OK
r-devel-linux-x86_64-fedora-clang 1.0.8 91.35 OK
r-devel-linux-x86_64-fedora-gcc 1.0.8 101.04 OK
r-devel-windows-ix86+x86_64 1.0.8 8.00 70.00 78.00 OK
r-patched-linux-x86_64 1.0.8 3.22 42.30 45.52 OK
r-patched-solaris-x86 1.0.8 129.40 OK
r-release-linux-x86_64 1.0.8 2.79 39.75 42.54 OK
r-release-windows-ix86+x86_64 1.0.8 7.00 72.00 79.00 OK
r-release-osx-x86_64 1.0.8 ERROR
r-oldrel-windows-ix86+x86_64 1.0.8 7.00 91.00 98.00 OK
r-oldrel-osx-x86_64 1.0.8 OK

Check Details

Version: 1.0.8
Check: package dependencies
Result: ERROR
    Package required but not available: ‘LBE’
    
    See section ‘The DESCRIPTION file’ in the ‘Writing R Extensions’
    manual.
Flavor: r-release-osx-x86_64