CRAN Package Check Results for Package PhViD

Last updated on 2015-05-06 09:47:17.

Flavor Version Tinstall Tcheck Ttotal Status Flags
r-devel-linux-x86_64-debian-clang 1.0.6 0.94 18.90 19.85 NOTE
r-devel-linux-x86_64-debian-gcc 1.0.6 0.90 19.09 19.99 NOTE
r-devel-linux-x86_64-fedora-clang 1.0.6 39.96 NOTE
r-devel-linux-x86_64-fedora-gcc 1.0.6 37.35 NOTE
r-devel-osx-x86_64-clang 1.0.6 40.38 NOTE
r-devel-windows-ix86+x86_64 1.0.6 3.00 30.00 33.00 NOTE
r-patched-linux-x86_64 1.0.6 0.92 19.20 20.11 NOTE
r-patched-solaris-sparc 1.0.6 260.40 NOTE
r-patched-solaris-x86 1.0.6 59.50 NOTE
r-release-linux-x86_64 1.0.6 0.92 19.37 20.29 NOTE
r-release-osx-x86_64-mavericks 1.0.6 NOTE
r-release-osx-x86_64-snowleopard 1.0.6 ERROR
r-release-windows-ix86+x86_64 1.0.6 4.00 30.00 34.00 NOTE
r-oldrel-windows-ix86+x86_64 1.0.6 5.00 49.00 54.00 NOTE

Check Details

Version: 1.0.6
Check: DESCRIPTION meta-information
Result: NOTE
    Malformed Title field: should not end in a period.
Flavors: r-devel-linux-x86_64-debian-clang, r-devel-linux-x86_64-debian-gcc, r-devel-linux-x86_64-fedora-clang, r-devel-linux-x86_64-fedora-gcc, r-devel-osx-x86_64-clang, r-devel-windows-ix86+x86_64, r-patched-linux-x86_64, r-patched-solaris-sparc, r-patched-solaris-x86, r-release-linux-x86_64, r-release-osx-x86_64-mavericks, r-release-windows-ix86+x86_64

Version: 1.0.6
Check: top-level files
Result: NOTE
    Non-standard file/directory found at top level:
     ‘PhViD-Ex.R’
Flavors: r-devel-linux-x86_64-debian-clang, r-devel-linux-x86_64-debian-gcc, r-devel-linux-x86_64-fedora-clang, r-devel-linux-x86_64-fedora-gcc, r-patched-linux-x86_64, r-release-linux-x86_64

Version: 1.0.6
Check: dependencies in R code
Result: NOTE
    'library' or 'require' calls to packages already attached by Depends:
     ‘LBE’ ‘MCMCpack’
     Please remove these calls from your code.
Flavors: r-devel-linux-x86_64-debian-clang, r-devel-linux-x86_64-debian-gcc, r-devel-linux-x86_64-fedora-clang, r-devel-linux-x86_64-fedora-gcc, r-devel-osx-x86_64-clang, r-devel-windows-ix86+x86_64, r-patched-linux-x86_64, r-patched-solaris-sparc, r-patched-solaris-x86, r-release-linux-x86_64, r-release-osx-x86_64-mavericks, r-release-windows-ix86+x86_64, r-oldrel-windows-ix86+x86_64

Version: 1.0.6
Check: package dependencies
Result: ERROR
    Package required but not available: ‘LBE’
    
    See section ‘The DESCRIPTION file’ in the ‘Writing R Extensions’
    manual.
Flavor: r-release-osx-x86_64-snowleopard