CRAN Package Check Results for Package PhViD

Last updated on 2014-04-24 23:48:09.

Flavor Version Tinstall Tcheck Ttotal Status Flags
r-devel-linux-x86_64-debian-clang 1.0.6 1.14 22.41 23.56 NOTE
r-devel-linux-x86_64-debian-gcc 1.0.6 1.12 22.99 24.11 NOTE
r-devel-linux-x86_64-fedora-clang 1.0.6 46.14 NOTE
r-devel-linux-x86_64-fedora-gcc 1.0.6 44.35 NOTE
r-devel-osx-x86_64-clang 1.0.6 46.53 NOTE
r-devel-osx-x86_64-gcc 1.0.6 ERROR
r-devel-windows-ix86+x86_64 1.0.6 5.00 34.00 39.00 NOTE
r-patched-linux-x86_64 1.0.6 1.18 22.10 23.28 NOTE
r-patched-solaris-sparc 1.0.6 279.10 NOTE
r-patched-solaris-x86 1.0.6 76.80 NOTE
r-release-linux-ix86 1.0.6 2.00 44.00 46.00 NOTE
r-release-linux-x86_64 1.0.6 1.12 22.98 24.10 NOTE
r-release-osx-x86_64-mavericks 1.0.6 ERROR
r-release-osx-x86_64-snowleopard 1.0.6 NOTE
r-release-windows-ix86+x86_64 1.0.6 5.00 33.00 38.00 NOTE
r-oldrel-windows-ix86+x86_64 1.0.6 6.00 36.00 42.00 NOTE

Check Details

Version: 1.0.6
Check: dependencies in R code
Result: NOTE
    'library' or 'require' calls to packages already attached by Depends:
     ‘LBE’ ‘MCMCpack’
     Please remove these calls from your code.
    See the information on DESCRIPTION files in the chapter ‘Creating R
    packages’ of the ‘Writing R Extensions’ manual.
Flavors: r-devel-linux-x86_64-debian-clang, r-devel-linux-x86_64-debian-gcc, r-devel-linux-x86_64-fedora-clang, r-devel-linux-x86_64-fedora-gcc, r-devel-osx-x86_64-clang, r-devel-windows-ix86+x86_64, r-patched-linux-x86_64, r-patched-solaris-sparc, r-patched-solaris-x86, r-release-linux-ix86, r-release-linux-x86_64, r-release-osx-x86_64-snowleopard, r-release-windows-ix86+x86_64, r-oldrel-windows-ix86+x86_64

Version: 1.0.6
Check: top-level files
Result: NOTE
    Non-standard file/directory found at top level:
     ‘PhViD-Ex.R’
Flavors: r-devel-linux-x86_64-fedora-clang, r-devel-linux-x86_64-fedora-gcc

Version: 1.0.6
Check: package dependencies
Result: ERROR
    Package required but not available: ‘LBE’
    
    See the information on DESCRIPTION files in the chapter ‘Creating R
    packages’ of the ‘Writing R Extensions’ manual.
Flavors: r-devel-osx-x86_64-gcc, r-release-osx-x86_64-mavericks