CRAN Package Check Results for Package PhViD

Last updated on 2014-12-18 23:47:55.

Flavor Version Tinstall Tcheck Ttotal Status Flags
r-devel-linux-x86_64-debian-clang 1.0.6 1.10 22.40 23.50 NOTE
r-devel-linux-x86_64-debian-gcc 1.0.6 1.03 21.90 22.93 NOTE
r-devel-linux-x86_64-fedora-clang 1.0.6 47.04 NOTE
r-devel-linux-x86_64-fedora-gcc 1.0.6 43.94 NOTE
r-devel-osx-x86_64-clang 1.0.6 45.99 NOTE
r-devel-windows-ix86+x86_64 1.0.6 6.00 35.00 41.00 NOTE
r-patched-linux-x86_64 1.0.6 1.38 21.84 23.23 NOTE
r-patched-solaris-sparc 1.0.6 288.00 NOTE
r-patched-solaris-x86 1.0.6 67.80 NOTE
r-release-linux-ix86 1.0.6 1.54 29.56 31.10 NOTE
r-release-linux-x86_64 1.0.6 1.27 21.92 23.18 NOTE
r-release-osx-x86_64-mavericks 1.0.6 NOTE
r-release-osx-x86_64-snowleopard 1.0.6 NOTE
r-release-windows-ix86+x86_64 1.0.6 5.00 36.00 41.00 NOTE
r-oldrel-windows-ix86+x86_64 1.0.6 5.00 37.00 42.00 NOTE

Check Details

Version: 1.0.6
Check: top-level files
Result: NOTE
    Non-standard file/directory found at top level:
     ‘PhViD-Ex.R’
Flavors: r-devel-linux-x86_64-debian-clang, r-devel-linux-x86_64-debian-gcc, r-devel-linux-x86_64-fedora-clang, r-devel-linux-x86_64-fedora-gcc, r-patched-linux-x86_64, r-release-linux-x86_64

Version: 1.0.6
Check: dependencies in R code
Result: NOTE
    'library' or 'require' calls to packages already attached by Depends:
     ‘LBE’ ‘MCMCpack’
     Please remove these calls from your code.
    See the information on DESCRIPTION files in the chapter ‘Creating R
    packages’ of the ‘Writing R Extensions’ manual.
Flavors: r-devel-linux-x86_64-debian-clang, r-devel-linux-x86_64-debian-gcc, r-devel-linux-x86_64-fedora-clang, r-devel-linux-x86_64-fedora-gcc, r-devel-osx-x86_64-clang, r-devel-windows-ix86+x86_64, r-patched-linux-x86_64, r-patched-solaris-sparc, r-patched-solaris-x86, r-release-linux-ix86, r-release-linux-x86_64, r-release-osx-x86_64-mavericks, r-release-osx-x86_64-snowleopard, r-release-windows-ix86+x86_64, r-oldrel-windows-ix86+x86_64