CRAN Package Check Results for Package PhViD

Last updated on 2014-08-20 21:47:32.

Flavor Version Tinstall Tcheck Ttotal Status Flags
r-devel-linux-x86_64-debian-clang 1.0.6 1.03 20.75 21.78 NOTE
r-devel-linux-x86_64-debian-gcc 1.0.6 1.01 21.08 22.10 NOTE
r-devel-linux-x86_64-fedora-clang 1.0.6 48.26 NOTE
r-devel-linux-x86_64-fedora-gcc 1.0.6 42.29 NOTE
r-devel-osx-x86_64-clang 1.0.6 43.76 NOTE
r-devel-windows-ix86+x86_64 1.0.6 5.00 33.00 38.00 NOTE
r-patched-linux-x86_64 1.0.6 1.05 21.24 22.28 NOTE
r-patched-solaris-sparc 1.0.6 288.00 NOTE
r-patched-solaris-x86 1.0.6 65.10 NOTE
r-release-linux-ix86 1.0.6 1.60 31.11 32.71 NOTE
r-release-linux-x86_64 1.0.6 1.11 21.68 22.78 NOTE
r-release-osx-x86_64-mavericks 1.0.6 NOTE
r-release-osx-x86_64-snowleopard 1.0.6 NOTE
r-release-windows-ix86+x86_64 1.0.6 4.00 36.00 40.00 NOTE
r-oldrel-windows-ix86+x86_64 1.0.6 6.00 36.00 42.00 NOTE

Check Details

Version: 1.0.6
Check: dependencies in R code
Result: NOTE
    'library' or 'require' calls to packages already attached by Depends:
     ‘LBE’ ‘MCMCpack’
     Please remove these calls from your code.
    See the information on DESCRIPTION files in the chapter ‘Creating R
    packages’ of the ‘Writing R Extensions’ manual.
Flavors: r-devel-linux-x86_64-debian-clang, r-devel-linux-x86_64-debian-gcc, r-devel-linux-x86_64-fedora-clang, r-devel-linux-x86_64-fedora-gcc, r-devel-osx-x86_64-clang, r-devel-windows-ix86+x86_64, r-patched-linux-x86_64, r-patched-solaris-sparc, r-patched-solaris-x86, r-release-linux-ix86, r-release-linux-x86_64, r-release-osx-x86_64-mavericks, r-release-osx-x86_64-snowleopard, r-release-windows-ix86+x86_64, r-oldrel-windows-ix86+x86_64

Version: 1.0.6
Check: top-level files
Result: NOTE
    Non-standard file/directory found at top level:
     ‘PhViD-Ex.R’
Flavors: r-devel-linux-x86_64-fedora-clang, r-devel-linux-x86_64-fedora-gcc