CRAN Package Check Results for Package PhViD

Last updated on 2014-09-16 14:47:37.

Flavor Version Tinstall Tcheck Ttotal Status Flags
r-devel-linux-x86_64-debian-clang 1.0.6 1.09 20.92 22.02 NOTE
r-devel-linux-x86_64-debian-gcc 1.0.6 1.00 20.67 21.67 NOTE
r-devel-linux-x86_64-fedora-clang 1.0.6 44.11 NOTE
r-devel-linux-x86_64-fedora-gcc 1.0.6 52.49 NOTE
r-devel-osx-x86_64-clang 1.0.6 43.22 NOTE
r-devel-windows-ix86+x86_64 1.0.6 4.00 32.00 36.00 NOTE
r-patched-linux-x86_64 1.0.6 1.06 21.54 22.60 NOTE
r-patched-solaris-sparc 1.0.6 288.00 NOTE
r-patched-solaris-x86 1.0.6 64.30 NOTE
r-release-linux-ix86 1.0.6 1.58 32.50 34.08 NOTE
r-release-linux-x86_64 1.0.6 1.12 21.91 23.03 NOTE
r-release-osx-x86_64-mavericks 1.0.6 NOTE
r-release-osx-x86_64-snowleopard 1.0.6 NOTE
r-release-windows-ix86+x86_64 1.0.6 6.00 39.00 45.00 NOTE
r-oldrel-windows-ix86+x86_64 1.0.6 6.00 40.00 46.00 NOTE

Check Details

Version: 1.0.6
Check: top-level files
Result: NOTE
    Non-standard file/directory found at top level:
     ‘PhViD-Ex.R’
Flavors: r-devel-linux-x86_64-debian-clang, r-devel-linux-x86_64-debian-gcc, r-devel-linux-x86_64-fedora-clang, r-devel-linux-x86_64-fedora-gcc, r-release-linux-x86_64

Version: 1.0.6
Check: dependencies in R code
Result: NOTE
    'library' or 'require' calls to packages already attached by Depends:
     ‘LBE’ ‘MCMCpack’
     Please remove these calls from your code.
    See the information on DESCRIPTION files in the chapter ‘Creating R
    packages’ of the ‘Writing R Extensions’ manual.
Flavors: r-devel-linux-x86_64-debian-clang, r-devel-linux-x86_64-debian-gcc, r-devel-linux-x86_64-fedora-clang, r-devel-linux-x86_64-fedora-gcc, r-devel-osx-x86_64-clang, r-devel-windows-ix86+x86_64, r-patched-linux-x86_64, r-patched-solaris-sparc, r-patched-solaris-x86, r-release-linux-ix86, r-release-linux-x86_64, r-release-osx-x86_64-mavericks, r-release-osx-x86_64-snowleopard, r-release-windows-ix86+x86_64, r-oldrel-windows-ix86+x86_64