CRAN Package Check Results for Package Phase123

Last updated on 2022-11-26 10:58:05 CET.

Flavor Version Tinstall Tcheck Ttotal Status Flags
r-devel-linux-x86_64-debian-clang 2.1 51.57 83.57 135.14 NOTE
r-devel-linux-x86_64-debian-gcc 2.1 33.89 63.53 97.42 NOTE
r-devel-linux-x86_64-fedora-clang 2.1 187.79 NOTE
r-devel-windows-x86_64 2.1 45.00 135.00 180.00 NOTE
r-patched-linux-x86_64 2.1 NOTE
r-release-linux-x86_64 2.1 35.11 78.92 114.03 NOTE
r-release-macos-arm64 2.1 45.00 NOTE
r-release-macos-x86_64 2.1 62.00 NOTE
r-release-windows-x86_64 2.1 51.00 131.00 182.00 NOTE
r-oldrel-macos-arm64 2.1 53.00 NOTE
r-oldrel-macos-x86_64 2.1 80.00 NOTE
r-oldrel-windows-ix86+x86_64 2.1 110.00 157.00 267.00 NOTE

Check Details

Version: 2.1
Check: LazyData
Result: NOTE
     'LazyData' is specified without a 'data' directory
Flavors: r-devel-linux-x86_64-debian-clang, r-devel-linux-x86_64-debian-gcc, r-devel-linux-x86_64-fedora-clang, r-devel-windows-x86_64, r-patched-linux-x86_64, r-release-linux-x86_64, r-release-macos-arm64, r-release-macos-x86_64, r-release-windows-x86_64, r-oldrel-macos-arm64, r-oldrel-macos-x86_64, r-oldrel-windows-ix86+x86_64