CRAN Package Check Results for Package PhaseType

Last updated on 2016-07-23 16:47:00.

Flavor Version Tinstall Tcheck Ttotal Status Flags
r-devel-linux-x86_64-debian-clang 0.1.3 4.14 25.02 29.16 NOTE
r-devel-linux-x86_64-debian-gcc 0.1.3 3.54 27.44 30.98 NOTE
r-devel-linux-x86_64-fedora-clang 0.1.3 41.23 NOTE
r-devel-linux-x86_64-fedora-gcc 0.1.3 39.21 NOTE
r-devel-osx-x86_64-clang 0.1.3 35.04 NOTE
r-devel-windows-ix86+x86_64 0.1.3 19.00 58.00 77.00 NOTE
r-patched-linux-x86_64 0.1.3 3.76 27.07 30.82 NOTE
r-patched-solaris-sparc 0.1.3 241.30 NOTE
r-patched-solaris-x86 0.1.3 51.80 NOTE
r-release-linux-x86_64 0.1.3 3.57 26.08 29.64 NOTE
r-release-osx-x86_64-mavericks 0.1.3 NOTE
r-release-windows-ix86+x86_64 0.1.3 12.00 81.00 93.00 NOTE
r-oldrel-windows-ix86+x86_64 0.1.3 23.00 79.00 102.00 NOTE

Check Details

Version: 0.1.3
Check: dependencies in R code
Result: NOTE
    Packages in Depends field not imported from:
     ‘ggplot2’ ‘reshape’
     These packages need to be imported from (in the NAMESPACE file)
     for when this namespace is loaded but not attached.
Flavors: r-devel-linux-x86_64-debian-clang, r-devel-linux-x86_64-debian-gcc, r-devel-linux-x86_64-fedora-clang, r-devel-linux-x86_64-fedora-gcc, r-devel-osx-x86_64-clang, r-devel-windows-ix86+x86_64, r-patched-linux-x86_64, r-patched-solaris-sparc, r-patched-solaris-x86, r-release-linux-x86_64, r-release-osx-x86_64-mavericks, r-release-windows-ix86+x86_64, r-oldrel-windows-ix86+x86_64

Version: 0.1.3
Check: R code for possible problems
Result: NOTE
    plot.phtMCMC: no visible global function definition for ‘ggplot’
    plot.phtMCMC: no visible global function definition for ‘melt’
    plot.phtMCMC: no visible global function definition for ‘geom_line’
    plot.phtMCMC: no visible global function definition for ‘aes_string’
    plot.phtMCMC: no visible global function definition for ‘geom_smooth’
    plot.phtMCMC: no visible global function definition for ‘facet_wrap’
    plot.phtMCMC: no visible global function definition for ‘ggtitle’
    plot.phtMCMC: no visible global function definition for ‘xlab’
    plot.phtMCMC: no visible global function definition for ‘ylab’
    plot.phtMCMC: no visible global function definition for ‘geom_density’
    Undefined global functions or variables:
     aes_string facet_wrap geom_density geom_line geom_smooth ggplot
     ggtitle melt xlab ylab
Flavors: r-devel-linux-x86_64-debian-clang, r-devel-linux-x86_64-debian-gcc, r-devel-linux-x86_64-fedora-clang, r-devel-linux-x86_64-fedora-gcc, r-devel-osx-x86_64-clang, r-devel-windows-ix86+x86_64, r-patched-linux-x86_64, r-patched-solaris-sparc, r-patched-solaris-x86, r-release-linux-x86_64, r-release-osx-x86_64-mavericks, r-release-windows-ix86+x86_64

Version: 0.1.3
Check: compiled code
Result: NOTE
    File ‘PhaseType/libs/PhaseType.so’:
     Found ‘rand’, possibly from ‘rand’ (C)
     Object: ‘LJMA_arms.o’
    
    Compiled code should not call entry points which might terminate R nor
    write to stdout/stderr instead of to the console, nor the system RNG.
    
    See ‘Writing portable packages’ in the ‘Writing R Extensions’ manual.
Flavors: r-devel-linux-x86_64-debian-clang, r-devel-linux-x86_64-debian-gcc, r-devel-linux-x86_64-fedora-clang, r-devel-linux-x86_64-fedora-gcc, r-patched-linux-x86_64, r-patched-solaris-sparc, r-patched-solaris-x86, r-release-linux-x86_64

Version: 0.1.3
Check: compiled code
Result: NOTE
    File ‘PhaseType/libs/PhaseType.so’:
     Found ‘_rand’, possibly from ‘rand’ (C)
     Object: ‘LJMA_arms.o’
    
    Compiled code should not call entry points which might terminate R nor
    write to stdout/stderr instead of to the console, nor the system RNG.
    
    See ‘Writing portable packages’ in the ‘Writing R Extensions’ manual.
Flavors: r-devel-osx-x86_64-clang, r-release-osx-x86_64-mavericks

Version: 0.1.3
Check: R code for possible problems
Result: NOTE
    plot.phtMCMC: no visible global function definition for 'ggplot'
    plot.phtMCMC: no visible global function definition for 'melt'
    plot.phtMCMC: no visible global function definition for 'geom_line'
    plot.phtMCMC: no visible global function definition for 'aes_string'
    plot.phtMCMC: no visible global function definition for 'geom_smooth'
    plot.phtMCMC: no visible global function definition for 'facet_wrap'
    plot.phtMCMC: no visible global function definition for 'ggtitle'
    plot.phtMCMC: no visible global function definition for 'xlab'
    plot.phtMCMC: no visible global function definition for 'ylab'
    plot.phtMCMC: no visible global function definition for 'geom_density'
Flavor: r-oldrel-windows-ix86+x86_64

Version: 0.1.3
Check: compiled code
Result: NOTE
    File 'PhaseType/libs/i386/PhaseType.dll':
     Found 'rand', possibly from 'rand' (C)
     Object: 'LJMA_arms.o'
    File 'PhaseType/libs/x64/PhaseType.dll':
     Found 'rand', possibly from 'rand' (C)
     Object: 'LJMA_arms.o'
    
    Compiled code should not call entry points which might terminate R nor
    write to stdout/stderr instead of to the console, nor the system RNG.
    
    See 'Writing portable packages' in the 'Writing R Extensions' manual.
Flavor: r-oldrel-windows-ix86+x86_64