CRAN Package Check Results for Package PhaseType

Last updated on 2014-10-26 03:47:38.

Flavor Version Tinstall Tcheck Ttotal Status Flags
r-devel-linux-x86_64-debian-clang 0.1.3 2.78 26.60 29.38 NOTE
r-devel-linux-x86_64-debian-gcc 0.1.3 3.14 26.40 29.54 NOTE
r-devel-linux-x86_64-fedora-clang 0.1.3 60.72 NOTE
r-devel-linux-x86_64-fedora-gcc 0.1.3 58.22 NOTE
r-devel-osx-x86_64-clang 0.1.3 54.38 NOTE
r-devel-windows-ix86+x86_64 0.1.3 18.00 59.00 77.00 NOTE
r-patched-linux-x86_64 0.1.3 3.35 26.16 29.51 NOTE
r-patched-solaris-sparc 0.1.3 352.50 NOTE
r-patched-solaris-x86 0.1.3 81.10 NOTE
r-release-linux-ix86 0.1.3 4.48 35.64 40.12 NOTE
r-release-linux-x86_64 0.1.3 3.41 28.54 31.95 NOTE
r-release-osx-x86_64-mavericks 0.1.3 NOTE
r-release-osx-x86_64-snowleopard 0.1.3 NOTE
r-release-windows-ix86+x86_64 0.1.3 20.00 66.00 86.00 NOTE
r-oldrel-windows-ix86+x86_64 0.1.3 19.00 67.00 86.00 NOTE

Check Details

Version: 0.1.3
Check: dependencies in R code
Result: NOTE
    Packages in Depends field not imported from:
     ‘ggplot2’ ‘reshape’
     These packages need to be imported from (in the NAMESPACE file)
     for when this namespace is loaded but not attached.
    See the information on DESCRIPTION files in the chapter ‘Creating R
    packages’ of the ‘Writing R Extensions’ manual.
Flavors: r-devel-linux-x86_64-debian-clang, r-devel-linux-x86_64-debian-gcc, r-devel-linux-x86_64-fedora-clang, r-devel-linux-x86_64-fedora-gcc, r-devel-osx-x86_64-clang, r-devel-windows-ix86+x86_64, r-patched-linux-x86_64, r-patched-solaris-sparc, r-patched-solaris-x86, r-release-linux-ix86, r-release-linux-x86_64, r-release-osx-x86_64-mavericks, r-release-windows-ix86+x86_64, r-oldrel-windows-ix86+x86_64

Version: 0.1.3
Check: R code for possible problems
Result: NOTE
    plot.phtMCMC: no visible global function definition for ‘ggplot’
    plot.phtMCMC: no visible global function definition for ‘melt’
    plot.phtMCMC: no visible global function definition for ‘geom_line’
    plot.phtMCMC: no visible global function definition for ‘aes_string’
    plot.phtMCMC: no visible global function definition for ‘geom_smooth’
    plot.phtMCMC: no visible global function definition for ‘facet_wrap’
    plot.phtMCMC: no visible global function definition for ‘ggtitle’
    plot.phtMCMC: no visible global function definition for ‘xlab’
    plot.phtMCMC: no visible global function definition for ‘ylab’
    plot.phtMCMC: no visible global function definition for ‘geom_density’
Flavors: r-devel-linux-x86_64-debian-clang, r-devel-linux-x86_64-debian-gcc, r-devel-linux-x86_64-fedora-clang, r-devel-linux-x86_64-fedora-gcc, r-devel-osx-x86_64-clang, r-devel-windows-ix86+x86_64, r-patched-linux-x86_64, r-patched-solaris-sparc, r-patched-solaris-x86

Version: 0.1.3
Check: compiled code
Result: NOTE
    File ‘PhaseType/libs/PhaseType.so’:
     Found ‘rand’, possibly from ‘rand’ (C)
     Object: ‘LJMA_arms.o’
    
    Compiled code should not call entry points which might terminate R nor
    write to stdout/stderr instead of to the console, nor the C RNG.
    
    See ‘Writing portable packages’ in the ‘Writing R Extensions’ manual.
Flavors: r-devel-linux-x86_64-debian-clang, r-devel-linux-x86_64-debian-gcc, r-devel-linux-x86_64-fedora-clang, r-devel-linux-x86_64-fedora-gcc, r-patched-linux-x86_64, r-patched-solaris-sparc, r-patched-solaris-x86

Version: 0.1.3
Check: compiled code
Result: NOTE
    File ‘PhaseType/libs/PhaseType.so’:
     Found ‘_rand’, possibly from ‘rand’ (C)
     Object: ‘LJMA_arms.o’
    
    Compiled code should not call entry points which might terminate R nor
    write to stdout/stderr instead of to the console, nor the C RNG.
    
    See ‘Writing portable packages’ in the ‘Writing R Extensions’ manual.
Flavor: r-devel-osx-x86_64-clang

Version: 0.1.3
Check: compiled code
Result: NOTE
    File 'PhaseType/libs/i386/PhaseType.dll':
     Found 'rand', possibly from 'rand' (C)
     Object: 'LJMA_arms.o'
    File 'PhaseType/libs/x64/PhaseType.dll':
     Found 'rand', possibly from 'rand' (C)
     Object: 'LJMA_arms.o'
    
    Compiled code should not call entry points which might terminate R nor
    write to stdout/stderr instead of to the console, nor the C RNG.
    
    See 'Writing portable packages' in the 'Writing R Extensions' manual.
Flavor: r-devel-windows-ix86+x86_64

Version: 0.1.3
Check: dependencies in R code
Result: NOTE
    Packages in Depends field not imported from:
     'ggplot2' 'reshape'
     These packages need to be imported from for the case when
     this namespace is loaded but not attached.
    See the information on DESCRIPTION files in the chapter 'Creating R
    packages' of the 'Writing R Extensions' manual.
Flavor: r-release-osx-x86_64-snowleopard