CRAN Package Check Results for Package PhaseType

Last updated on 2015-07-28 19:48:05.

Flavor Version Tinstall Tcheck Ttotal Status Flags
r-devel-linux-x86_64-debian-clang 0.1.3 2.54 20.63 23.17 NOTE
r-devel-linux-x86_64-debian-gcc 0.1.3 2.96 20.01 22.97 NOTE
r-devel-linux-x86_64-fedora-clang 0.1.3 46.69 NOTE
r-devel-linux-x86_64-fedora-gcc 0.1.3 44.71 NOTE
r-devel-osx-x86_64-clang 0.1.3 42.50 NOTE
r-devel-windows-ix86+x86_64 0.1.3 17.00 54.00 71.00 NOTE
r-patched-linux-x86_64 0.1.3 3.24 20.09 23.34 NOTE
r-patched-solaris-sparc 0.1.3 277.10 NOTE
r-patched-solaris-x86 0.1.3 65.30 NOTE
r-release-linux-x86_64 0.1.3 3.04 20.26 23.30 NOTE
r-release-osx-x86_64-mavericks 0.1.3 NOTE
r-release-windows-ix86+x86_64 0.1.3 33.00 51.00 84.00 NOTE
r-oldrel-windows-ix86+x86_64 0.1.3 20.00 80.00 100.00 NOTE

Check Details

Version: 0.1.3
Check: dependencies in R code
Result: NOTE
    Packages in Depends field not imported from:
     ‘ggplot2’ ‘reshape’
     These packages need to be imported from (in the NAMESPACE file)
     for when this namespace is loaded but not attached.
Flavors: r-devel-linux-x86_64-debian-clang, r-devel-linux-x86_64-debian-gcc, r-devel-linux-x86_64-fedora-clang, r-devel-linux-x86_64-fedora-gcc, r-devel-osx-x86_64-clang, r-devel-windows-ix86+x86_64, r-patched-linux-x86_64, r-patched-solaris-sparc, r-patched-solaris-x86, r-release-linux-x86_64, r-release-osx-x86_64-mavericks, r-release-windows-ix86+x86_64, r-oldrel-windows-ix86+x86_64

Version: 0.1.3
Check: R code for possible problems
Result: NOTE
    plot.phtMCMC: no visible global function definition for ‘ggplot’
    plot.phtMCMC: no visible global function definition for ‘melt’
    plot.phtMCMC: no visible global function definition for ‘geom_line’
    plot.phtMCMC: no visible global function definition for ‘aes_string’
    plot.phtMCMC: no visible global function definition for ‘geom_smooth’
    plot.phtMCMC: no visible global function definition for ‘facet_wrap’
    plot.phtMCMC: no visible global function definition for ‘ggtitle’
    plot.phtMCMC: no visible global function definition for ‘xlab’
    plot.phtMCMC: no visible global function definition for ‘ylab’
    plot.phtMCMC: no visible global function definition for ‘geom_density’
    Undefined global functions or variables:
     aes_string facet_wrap geom_density geom_line geom_smooth ggplot
     ggtitle melt xlab ylab
Flavors: r-devel-linux-x86_64-debian-clang, r-devel-linux-x86_64-debian-gcc, r-devel-linux-x86_64-fedora-clang, r-devel-linux-x86_64-fedora-gcc, r-devel-osx-x86_64-clang, r-devel-windows-ix86+x86_64

Version: 0.1.3
Check: compiled code
Result: NOTE
    File ‘PhaseType/libs/PhaseType.so’:
     Found ‘rand’, possibly from ‘rand’ (C)
     Object: ‘LJMA_arms.o’
    
    Compiled code should not call entry points which might terminate R nor
    write to stdout/stderr instead of to the console, nor the system RNG.
    
    See ‘Writing portable packages’ in the ‘Writing R Extensions’ manual.
Flavors: r-devel-linux-x86_64-debian-clang, r-devel-linux-x86_64-debian-gcc, r-devel-linux-x86_64-fedora-clang, r-devel-linux-x86_64-fedora-gcc, r-patched-linux-x86_64, r-patched-solaris-sparc, r-patched-solaris-x86, r-release-linux-x86_64

Version: 0.1.3
Check: compiled code
Result: NOTE
    File ‘PhaseType/libs/PhaseType.so’:
     Found ‘_rand’, possibly from ‘rand’ (C)
     Object: ‘LJMA_arms.o’
    
    Compiled code should not call entry points which might terminate R nor
    write to stdout/stderr instead of to the console, nor the system RNG.
    
    See ‘Writing portable packages’ in the ‘Writing R Extensions’ manual.
Flavors: r-devel-osx-x86_64-clang, r-release-osx-x86_64-mavericks

Version: 0.1.3
Check: compiled code
Result: NOTE
    File 'PhaseType/libs/i386/PhaseType.dll':
     Found 'rand', possibly from 'rand' (C)
     Object: 'LJMA_arms.o'
    File 'PhaseType/libs/x64/PhaseType.dll':
     Found 'rand', possibly from 'rand' (C)
     Object: 'LJMA_arms.o'
    
    Compiled code should not call entry points which might terminate R nor
    write to stdout/stderr instead of to the console, nor the system RNG.
    
    See 'Writing portable packages' in the 'Writing R Extensions' manual.
Flavors: r-devel-windows-ix86+x86_64, r-release-windows-ix86+x86_64, r-oldrel-windows-ix86+x86_64

Version: 0.1.3
Check: R code for possible problems
Result: NOTE
    plot.phtMCMC: no visible global function definition for ‘ggplot’
    plot.phtMCMC: no visible global function definition for ‘melt’
    plot.phtMCMC: no visible global function definition for ‘geom_line’
    plot.phtMCMC: no visible global function definition for ‘aes_string’
    plot.phtMCMC: no visible global function definition for ‘geom_smooth’
    plot.phtMCMC: no visible global function definition for ‘facet_wrap’
    plot.phtMCMC: no visible global function definition for ‘ggtitle’
    plot.phtMCMC: no visible global function definition for ‘xlab’
    plot.phtMCMC: no visible global function definition for ‘ylab’
    plot.phtMCMC: no visible global function definition for ‘geom_density’
Flavors: r-patched-linux-x86_64, r-patched-solaris-sparc, r-patched-solaris-x86, r-release-linux-x86_64, r-release-osx-x86_64-mavericks, r-release-windows-ix86+x86_64, r-oldrel-windows-ix86+x86_64