CRAN Package Check Results for Package PhaseType

Last updated on 2014-04-20 01:48:01.

Flavor Version Tinstall Tcheck Ttotal Status Flags
r-devel-linux-x86_64-debian-clang 0.1.3 2.89 30.60 33.50 NOTE
r-devel-linux-x86_64-debian-gcc 0.1.3 3.47 30.52 33.98 NOTE
r-devel-linux-x86_64-fedora-clang 0.1.3 67.07 NOTE
r-devel-linux-x86_64-fedora-gcc 0.1.3 64.20 NOTE
r-devel-macosx-x86_64-clang 0.1.3 65.49 NOTE
r-devel-macosx-x86_64-gcc 0.1.3 ERROR
r-devel-windows-ix86+x86_64 0.1.3 19.00 65.00 84.00 NOTE
r-patched-linux-x86_64 0.1.3 3.54 30.30 33.84 NOTE
r-patched-solaris-sparc 0.1.3 360.20 NOTE
r-patched-solaris-x86 0.1.3 83.90 NOTE
r-release-linux-ix86 NOTE
r-release-linux-x86_64 0.1.3 3.42 29.88 33.29 NOTE
r-release-macosx-x86_64 0.1.3 NOTE
r-release-windows-ix86+x86_64 0.1.3 25.00 70.00 95.00 NOTE
r-oldrel-windows-ix86+x86_64 0.1.3 20.00 71.00 91.00 NOTE

Check Details

Version: 0.1.3
Check: dependencies in R code
Result: NOTE
    Packages in Depends field not imported from:
     ‘ggplot2’ ‘reshape’
     These packages need to be imported from (in the NAMESPACE file)
     for when this namespace is loaded but not attached.
    See the information on DESCRIPTION files in the chapter ‘Creating R
    packages’ of the ‘Writing R Extensions’ manual.
Flavors: r-devel-linux-x86_64-debian-clang, r-devel-linux-x86_64-debian-gcc, r-devel-linux-x86_64-fedora-clang, r-devel-linux-x86_64-fedora-gcc, r-devel-macosx-x86_64-clang, r-devel-windows-ix86+x86_64, r-patched-linux-x86_64, r-patched-solaris-sparc, r-patched-solaris-x86, r-release-linux-ix86, r-release-linux-x86_64, r-release-windows-ix86+x86_64, r-oldrel-windows-ix86+x86_64

Version: 0.1.3
Check: package dependencies
Result: ERROR
    Package required but not available: ‘ggplot2’
    
    See the information on DESCRIPTION files in the chapter ‘Creating R
    packages’ of the ‘Writing R Extensions’ manual.
Flavor: r-devel-macosx-x86_64-gcc

Version: 0.1.3
Check: dependencies in R code
Result: NOTE
    Packages in Depends field not imported from:
     'ggplot2' 'reshape'
     These packages need to be imported from for the case when
     this namespace is loaded but not attached.
    See the information on DESCRIPTION files in the chapter 'Creating R
    packages' of the 'Writing R Extensions' manual.
Flavor: r-release-macosx-x86_64