CRAN Package Check Results for Package PhaseType

Last updated on 2014-09-03 03:50:34.

Flavor Version Tinstall Tcheck Ttotal Status Flags
r-devel-linux-x86_64-debian-clang 0.1.3 2.74 25.83 28.57 NOTE
r-devel-linux-x86_64-debian-gcc 0.1.3 3.22 24.79 28.01 NOTE
r-devel-linux-x86_64-fedora-clang 0.1.3 61.06 NOTE
r-devel-linux-x86_64-fedora-gcc 0.1.3 57.23 NOTE
r-devel-osx-x86_64-clang 0.1.3 54.95 NOTE
r-devel-windows-ix86+x86_64 0.1.3 18.00 63.00 81.00 NOTE
r-patched-linux-x86_64 0.1.3 3.28 27.91 31.20 NOTE
r-patched-solaris-sparc 0.1.3 358.00 NOTE
r-patched-solaris-x86 0.1.3 79.70 NOTE
r-release-linux-ix86 0.1.3 4.42 35.52 39.94 NOTE
r-release-linux-x86_64 0.1.3 3.31 27.59 30.90 NOTE
r-release-osx-x86_64-mavericks 0.1.3 NOTE
r-release-osx-x86_64-snowleopard 0.1.3 NOTE
r-release-windows-ix86+x86_64 0.1.3 18.00 64.00 82.00 NOTE
r-oldrel-windows-ix86+x86_64 0.1.3 18.00 66.00 84.00 NOTE

Check Details

Version: 0.1.3
Check: dependencies in R code
Result: NOTE
    Packages in Depends field not imported from:
     ‘ggplot2’ ‘reshape’
     These packages need to be imported from (in the NAMESPACE file)
     for when this namespace is loaded but not attached.
    See the information on DESCRIPTION files in the chapter ‘Creating R
    packages’ of the ‘Writing R Extensions’ manual.
Flavors: r-devel-linux-x86_64-debian-clang, r-devel-linux-x86_64-debian-gcc, r-devel-linux-x86_64-fedora-clang, r-devel-linux-x86_64-fedora-gcc, r-devel-osx-x86_64-clang, r-devel-windows-ix86+x86_64, r-patched-linux-x86_64, r-patched-solaris-sparc, r-patched-solaris-x86, r-release-linux-ix86, r-release-linux-x86_64, r-release-osx-x86_64-mavericks, r-release-windows-ix86+x86_64, r-oldrel-windows-ix86+x86_64

Version: 0.1.3
Check: R code for possible problems
Result: NOTE
    plot.phtMCMC: no visible global function definition for ‘ggplot’
    plot.phtMCMC: no visible global function definition for ‘melt’
    plot.phtMCMC: no visible global function definition for ‘geom_line’
    plot.phtMCMC: no visible global function definition for ‘aes_string’
    plot.phtMCMC: no visible global function definition for ‘geom_smooth’
    plot.phtMCMC: no visible global function definition for ‘facet_wrap’
    plot.phtMCMC: no visible global function definition for ‘ggtitle’
    plot.phtMCMC: no visible global function definition for ‘xlab’
    plot.phtMCMC: no visible global function definition for ‘ylab’
    plot.phtMCMC: no visible global function definition for ‘geom_density’
Flavors: r-devel-linux-x86_64-debian-clang, r-devel-linux-x86_64-debian-gcc, r-devel-linux-x86_64-fedora-clang, r-devel-linux-x86_64-fedora-gcc, r-devel-osx-x86_64-clang, r-devel-windows-ix86+x86_64

Version: 0.1.3
Check: compiled code
Result: NOTE
    File ‘/home/hornik/tmp/R.check/r-devel-clang/Work/build/Packages/PhaseType/libs/PhaseType.so’:
     Found ‘rand’, possibly from ‘rand’ (C)
     Object: ‘LJMA_arms.o’
    
    Compiled code should not call entry points which might terminate R nor
    write to stdout/stderr instead of to the console, nor the C RNG.
    
    See ‘Writing portable packages’ in the ‘Writing R Extensions’ manual.
Flavor: r-devel-linux-x86_64-debian-clang

Version: 0.1.3
Check: compiled code
Result: NOTE
    File ‘/home/hornik/tmp/R.check/r-devel-gcc/Work/build/Packages/PhaseType/libs/PhaseType.so’:
     Found ‘rand’, possibly from ‘rand’ (C)
     Object: ‘LJMA_arms.o’
    
    Compiled code should not call entry points which might terminate R nor
    write to stdout/stderr instead of to the console, nor the C RNG.
    
    See ‘Writing portable packages’ in the ‘Writing R Extensions’ manual.
Flavor: r-devel-linux-x86_64-debian-gcc

Version: 0.1.3
Check: compiled code
Result: NOTE
    File ‘/data/gannet/ripley/R/packages/tests-clang/PhaseType.Rcheck/PhaseType/libs/PhaseType.so’:
     Found ‘rand’, possibly from ‘rand’ (C)
     Object: ‘LJMA_arms.o’
    
    Compiled code should not call entry points which might terminate R nor
    write to stdout/stderr instead of to the console, nor the C RNG.
    
    See ‘Writing portable packages’ in the ‘Writing R Extensions’ manual.
Flavor: r-devel-linux-x86_64-fedora-clang

Version: 0.1.3
Check: compiled code
Result: NOTE
    File ‘/data/gannet/ripley/R/packages/tests-devel/PhaseType.Rcheck/PhaseType/libs/PhaseType.so’:
     Found ‘rand’, possibly from ‘rand’ (C)
     Object: ‘LJMA_arms.o’
    
    Compiled code should not call entry points which might terminate R nor
    write to stdout/stderr instead of to the console, nor the C RNG.
    
    See ‘Writing portable packages’ in the ‘Writing R Extensions’ manual.
Flavor: r-devel-linux-x86_64-fedora-gcc

Version: 0.1.3
Check: compiled code
Result: NOTE
    File ‘/Users/ripley/R/packages/tests-devel/PhaseType.Rcheck/PhaseType/libs/PhaseType.so’:
     Found ‘_rand’, possibly from ‘rand’ (C)
     Object: ‘LJMA_arms.o’
    
    Compiled code should not call entry points which might terminate R nor
    write to stdout/stderr instead of to the console, nor the C RNG.
    
    See ‘Writing portable packages’ in the ‘Writing R Extensions’ manual.
Flavor: r-devel-osx-x86_64-clang

Version: 0.1.3
Check: compiled code
Result: NOTE
    File 'd:/Rcompile/CRANpkg/lib/3.2/PhaseType/libs/i386/PhaseType.dll':
     Found 'rand', possibly from 'rand' (C)
     Object: 'LJMA_arms.o'
    File 'd:/Rcompile/CRANpkg/lib/3.2/PhaseType/libs/x64/PhaseType.dll':
     Found 'rand', possibly from 'rand' (C)
     Object: 'LJMA_arms.o'
    
    Compiled code should not call entry points which might terminate R nor
    write to stdout/stderr instead of to the console, nor the C RNG.
    
    See 'Writing portable packages' in the 'Writing R Extensions' manual.
Flavor: r-devel-windows-ix86+x86_64

Version: 0.1.3
Check: dependencies in R code
Result: NOTE
    Packages in Depends field not imported from:
     'ggplot2' 'reshape'
     These packages need to be imported from for the case when
     this namespace is loaded but not attached.
    See the information on DESCRIPTION files in the chapter 'Creating R
    packages' of the 'Writing R Extensions' manual.
Flavor: r-release-osx-x86_64-snowleopard