CRAN Package Check Results for Package PhaseType

Last updated on 2018-06-19 09:48:02 CEST.

Flavor Version Tinstall Tcheck Ttotal Status Flags
r-devel-linux-x86_64-debian-clang 0.1.3 5.61 36.55 42.16 WARN
r-devel-linux-x86_64-debian-gcc 0.1.3 4.34 32.15 36.49 NOTE
r-devel-linux-x86_64-fedora-clang 0.1.3 53.09 WARN
r-devel-linux-x86_64-fedora-gcc 0.1.3 51.02 NOTE
r-devel-windows-ix86+x86_64 0.1.3 24.00 76.00 100.00 NOTE
r-patched-linux-x86_64 0.1.3 4.93 37.57 42.50 NOTE
r-patched-solaris-x86 0.1.3 76.10 NOTE
r-release-linux-x86_64 0.1.3 5.49 37.50 42.99 NOTE
r-release-windows-ix86+x86_64 0.1.3 19.00 119.00 138.00 NOTE
r-release-osx-x86_64 0.1.3 WARN
r-oldrel-windows-ix86+x86_64 0.1.3 18.00 104.00 122.00 NOTE
r-oldrel-osx-x86_64 0.1.3 NOTE

Additional issues

MKL

Check Details

Version: 0.1.3
Check: whether package can be installed
Result: WARN
    Found the following significant warnings:
     LJMA_arms.c:297:11: warning: comparison of array 'env->p' equal to a null pointer is always false [-Wtautological-pointer-compare]
Flavors: r-devel-linux-x86_64-debian-clang, r-devel-linux-x86_64-fedora-clang, r-release-osx-x86_64

Version: 0.1.3
Check: dependencies in R code
Result: NOTE
    Packages in Depends field not imported from:
     ‘ggplot2’ ‘reshape’
     These packages need to be imported from (in the NAMESPACE file)
     for when this namespace is loaded but not attached.
Flavors: r-devel-linux-x86_64-debian-clang, r-devel-linux-x86_64-debian-gcc, r-devel-linux-x86_64-fedora-clang, r-devel-linux-x86_64-fedora-gcc, r-devel-windows-ix86+x86_64, r-patched-linux-x86_64, r-patched-solaris-x86, r-release-linux-x86_64, r-release-windows-ix86+x86_64, r-release-osx-x86_64, r-oldrel-windows-ix86+x86_64, r-oldrel-osx-x86_64

Version: 0.1.3
Check: R code for possible problems
Result: NOTE
    plot.phtMCMC: no visible global function definition for ‘ggplot’
    plot.phtMCMC: no visible global function definition for ‘melt’
    plot.phtMCMC: no visible global function definition for ‘geom_line’
    plot.phtMCMC: no visible global function definition for ‘aes_string’
    plot.phtMCMC: no visible global function definition for ‘geom_smooth’
    plot.phtMCMC: no visible global function definition for ‘facet_wrap’
    plot.phtMCMC: no visible global function definition for ‘ggtitle’
    plot.phtMCMC: no visible global function definition for ‘xlab’
    plot.phtMCMC: no visible global function definition for ‘ylab’
    plot.phtMCMC: no visible global function definition for ‘geom_density’
    Undefined global functions or variables:
     aes_string facet_wrap geom_density geom_line geom_smooth ggplot
     ggtitle melt xlab ylab
Flavors: r-devel-linux-x86_64-debian-clang, r-devel-linux-x86_64-debian-gcc, r-devel-linux-x86_64-fedora-clang, r-devel-linux-x86_64-fedora-gcc, r-devel-windows-ix86+x86_64, r-patched-linux-x86_64, r-patched-solaris-x86, r-release-linux-x86_64, r-release-windows-ix86+x86_64, r-release-osx-x86_64, r-oldrel-windows-ix86+x86_64, r-oldrel-osx-x86_64

Version: 0.1.3
Check: compiled code
Result: NOTE
    File ‘PhaseType/libs/PhaseType.so’:
     Found ‘rand’, possibly from ‘rand’ (C)
     Object: ‘LJMA_arms.o’
    File ‘PhaseType/libs/PhaseType.so’:
     Found no calls to: ‘R_registerRoutines’, ‘R_useDynamicSymbols’
    
    Compiled code should not call entry points which might terminate R nor
    write to stdout/stderr instead of to the console, nor use Fortran I/O
    nor system RNGs.
    It is good practice to register native routines and to disable symbol
    search.
    
    See ‘Writing portable packages’ in the ‘Writing R Extensions’ manual.
Flavors: r-devel-linux-x86_64-debian-clang, r-devel-linux-x86_64-debian-gcc, r-devel-linux-x86_64-fedora-clang, r-devel-linux-x86_64-fedora-gcc, r-patched-linux-x86_64, r-release-linux-x86_64

Version: 0.1.3
Check: compiled code
Result: NOTE
    File 'PhaseType/libs/i386/PhaseType.dll':
     Found 'rand', possibly from 'rand' (C)
     Object: 'LJMA_arms.o'
    File 'PhaseType/libs/x64/PhaseType.dll':
     Found 'rand', possibly from 'rand' (C)
     Object: 'LJMA_arms.o'
    
    Compiled code should not call entry points which might terminate R nor
    write to stdout/stderr instead of to the console, nor use Fortran I/O
    nor system RNGs.
    
    See 'Writing portable packages' in the 'Writing R Extensions' manual.
Flavors: r-devel-windows-ix86+x86_64, r-release-windows-ix86+x86_64, r-oldrel-windows-ix86+x86_64

Version: 0.1.3
Check: compiled code
Result: NOTE
    File ‘PhaseType/libs/PhaseType.so’:
     Found ‘rand’, possibly from ‘rand’ (C)
     Object: ‘LJMA_arms.o’
    
    Compiled code should not call entry points which might terminate R nor
    write to stdout/stderr instead of to the console, nor use Fortran I/O
    nor system RNGs.
    
    See ‘Writing portable packages’ in the ‘Writing R Extensions’ manual.
Flavor: r-patched-solaris-x86

Version: 0.1.3
Check: compiled code
Result: NOTE
    File ‘PhaseType/libs/PhaseType.so’:
     Found ‘_rand’, possibly from ‘rand’ (C)
     Object: ‘LJMA_arms.o’
    
    Compiled code should not call entry points which might terminate R nor
    write to stdout/stderr instead of to the console, nor use Fortran I/O
    nor system RNGs.
    
    See ‘Writing portable packages’ in the ‘Writing R Extensions’ manual.
Flavor: r-release-osx-x86_64

Version: 0.1.3
Check: compiled code
Result: NOTE
    File ‘PhaseType/libs/PhaseType.so’:
     Found ‘_rand’, possibly from ‘rand’ (C)
     Object: ‘LJMA_arms.o’
    
    Compiled code should not call entry points which might terminate R nor
    write to stdout/stderr instead of to the console, nor the system RNG.
    
    See ‘Writing portable packages’ in the ‘Writing R Extensions’ manual.
Flavor: r-oldrel-osx-x86_64