CRAN Package Check Results for Package PhaseType

Last updated on 2014-07-25 19:50:17.

Flavor Version Tinstall Tcheck Ttotal Status Flags
r-devel-linux-x86_64-debian-clang 0.1.3 2.80 27.64 30.44 NOTE
r-devel-linux-x86_64-debian-gcc 0.1.3 3.27 26.32 29.60 NOTE
r-devel-linux-x86_64-fedora-clang 0.1.3 62.99 NOTE
r-devel-linux-x86_64-fedora-gcc 0.1.3 60.67 NOTE
r-devel-osx-x86_64-clang 0.1.3 55.72 NOTE
r-devel-windows-ix86+x86_64 0.1.3 18.00 58.00 76.00 NOTE
r-patched-linux-x86_64 0.1.3 3.32 27.16 30.48 NOTE
r-patched-solaris-sparc 0.1.3 360.20 NOTE
r-patched-solaris-x86 0.1.3 80.30 NOTE
r-release-linux-ix86 0.1.3 4.41 38.61 43.02 NOTE
r-release-linux-x86_64 0.1.3 3.47 27.43 30.90 NOTE
r-release-osx-x86_64-mavericks 0.1.3 NOTE
r-release-osx-x86_64-snowleopard 0.1.3 NOTE
r-release-windows-ix86+x86_64 0.1.3 18.00 64.00 82.00 NOTE
r-oldrel-windows-ix86+x86_64 0.1.3 19.00 68.00 87.00 NOTE

Check Details

Version: 0.1.3
Check: dependencies in R code
Result: NOTE
    Packages in Depends field not imported from:
     ‘ggplot2’ ‘reshape’
     These packages need to be imported from (in the NAMESPACE file)
     for when this namespace is loaded but not attached.
    See the information on DESCRIPTION files in the chapter ‘Creating R
    packages’ of the ‘Writing R Extensions’ manual.
Flavors: r-devel-linux-x86_64-debian-clang, r-devel-linux-x86_64-debian-gcc, r-devel-linux-x86_64-fedora-clang, r-devel-linux-x86_64-fedora-gcc, r-devel-osx-x86_64-clang, r-devel-windows-ix86+x86_64, r-patched-linux-x86_64, r-patched-solaris-sparc, r-patched-solaris-x86, r-release-linux-ix86, r-release-linux-x86_64, r-release-osx-x86_64-mavericks, r-release-windows-ix86+x86_64, r-oldrel-windows-ix86+x86_64

Version: 0.1.3
Check: dependencies in R code
Result: NOTE
    Packages in Depends field not imported from:
     'ggplot2' 'reshape'
     These packages need to be imported from for the case when
     this namespace is loaded but not attached.
    See the information on DESCRIPTION files in the chapter 'Creating R
    packages' of the 'Writing R Extensions' manual.
Flavor: r-release-osx-x86_64-snowleopard