Last updated on 2023-09-26 08:04:20 CEST.
Flavor | Version | Tinstall | Tcheck | Ttotal | Status | Flags |
---|---|---|---|---|---|---|
r-devel-linux-x86_64-debian-clang | 1.2.1 | 12.62 | 337.98 | 350.60 | OK | |
r-devel-linux-x86_64-debian-gcc | 1.2.1 | 9.01 | 239.66 | 248.67 | OK | |
r-devel-linux-x86_64-fedora-clang | 1.2.1 | 428.20 | OK | |||
r-devel-linux-x86_64-fedora-gcc | 1.2.1 | 463.03 | OK | |||
r-devel-windows-x86_64 | 1.2.1 | 12.00 | 360.00 | 372.00 | OK | |
r-patched-linux-x86_64 | 1.2.1 | 11.21 | 323.00 | 334.21 | OK | |
r-release-linux-x86_64 | 1.2.1 | 11.69 | 331.65 | 343.34 | OK | |
r-release-macos-arm64 | 1.2.1 | 164.00 | NOTE | |||
r-release-macos-x86_64 | 1.2.1 | 271.00 | NOTE | |||
r-release-windows-x86_64 | 1.2.1 | 14.00 | 424.00 | 438.00 | OK | |
r-oldrel-macos-arm64 | 1.2.1 | 283.00 | OK | |||
r-oldrel-macos-x86_64 | 1.2.1 | 172.00 | OK | |||
r-oldrel-windows-x86_64 | 1.2.1 | 13.00 | 418.00 | 431.00 | OK |
Version: 1.2.1
Check: installed package size
Result: NOTE
installed size is 5.1Mb
sub-directories of 1Mb or more:
data 3.1Mb
doc 1.9Mb
Flavors: r-release-macos-arm64, r-release-macos-x86_64
Version: 1.2.1
Check: package dependencies
Result: NOTE
Packages suggested but not available for checking:
'randomForestSRC', 'xgboost'
Flavor: r-release-macos-x86_64