CRAN Package Check Results for Package PhySortR

Last updated on 2021-11-29 20:50:51 CET.

Flavor Version Tinstall Tcheck Ttotal Status Flags
r-devel-linux-x86_64-debian-clang 1.0.8 9.54 77.42 86.96 NOTE
r-devel-linux-x86_64-debian-gcc 1.0.8 8.19 60.17 68.36 NOTE
r-devel-linux-x86_64-fedora-clang 1.0.8 122.35 NOTE
r-devel-linux-x86_64-fedora-gcc 1.0.8 104.80 NOTE
r-devel-windows-x86_64-new-UL 1.0.8 17.00 116.00 133.00 NOTE
r-devel-windows-x86_64-new-TK 1.0.8 NOTE
r-devel-windows-x86_64-old 1.0.8 15.00 72.00 87.00 NOTE
r-patched-linux-x86_64 1.0.8 13.64 74.17 87.81 NOTE
r-patched-solaris-x86 1.0.8 159.00 NOTE
r-release-linux-x86_64 1.0.8 7.89 75.13 83.02 NOTE
r-release-macos-arm64 1.0.8 NOTE
r-release-macos-x86_64 1.0.8 NOTE
r-release-windows-ix86+x86_64 1.0.8 21.00 100.00 121.00 NOTE
r-oldrel-macos-x86_64 1.0.8 OK
r-oldrel-windows-ix86+x86_64 1.0.8 15.00 88.00 103.00 OK

Check Details

Version: 1.0.8
Check: LazyData
Result: NOTE
     'LazyData' is specified without a 'data' directory
Flavors: r-devel-linux-x86_64-debian-clang, r-devel-linux-x86_64-debian-gcc, r-devel-linux-x86_64-fedora-clang, r-devel-linux-x86_64-fedora-gcc, r-devel-windows-x86_64-new-UL, r-devel-windows-x86_64-new-TK, r-devel-windows-x86_64-old, r-patched-linux-x86_64, r-patched-solaris-x86, r-release-linux-x86_64, r-release-macos-arm64, r-release-macos-x86_64, r-release-windows-ix86+x86_64