CRAN Package Check Results for Package PhyloMeasures

Last updated on 2019-03-24 22:49:50 CET.

Flavor Version Tinstall Tcheck Ttotal Status Flags
r-devel-linux-x86_64-debian-clang 2.1 51.69 39.33 91.02 OK
r-devel-linux-x86_64-debian-gcc 2.1 42.38 32.08 74.46 OK
r-devel-linux-x86_64-fedora-clang 2.1 120.26 NOTE
r-devel-linux-x86_64-fedora-gcc 2.1 109.94 NOTE
r-devel-windows-ix86+x86_64 2.1 108.00 87.00 195.00 OK
r-patched-linux-x86_64 2.1 49.97 37.58 87.55 OK
r-patched-solaris-x86 2.1 198.00 OK
r-release-linux-x86_64 2.1 43.39 37.37 80.76 OK
r-release-windows-ix86+x86_64 2.1 87.00 77.00 164.00 OK
r-release-osx-x86_64 2.1 NOTE
r-oldrel-windows-ix86+x86_64 2.1 82.00 109.00 191.00 OK
r-oldrel-osx-x86_64 2.1 NOTE

Additional issues

gcc-UBSAN

Check Details

Version: 2.1
Check: installed package size
Result: NOTE
     installed size is 9.6Mb
     sub-directories of 1Mb or more:
     libs 9.3Mb
Flavors: r-devel-linux-x86_64-fedora-clang, r-release-osx-x86_64, r-oldrel-osx-x86_64

Version: 2.1
Check: compiled code
Result: NOTE
    File ‘PhyloMeasures/libs/PhyloMeasures.so’:
     Found no calls to: ‘R_registerRoutines’, ‘R_useDynamicSymbols’
    
    It is good practice to register native routines and to disable symbol
    search.
    
    See ‘Writing portable packages’ in the ‘Writing R Extensions’ manual.
Flavors: r-devel-linux-x86_64-fedora-clang, r-devel-linux-x86_64-fedora-gcc