CRAN Package Check Results for Package PhyloMeasures

Last updated on 2018-12-13 14:47:45 CET.

Flavor Version Tinstall Tcheck Ttotal Status Flags
r-devel-linux-x86_64-debian-clang 2.1 58.57 39.25 97.82 OK
r-devel-linux-x86_64-debian-gcc 2.1 46.72 31.29 78.01 OK
r-devel-linux-x86_64-fedora-clang 2.1 110.19 NOTE
r-devel-linux-x86_64-fedora-gcc 2.1 109.58 NOTE
r-devel-windows-ix86+x86_64 2.1 102.00 97.00 199.00 OK
r-patched-linux-x86_64 2.1 48.46 37.07 85.53 OK
r-patched-solaris-x86 2.1 206.60 OK
r-release-linux-x86_64 2.1 55.13 38.40 93.53 OK
r-release-windows-ix86+x86_64 2.1 99.00 99.00 198.00 OK
r-release-osx-x86_64 2.1 NOTE
r-oldrel-windows-ix86+x86_64 2.1 73.00 110.00 183.00 OK
r-oldrel-osx-x86_64 2.1 NOTE

Additional issues

gcc-UBSAN

Check Details

Version: 2.1
Check: installed package size
Result: NOTE
     installed size is 9.0Mb
     sub-directories of 1Mb or more:
     libs 8.8Mb
Flavors: r-devel-linux-x86_64-fedora-clang, r-release-osx-x86_64, r-oldrel-osx-x86_64

Version: 2.1
Check: compiled code
Result: NOTE
    File ‘PhyloMeasures/libs/PhyloMeasures.so’:
     Found no calls to: ‘R_registerRoutines’, ‘R_useDynamicSymbols’
    
    It is good practice to register native routines and to disable symbol
    search.
    
    See ‘Writing portable packages’ in the ‘Writing R Extensions’ manual.
Flavors: r-devel-linux-x86_64-fedora-clang, r-devel-linux-x86_64-fedora-gcc