Last updated on 2021-03-04 07:53:00 CET.
Flavor | Version | Tinstall | Tcheck | Ttotal | Status | Flags |
---|---|---|---|---|---|---|
r-devel-linux-x86_64-debian-clang | 2.1 | 57.58 | 45.54 | 103.12 | OK | |
r-devel-linux-x86_64-debian-gcc | 2.1 | 47.84 | 36.03 | 83.87 | OK | |
r-devel-linux-x86_64-fedora-clang | 2.1 | 143.62 | NOTE | |||
r-devel-linux-x86_64-fedora-gcc | 2.1 | 140.35 | NOTE | |||
r-devel-windows-ix86+x86_64 | 2.1 | 99.00 | 97.00 | 196.00 | OK | |
r-patched-linux-x86_64 | 2.1 | 56.52 | 43.92 | 100.44 | OK | |
r-patched-solaris-x86 | 2.1 | 219.10 | OK | |||
r-release-linux-x86_64 | 2.1 | 50.60 | 44.35 | 94.95 | OK | |
r-release-macos-x86_64 | 2.1 | NOTE | ||||
r-release-windows-ix86+x86_64 | 2.1 | 73.00 | 96.00 | 169.00 | OK | |
r-oldrel-macos-x86_64 | 2.1 | NOTE | ||||
r-oldrel-windows-ix86+x86_64 | 2.1 | 98.00 | 103.00 | 201.00 | OK |
Version: 2.1
Check: installed package size
Result: NOTE
installed size is 11.9Mb
sub-directories of 1Mb or more:
libs 11.6Mb
Flavors: r-devel-linux-x86_64-fedora-clang, r-release-macos-x86_64, r-oldrel-macos-x86_64
Version: 2.1
Check: compiled code
Result: NOTE
File ‘PhyloMeasures/libs/PhyloMeasures.so’:
Found no calls to: ‘R_registerRoutines’, ‘R_useDynamicSymbols’
It is good practice to register native routines and to disable symbol
search.
See ‘Writing portable packages’ in the ‘Writing R Extensions’ manual.
Flavors: r-devel-linux-x86_64-fedora-clang, r-devel-linux-x86_64-fedora-gcc