CRAN Package Check Results for Package PhyloMeasures

Last updated on 2018-09-25 06:46:48 CEST.

Flavor Version Tinstall Tcheck Ttotal Status Flags
r-devel-linux-x86_64-debian-clang 2.1 47.73 40.23 87.96 OK
r-devel-linux-x86_64-debian-gcc 2.1 45.89 32.66 78.55 OK
r-devel-linux-x86_64-fedora-clang 2.1 112.38 NOTE
r-devel-linux-x86_64-fedora-gcc 2.1 109.21 NOTE
r-devel-windows-ix86+x86_64 2.1 104.00 104.00 208.00 OK
r-patched-linux-x86_64 2.1 48.33 30.40 78.73 OK
r-patched-solaris-x86 2.1 201.30 OK
r-release-linux-x86_64 2.1 56.69 37.53 94.22 OK
r-release-windows-ix86+x86_64 2.1 85.00 98.00 183.00 OK
r-release-osx-x86_64 2.1 NOTE
r-oldrel-windows-ix86+x86_64 2.1 72.00 122.00 194.00 OK
r-oldrel-osx-x86_64 2.1 NOTE

Additional issues

gcc-UBSAN

Check Details

Version: 2.1
Check: installed package size
Result: NOTE
     installed size is 9.0Mb
     sub-directories of 1Mb or more:
     libs 8.8Mb
Flavors: r-devel-linux-x86_64-fedora-clang, r-release-osx-x86_64, r-oldrel-osx-x86_64

Version: 2.1
Check: compiled code
Result: NOTE
    File ‘PhyloMeasures/libs/PhyloMeasures.so’:
     Found no calls to: ‘R_registerRoutines’, ‘R_useDynamicSymbols’
    
    It is good practice to register native routines and to disable symbol
    search.
    
    See ‘Writing portable packages’ in the ‘Writing R Extensions’ manual.
Flavors: r-devel-linux-x86_64-fedora-clang, r-devel-linux-x86_64-fedora-gcc