CRAN Package Check Results for Package PieceExpIntensity

Last updated on 2022-12-09 21:53:53 CET.

Flavor Version Tinstall Tcheck Ttotal Status Flags
r-devel-linux-x86_64-debian-clang 1.0.4 30.77 27.74 58.51 NOTE
r-devel-linux-x86_64-debian-gcc 1.0.4 23.90 22.44 46.34 NOTE
r-devel-linux-x86_64-fedora-clang 1.0.4 96.71 NOTE
r-devel-linux-x86_64-fedora-gcc 1.0.4 90.57 NOTE
r-devel-windows-x86_64 1.0.4 34.00 75.00 109.00 NOTE
r-patched-linux-x86_64 1.0.4 27.87 27.92 55.79 NOTE
r-release-linux-x86_64 1.0.4 23.25 28.07 51.32 NOTE
r-release-macos-arm64 1.0.4 24.00 NOTE
r-release-macos-x86_64 1.0.4 33.00 NOTE
r-release-windows-x86_64 1.0.4 36.00 85.00 121.00 NOTE
r-oldrel-macos-arm64 1.0.4 29.00 NOTE
r-oldrel-macos-x86_64 1.0.4 49.00 NOTE
r-oldrel-windows-ix86+x86_64 1.0.4 81.00 79.00 160.00 NOTE

Check Details

Version: 1.0.4
Check: LazyData
Result: NOTE
     'LazyData' is specified without a 'data' directory
Flavors: r-devel-linux-x86_64-debian-clang, r-devel-linux-x86_64-debian-gcc, r-devel-linux-x86_64-fedora-clang, r-devel-linux-x86_64-fedora-gcc, r-devel-windows-x86_64, r-patched-linux-x86_64, r-release-linux-x86_64, r-release-macos-arm64, r-release-macos-x86_64, r-release-windows-x86_64, r-oldrel-macos-arm64, r-oldrel-macos-x86_64, r-oldrel-windows-ix86+x86_64