CRAN Package Check Results for Package PivotalR

Last updated on 2015-04-01 03:49:23.

Flavor Version Tinstall Tcheck Ttotal Status Flags
r-devel-linux-x86_64-debian-clang 0.1.17.45 6.21 70.50 76.71 NOTE
r-devel-linux-x86_64-debian-gcc 0.1.17.45 5.86 69.93 75.79 NOTE
r-devel-linux-x86_64-fedora-clang 0.1.17.45 155.69 NOTE
r-devel-linux-x86_64-fedora-gcc 0.1.17.45 147.64 NOTE
r-devel-osx-x86_64-clang 0.1.17.45 146.09 NOTE
r-prerel-windows-ix86+x86_64 0.1.17.45 21.00 121.00 142.00 NOTE
r-prerel-linux-x86_64 0.1.17.45 6.26 70.02 76.28 NOTE
r-prerel-solaris-sparc 0.1.17.45 904.40 NOTE
r-prerel-solaris-x86 0.1.17.45 191.90 NOTE
r-release-linux-x86_64 0.1.17.45 7.22 81.84 89.06 NOTE
r-release-osx-x86_64-mavericks 0.1.17.45 NOTE
r-release-osx-x86_64-snowleopard 0.1.17.45 OK
r-release-windows-ix86+x86_64 0.1.17.45 22.00 140.00 162.00 NOTE
r-oldrel-windows-ix86+x86_64 0.1.17.45 24.00 132.00 156.00 OK

Check Details

Version: 0.1.17.45
Check: dependencies in R code
Result: NOTE
    'library' or 'require' calls in package code:
     ‘rpart’ ‘shiny’ ‘testthat’ ‘tools’
     Please use :: or requireNamespace() instead.
     See section 'Suggested packages' in the 'Writing R Extensions' manual.
Flavors: r-devel-linux-x86_64-debian-clang, r-devel-linux-x86_64-debian-gcc, r-devel-linux-x86_64-fedora-clang, r-devel-linux-x86_64-fedora-gcc, r-devel-osx-x86_64-clang, r-prerel-windows-ix86+x86_64, r-prerel-linux-x86_64, r-prerel-solaris-sparc, r-prerel-solaris-x86, r-release-linux-x86_64, r-release-windows-ix86+x86_64

Version: 0.1.17.45
Check: S3 generic/method consistency
Result: NOTE
    Found the following apparent S3 methods exported but not registered:
     groups.lm.madlib groups.lm.madlib.grps groups.logregr.madlib
     groups.logregr.madlib.grps margins.lm.madlib margins.lm.madlib.grps
     margins.logregr.madlib margins.logregr.madlib.grps plot.dt.madlib
     predict.arima.css.madlib predict.bagging.model predict.dt.madlib
     predict.elnet.madlib predict.glm.madlib predict.glm.madlib.grps
     predict.lm.madlib predict.lm.madlib.grps predict.logregr.madlib
     predict.logregr.madlib.grps print.arima.css.madlib print.dt.madlib
     print.elnet.madlib print.glm.madlib print.glm.madlib.grps
     print.lm.madlib print.lm.madlib.grps print.logregr.madlib
     print.logregr.madlib.grps print.margins print.none.obj
     print.summary.madlib residuals.glm.madlib residuals.glm.madlib.grps
     residuals.lm.madlib residuals.lm.madlib.grps residuals.logregr.madlib
     residuals.logregr.madlib.grps summary.arima.css.madlib
     summary.elnet.madlib summary.glm.madlib summary.glm.madlib.grps
     summary.lm.madlib summary.lm.madlib.grps summary.logregr.madlib
     summary.logregr.madlib.grps text.dt.madlib vcov.lm.madlib
     vcov.lm.madlib.grps vcov.logregr.madlib vcov.logregr.madlib.grps
    See section ‘Registering S3 methods’ in the ‘Writing R Extensions’
    manual.
Flavors: r-devel-linux-x86_64-debian-clang, r-devel-linux-x86_64-debian-gcc, r-devel-linux-x86_64-fedora-clang, r-devel-linux-x86_64-fedora-gcc, r-devel-osx-x86_64-clang, r-prerel-linux-x86_64

Version: 0.1.17.45
Check: package dependencies
Result: NOTE
    Package which this enhances but not available for checking: ‘RPostgreSQL’
Flavor: r-release-osx-x86_64-mavericks