CRAN Package Check Results for Package PivotalR

Last updated on 2015-02-02 01:47:53.

Flavor Version Tinstall Tcheck Ttotal Status Flags
r-devel-linux-x86_64-debian-clang 0.1.17.45 6.39 70.86 77.25 NOTE
r-devel-linux-x86_64-debian-gcc 0.1.17.45 5.96 68.06 74.02 NOTE
r-devel-linux-x86_64-fedora-clang 0.1.17.45 158.30 NOTE
r-devel-linux-x86_64-fedora-gcc 0.1.17.45 151.52 NOTE
r-devel-osx-x86_64-clang 0.1.17.45 150.68 NOTE
r-devel-windows-ix86+x86_64 0.1.17.45 31.00 114.00 145.00 NOTE
r-patched-linux-x86_64 0.1.17.45 7.44 80.95 88.39 OK
r-patched-solaris-sparc 0.1.17.45 989.40 OK
r-patched-solaris-x86 0.1.17.45 237.90 OK
r-release-linux-ix86 0.1.17.45 8.63 98.33 106.96 OK
r-release-linux-x86_64 0.1.17.45 7.55 80.41 87.96 OK
r-release-osx-x86_64-mavericks 0.1.17.45 NOTE
r-release-osx-x86_64-snowleopard 0.1.17.45 OK
r-release-windows-ix86+x86_64 0.1.17.45 20.00 142.00 162.00 OK
r-oldrel-windows-ix86+x86_64 0.1.17.45 20.00 127.00 147.00 OK

Check Details

Version: 0.1.17.45
Check: dependencies in R code
Result: NOTE
    'library' or 'require' calls in package code:
     ‘rpart’ ‘shiny’ ‘testthat’ ‘tools’
     Please use :: or requireNamespace() instead.
     See section 'Suggested packages' in the 'Writing R Extensions' manual.
Flavors: r-devel-linux-x86_64-debian-clang, r-devel-linux-x86_64-debian-gcc, r-devel-linux-x86_64-fedora-clang, r-devel-linux-x86_64-fedora-gcc, r-devel-osx-x86_64-clang, r-devel-windows-ix86+x86_64

Version: 0.1.17.45
Check: S3 generic/method consistency
Result: NOTE
    Found the following apparent S3 methods exported but not registered:
     groups.lm.madlib groups.lm.madlib.grps groups.logregr.madlib
     groups.logregr.madlib.grps margins.lm.madlib margins.lm.madlib.grps
     margins.logregr.madlib margins.logregr.madlib.grps
     print.arima.css.madlib print.dt.madlib print.elnet.madlib
     print.glm.madlib print.glm.madlib.grps print.lm.madlib
     print.lm.madlib.grps print.logregr.madlib print.logregr.madlib.grps
     print.margins print.none.obj print.summary.madlib
     summary.arima.css.madlib summary.elnet.madlib summary.glm.madlib
     summary.glm.madlib.grps summary.lm.madlib summary.lm.madlib.grps
     summary.logregr.madlib summary.logregr.madlib.grps plot.dt.madlib
     text.dt.madlib predict.arima.css.madlib predict.bagging.model
     predict.dt.madlib predict.elnet.madlib predict.glm.madlib
     predict.glm.madlib.grps predict.lm.madlib predict.lm.madlib.grps
     predict.logregr.madlib predict.logregr.madlib.grps
     residuals.glm.madlib residuals.glm.madlib.grps residuals.lm.madlib
     residuals.lm.madlib.grps residuals.logregr.madlib
     residuals.logregr.madlib.grps vcov.lm.madlib vcov.lm.madlib.grps
     vcov.logregr.madlib vcov.logregr.madlib.grps
    See section ‘Registering S3 methods’ in the ‘Writing R Extensions’
    manual.
Flavors: r-devel-linux-x86_64-debian-clang, r-devel-linux-x86_64-debian-gcc, r-devel-linux-x86_64-fedora-clang, r-devel-linux-x86_64-fedora-gcc, r-devel-osx-x86_64-clang

Version: 0.1.17.45
Check: package dependencies
Result: NOTE
    Package which this enhances but not available for checking: ‘RPostgreSQL’
Flavor: r-release-osx-x86_64-mavericks