CRAN Package Check Results for Package PivotalR

Last updated on 2014-12-21 11:46:40.

Flavor Version Tinstall Tcheck Ttotal Status Flags
r-devel-linux-x86_64-debian-clang 0.1.17.8 7.22 78.23 85.45 OK
r-devel-linux-x86_64-debian-gcc 0.1.17.8 6.75 78.50 85.25 OK
r-devel-linux-x86_64-fedora-clang 0.1.17.8 192.92 OK
r-devel-linux-x86_64-fedora-gcc 0.1.17.8 176.79 OK
r-devel-osx-x86_64-clang 0.1.17.8 163.57 OK
r-devel-windows-ix86+x86_64 0.1.17.8 21.00 126.00 147.00 OK
r-patched-linux-x86_64 0.1.17.8 7.87 82.57 90.44 OK
r-patched-solaris-sparc 0.1.17.8 969.70 OK
r-patched-solaris-x86 0.1.17.8 236.20 OK
r-release-linux-ix86 0.1.17.8 8.74 91.83 100.57 OK
r-release-linux-x86_64 0.1.17.8 7.38 79.85 87.23 OK
r-release-osx-x86_64-mavericks 0.1.17.8 NOTE
r-release-osx-x86_64-snowleopard 0.1.17.8 OK
r-release-windows-ix86+x86_64 0.1.17.8 19.00 130.00 149.00 OK
r-oldrel-windows-ix86+x86_64 0.1.17.8 20.00 149.00 169.00 OK

Check Details

Version: 0.1.17.8
Check: package dependencies
Result: NOTE
    Package which this enhances but not available for checking: ‘RPostgreSQL’
Flavor: r-release-osx-x86_64-mavericks

Version: 0.1.17.8
Check: re-building of vignette outputs
Result: NOTE
    Error in re-building vignettes:
     ...
    Error in texi2dvi(file = file, pdf = TRUE, clean = clean, quiet = quiet, :
     Running 'texi2dvi' on 'pivotalr.tex' failed.
    LaTeX errors:
    ! LaTeX Error: File `titlesec.sty' not found.
    
    Type X to quit or <RETURN> to proceed,
    or enter new name. (Default extension: sty)
    
    ./RJournal.sty:98: ==> Fatal error occurred, no output PDF file produced!
    Calls: buildVignettes -> texi2pdf -> texi2dvi
    Execution halted
Flavor: r-release-osx-x86_64-mavericks