CRAN Package Check Results for Package PivotalR

Last updated on 2014-07-22 11:51:22.

Flavor Version Tinstall Tcheck Ttotal Status Flags
r-devel-linux-x86_64-debian-clang 0.1.16.12 7.23 77.39 84.62 OK
r-devel-linux-x86_64-debian-gcc 0.1.16.12 7.30 74.96 82.26 OK
r-devel-linux-x86_64-fedora-clang 0.1.16.12 194.30 OK
r-devel-linux-x86_64-fedora-gcc 0.1.16.12 182.70 OK
r-devel-osx-x86_64-clang 0.1.16.12 154.42 OK
r-devel-windows-ix86+x86_64 0.1.16.12 19.00 133.00 152.00 OK
r-patched-linux-x86_64 0.1.16.12 7.30 75.85 83.16 OK
r-patched-solaris-sparc 0.1.16.12 971.50 OK
r-patched-solaris-x86 0.1.16.12 235.60 OK
r-release-linux-ix86 0.1.16.12 8.96 98.76 107.72 OK
r-release-linux-x86_64 0.1.16.12 7.22 75.82 83.04 OK
r-release-osx-x86_64-mavericks 0.1.16.12 NOTE
r-release-osx-x86_64-snowleopard 0.1.16.12 OK
r-release-windows-ix86+x86_64 0.1.16.12 20.00 140.00 160.00 OK
r-oldrel-windows-ix86+x86_64 0.1.16.12 19.00 127.00 146.00 OK

Check Details

Version: 0.1.16.12
Check: package dependencies
Result: NOTE
    Package which this enhances but not available for checking: ‘RPostgreSQL’
Flavor: r-release-osx-x86_64-mavericks

Version: 0.1.16.12
Check: re-building of vignette outputs
Result: NOTE
    Error in re-building vignettes:
     ...
    Error in texi2dvi(file = file, pdf = TRUE, clean = clean, quiet = quiet, :
     Running 'texi2dvi' on 'pivotalr.tex' failed.
    LaTeX errors:
    ! LaTeX Error: File `titlesec.sty' not found.
    
    Type X to quit or <RETURN> to proceed,
    or enter new name. (Default extension: sty)
    
    ./RJournal.sty:98: ==> Fatal error occurred, no output PDF file produced!
    Calls: buildVignettes -> texi2pdf -> texi2dvi
    Execution halted
Flavor: r-release-osx-x86_64-mavericks