CRAN Package Check Results for Package PivotalR

Last updated on 2014-11-26 05:47:53.

Flavor Version Tinstall Tcheck Ttotal Status Flags
r-devel-linux-x86_64-debian-clang 0.1.17.8 7.26 77.90 85.16 OK
r-devel-linux-x86_64-debian-gcc 0.1.17.8 8.02 78.27 86.29 OK
r-devel-linux-x86_64-fedora-clang 0.1.17.8 193.97 OK
r-devel-linux-x86_64-fedora-gcc 0.1.17.8 180.25 OK
r-devel-osx-x86_64-clang 0.1.17.8 160.98 OK
r-devel-windows-ix86+x86_64 0.1.17.8 18.00 123.00 141.00 OK
r-patched-linux-x86_64 0.1.17.8 8.22 80.22 88.43 OK
r-patched-solaris-sparc 0.1.17.8 969.70 OK
r-patched-solaris-x86 0.1.17.8 234.70 OK
r-release-linux-ix86 0.1.17.8 8.70 91.96 100.66 OK
r-release-linux-x86_64 0.1.17.8 7.40 80.83 88.22 OK
r-release-osx-x86_64-mavericks 0.1.17.8 NOTE
r-release-osx-x86_64-snowleopard 0.1.17.8 OK
r-release-windows-ix86+x86_64 0.1.17.8 18.00 132.00 150.00 OK
r-oldrel-windows-ix86+x86_64 0.1.17.8 19.00 131.00 150.00 OK

Check Details

Version: 0.1.17.8
Check: package dependencies
Result: NOTE
    Package which this enhances but not available for checking: ‘RPostgreSQL’
Flavor: r-release-osx-x86_64-mavericks

Version: 0.1.17.8
Check: re-building of vignette outputs
Result: NOTE
    Error in re-building vignettes:
     ...
    Error in texi2dvi(file = file, pdf = TRUE, clean = clean, quiet = quiet, :
     Running 'texi2dvi' on 'pivotalr.tex' failed.
    LaTeX errors:
    ! LaTeX Error: File `titlesec.sty' not found.
    
    Type X to quit or <RETURN> to proceed,
    or enter new name. (Default extension: sty)
    
    ./RJournal.sty:98: ==> Fatal error occurred, no output PDF file produced!
    Calls: buildVignettes -> texi2pdf -> texi2dvi
    Execution halted
Flavor: r-release-osx-x86_64-mavericks