CRAN Package Check Results for Package PivotalR

Last updated on 2014-04-23 17:47:50.

Flavor Version Tinstall Tcheck Ttotal Status Flags
r-devel-linux-x86_64-debian-clang 0.1.15.1 7.70 78.02 85.72 WARN
r-devel-linux-x86_64-debian-gcc 0.1.15.1 7.63 77.38 85.00 OK
r-devel-linux-x86_64-fedora-clang 0.1.15.1 161.19 WARN
r-devel-linux-x86_64-fedora-gcc 0.1.15.1 186.34 OK
r-devel-osx-x86_64-clang 0.1.15.1 153.24 WARN
r-devel-osx-x86_64-gcc 0.1.15.1 NOTE
r-devel-windows-ix86+x86_64 0.1.15.1 19.00 125.00 144.00 OK
r-patched-linux-x86_64 0.1.15.1 7.25 76.43 83.68 OK
r-patched-solaris-sparc 0.1.15.1 956.60 OK
r-patched-solaris-x86 0.1.15.1 228.00 OK
r-release-linux-ix86 0.1.15.1 11.00 119.00 130.00 OK
r-release-linux-x86_64 0.1.15.1 7.22 77.66 84.88 OK
r-release-osx-x86_64-mavericks 0.1.15.1 WARN
r-release-osx-x86_64-snowleopard 0.1.15.1 OK
r-release-windows-ix86+x86_64 0.1.15.1 19.00 128.00 147.00 OK
r-oldrel-windows-ix86+x86_64 0.1.15.1 17.00 126.00 143.00 OK

Check Details

Version: 0.1.15.1
Check: whether package can be installed
Result: WARNING
    Found the following significant warnings:
     elcd.cpp:31:22: warning: 'random_index' has C-linkage specified, but returns incomplete type 'std::vector<int>' which could be incompatible with C [-Wreturn-type-c-linkage]
    See ‘/home/hornik/tmp/R.check/r-devel-clang/Work/PKGS/PivotalR.Rcheck/00install.out’ for details.
Flavor: r-devel-linux-x86_64-debian-clang

Version: 0.1.15.1
Check: whether package can be installed
Result: WARNING
    Found the following significant warnings:
     elcd.cpp:31:22: warning: 'random_index' has C-linkage specified, but returns incomplete type 'std::vector<int>' which could be incompatible with C [-Wreturn-type-c-linkage]
    See ‘/data/gannet/ripley/R/packages/tests-clang/PivotalR.Rcheck/00install.out’ for details.
Flavor: r-devel-linux-x86_64-fedora-clang

Version: 0.1.15.1
Check: whether package can be installed
Result: WARNING
    Found the following significant warnings:
     elcd.cpp:31:22: warning: 'random_index' has C-linkage specified, but returns incomplete type 'std::vector<int>' which could be incompatible with C [-Wreturn-type-c-linkage]
    See ‘/Users/ripley/R/packages/tests-devel/PivotalR.Rcheck/00install.out’ for details.
Flavor: r-devel-osx-x86_64-clang

Version: 0.1.15.1
Check: package dependencies
Result: NOTE
    Package which this enhances but not available for checking: ‘shiny’
Flavor: r-devel-osx-x86_64-gcc

Version: 0.1.15.1
Check: package dependencies
Result: NOTE
    Package which this enhances but not available for checking: ‘RPostgreSQL’
Flavor: r-release-osx-x86_64-mavericks

Version: 0.1.15.1
Check: whether package can be installed
Result: WARNING
    Found the following significant warnings:
     elcd.cpp:31:22: warning: 'random_index' has C-linkage specified, but returns incomplete type 'std::vector<int>' which could be incompatible with C [-Wreturn-type-c-linkage]
    See ‘/Builds/CRAN-QA-Simon/packages/mavericks-x86_64/results/3.1/PivotalR.Rcheck/00install.out’ for details.
Flavor: r-release-osx-x86_64-mavericks

Version: 0.1.15.1
Check: re-building of vignette outputs
Result: NOTE
    Error in re-building vignettes:
     ...
    Error in texi2dvi(file = file, pdf = TRUE, clean = clean, quiet = quiet, :
     Running 'texi2dvi' on 'pivotalr.tex' failed.
    LaTeX errors:
    ! LaTeX Error: File `titlesec.sty' not found.
    
    Type X to quit or <RETURN> to proceed,
    or enter new name. (Default extension: sty)
    
    ./RJournal.sty:98: ==> Fatal error occurred, no output PDF file produced!
    Calls: buildVignettes -> texi2pdf -> texi2dvi
    Execution halted
Flavor: r-release-osx-x86_64-mavericks

Version: 0.1.15.1
Check: PDF version of manual
Result: WARNING
    LaTeX errors when creating PDF version.
    This typically indicates Rd problems.
    LaTeX errors found:
    ! LaTeX Error: File `upquote.sty' not found.
    
    Type X to quit or <RETURN> to proceed,
    or enter new name. (Default extension: sty)
    
    6044e1f/Rd2.tex:8: ==> Fatal error occurred, no output PDF file produced!
Flavor: r-release-osx-x86_64-mavericks