CRAN Package Check Results for Package PivotalR

Last updated on 2017-03-25 17:49:45.

Flavor Version Tinstall Tcheck Ttotal Status Flags
r-devel-linux-x86_64-debian-clang 0.1.18.3 6.20 76.27 82.46 NOTE
r-devel-linux-x86_64-debian-gcc 0.1.18.3 5.88 77.10 82.98 NOTE
r-devel-linux-x86_64-fedora-clang 0.1.18.3 168.80 NOTE --no-stop-on-test-error
r-devel-linux-x86_64-fedora-gcc 0.1.18.3 162.20 NOTE --no-stop-on-test-error
r-devel-macos-x86_64-clang 0.1.18.3 129.00 NOTE --no-stop-on-test-error
r-patched-linux-x86_64 0.1.18.3 5.90 74.89 80.79 NOTE
r-patched-solaris-sparc 0.1.18.3 985.30 OK
r-patched-solaris-x86 0.1.18.3 198.50 OK
r-release-linux-x86_64 0.1.18.3 5.93 75.36 81.29 OK
r-release-osx-x86_64-mavericks 0.1.18.3 OK
r-release-windows-ix86+x86_64 0.1.18.3 27.00 142.00 169.00 OK
r-oldrel-windows-ix86+x86_64 0.1.18.3 21.00 162.00 183.00 OK

Check Details

Version: 0.1.18.3
Check: compiled code
Result: NOTE
    File ‘PivotalR/libs/PivotalR.so’:
     Found no calls to: ‘R_registerRoutines’, ‘R_useDynamicSymbols’
    
    It is good practice to register native routines and to disable symbol
    search.
    
    See ‘Writing portable packages’ in the ‘Writing R Extensions’ manual.
Flavors: r-devel-linux-x86_64-debian-clang, r-devel-linux-x86_64-debian-gcc, r-patched-linux-x86_64

Version: 0.1.18.3
Flags: --no-stop-on-test-error
Check: compiled code
Result: NOTE
    File ‘PivotalR/libs/PivotalR.so’:
     Found no calls to: ‘R_registerRoutines’, ‘R_useDynamicSymbols’
    
    It is good practice to register native routines and to disable symbol
    search.
    
    See ‘Writing portable packages’ in the ‘Writing R Extensions’ manual.
Flavors: r-devel-linux-x86_64-fedora-clang, r-devel-linux-x86_64-fedora-gcc, r-devel-macos-x86_64-clang