CRAN Package Check Results for Package PivotalR

Last updated on 2015-08-01 19:48:26.

Flavor Version Tinstall Tcheck Ttotal Status Flags
r-devel-linux-x86_64-debian-clang 0.1.17.45 6.57 72.33 78.90 NOTE
r-devel-linux-x86_64-debian-gcc 0.1.17.45 5.83 71.41 77.24 NOTE
r-devel-linux-x86_64-fedora-clang 0.1.17.45 157.23 NOTE
r-devel-linux-x86_64-fedora-gcc 0.1.17.45 149.22 NOTE
r-devel-osx-x86_64-clang 0.1.17.45 132.33 NOTE
r-devel-windows-ix86+x86_64 0.1.17.45 30.00 183.00 213.00 NOTE
r-patched-linux-x86_64 0.1.17.45 6.47 71.20 77.67 NOTE
r-patched-solaris-sparc 0.1.17.45 958.00 NOTE
r-patched-solaris-x86 0.1.17.45 199.00 NOTE
r-release-linux-x86_64 0.1.17.45 5.93 73.15 79.08 NOTE
r-release-osx-x86_64-mavericks 0.1.17.45 NOTE
r-release-windows-ix86+x86_64 0.1.17.45 26.00 190.00 216.00 NOTE
r-oldrel-windows-ix86+x86_64 0.1.17.45 33.00 148.00 181.00 NOTE

Check Details

Version: 0.1.17.45
Check: dependencies in R code
Result: NOTE
    'library' or 'require' calls in package code:
     ‘rpart’ ‘shiny’ ‘testthat’ ‘tools’
     Please use :: or requireNamespace() instead.
     See section 'Suggested packages' in the 'Writing R Extensions' manual.
Flavors: r-devel-linux-x86_64-debian-clang, r-devel-linux-x86_64-debian-gcc, r-devel-linux-x86_64-fedora-clang, r-devel-linux-x86_64-fedora-gcc, r-devel-osx-x86_64-clang, r-devel-windows-ix86+x86_64, r-patched-linux-x86_64, r-patched-solaris-sparc, r-patched-solaris-x86, r-release-linux-x86_64, r-release-osx-x86_64-mavericks, r-release-windows-ix86+x86_64, r-oldrel-windows-ix86+x86_64

Version: 0.1.17.45
Check: S3 generic/method consistency
Result: NOTE
    Found the following apparent S3 methods exported but not registered:
     groups.lm.madlib groups.lm.madlib.grps groups.logregr.madlib
     groups.logregr.madlib.grps margins.lm.madlib margins.lm.madlib.grps
     margins.logregr.madlib margins.logregr.madlib.grps plot.dt.madlib
     predict.arima.css.madlib predict.bagging.model predict.dt.madlib
     predict.elnet.madlib predict.glm.madlib predict.glm.madlib.grps
     predict.lm.madlib predict.lm.madlib.grps predict.logregr.madlib
     predict.logregr.madlib.grps print.arima.css.madlib print.dt.madlib
     print.elnet.madlib print.glm.madlib print.glm.madlib.grps
     print.lm.madlib print.lm.madlib.grps print.logregr.madlib
     print.logregr.madlib.grps print.margins print.none.obj
     print.summary.madlib residuals.glm.madlib residuals.glm.madlib.grps
     residuals.lm.madlib residuals.lm.madlib.grps residuals.logregr.madlib
     residuals.logregr.madlib.grps summary.arima.css.madlib
     summary.elnet.madlib summary.glm.madlib summary.glm.madlib.grps
     summary.lm.madlib summary.lm.madlib.grps summary.logregr.madlib
     summary.logregr.madlib.grps text.dt.madlib vcov.lm.madlib
     vcov.lm.madlib.grps vcov.logregr.madlib vcov.logregr.madlib.grps
    See section ‘Registering S3 methods’ in the ‘Writing R Extensions’
    manual.
Flavors: r-devel-linux-x86_64-debian-clang, r-devel-linux-x86_64-debian-gcc, r-devel-linux-x86_64-fedora-clang, r-devel-linux-x86_64-fedora-gcc, r-devel-osx-x86_64-clang, r-patched-linux-x86_64, r-patched-solaris-sparc, r-patched-solaris-x86, r-release-linux-x86_64

Version: 0.1.17.45
Check: R code for possible problems
Result: NOTE
    .analyze.formula: no visible global function definition for ‘terms’
    .compute.resid: no visible global function definition for ‘predict’
    .db.writeTable.rpostgresql: no visible global function definition for
     ‘count.fields’
    .db.writeTable.rpostgresql: no visible global function definition for
     ‘read.table’
    .get.installed.pkgs: no visible global function definition for
     ‘installed.packages’
    .margins.lin: no visible global function definition for ‘vcov’
    .margins.log: no visible global function definition for ‘vcov’
    .modeling.formula: no visible global function definition for
     ‘model.matrix’
    .modeling.formula: no visible binding for global variable ‘contrasts’
    .parse.deriv: no visible global function definition for ‘deriv’
    .parse.margins.vars: no visible global function definition for ‘terms’
    .parse.margins.vars: no visible global function definition for
     ‘formula’
    .print.coefs: no visible global function definition for ‘printCoefmat’
    AIC.glm.madlib.grps: no visible binding for global variable ‘AIC’
    AIC.lm.madlib.grps: no visible binding for global variable ‘AIC’
    AIC.logregr.madlib.grps: no visible binding for global variable ‘AIC’
    PivotalR: no visible global function definition for ‘install.packages’
    coef.lm.madlib: no visible global function definition for ‘setNames’
    coef.lm.madlib.grps: no visible binding for global variable ‘coef’
    coef.logregr.madlib: no visible global function definition for
     ‘setNames’
    coef.logregr.madlib.grps: no visible binding for global variable ‘coef’
    db.connect: no visible global function definition for
     ‘install.packages’
    extractAIC.glm.madlib.grps: no visible binding for global variable
     ‘extractAIC’
    extractAIC.lm.madlib: no visible global function definition for ‘resid’
    extractAIC.lm.madlib.grps: no visible binding for global variable
     ‘extractAIC’
    extractAIC.logregr.madlib.grps: no visible binding for global variable
     ‘extractAIC’
    logLik.glm.madlib.grps: no visible binding for global variable ‘logLik’
    logLik.lm.madlib: no visible global function definition for ‘residuals’
    logLik.lm.madlib.grps: no visible binding for global variable ‘logLik’
    logLik.logregr.madlib.grps: no visible binding for global variable
     ‘logLik’
    madlib.glm: no visible binding for global variable ‘gaussian’
    margins.lm.madlib: no visible global function definition for ‘pt’
    margins.logregr.madlib: no visible global function definition for
     ‘pnorm’
    plot.dt.madlib: no visible global function definition for ‘plot’
    predict.bagging.model: no visible global function definition for
     ‘predict’
    print.dt.madlib: no visible global function definition for
     ‘capture.output’
    print.lm.madlib: no visible global function definition for
     ‘printCoefmat’
    print.lm.madlib.grps: no visible global function definition for
     ‘printCoefmat’
    print.logregr.madlib: no visible global function definition for
     ‘printCoefmat’
    print.logregr.madlib.grps: no visible global function definition for
     ‘printCoefmat’
    print.margins: no visible global function definition for ‘printCoefmat’
    residuals.glm.madlib.grps: no visible binding for global variable
     ‘residuals’
    residuals.lm.madlib.grps: no visible binding for global variable
     ‘residuals’
    residuals.logregr.madlib.grps: no visible binding for global variable
     ‘residuals’
    test: no visible global function definition for ‘install.packages’
    text.dt.madlib: no visible binding for global variable ‘text’
    text.dt.madlib: no visible global function definition for ‘par’
    text.dt.madlib: no visible global function definition for ‘col2rgb’
    text.dt.madlib : oval: no visible global function definition for
     ‘polygon’
    text.dt.madlib : rectangle: no visible global function definition for
     ‘polygon’
    vcov.lm.madlib: no visible global function definition for ‘residuals’
    vcov.lm.madlib.grps: no visible binding for global variable ‘vcov’
    vcov.logregr.madlib.grps: no visible binding for global variable ‘vcov’
    delete,character : <anonymous>: no visible binding for '<<-' assignment
     to ‘success’
    madlib.arima,db.Rquery-db.Rquery: no visible global function definition
     for ‘formula’
    Undefined global functions or variables:
     AIC capture.output coef col2rgb contrasts count.fields deriv
     extractAIC formula gaussian install.packages installed.packages
     logLik model.matrix par plot pnorm polygon predict printCoefmat pt
     read.table resid residuals setNames terms text vcov
    Consider adding
     importFrom("grDevices", "col2rgb")
     importFrom("graphics", "par", "plot", "polygon", "text")
     importFrom("stats", "AIC", "coef", "contrasts", "deriv", "extractAIC",
     "formula", "gaussian", "logLik", "model.matrix", "pnorm",
     "predict", "printCoefmat", "pt", "resid", "residuals",
     "setNames", "terms", "vcov")
     importFrom("utils", "capture.output", "count.fields",
     "install.packages", "installed.packages", "read.table")
    to your NAMESPACE.
Flavors: r-devel-linux-x86_64-debian-clang, r-devel-linux-x86_64-debian-gcc, r-devel-linux-x86_64-fedora-clang, r-devel-linux-x86_64-fedora-gcc, r-devel-windows-ix86+x86_64

Version: 0.1.17.45
Check: R code for possible problems
Result: NOTE
    delete,character : <anonymous>: no visible binding for '<<-' assignment
     to ‘success’
Flavor: r-devel-osx-x86_64-clang

Version: 0.1.17.45
Check: R code for possible problems
Result: NOTE
    delete,character : .local : <anonymous>: no visible binding for '<<-'
     assignment to ‘success’
Flavors: r-patched-linux-x86_64, r-patched-solaris-sparc, r-patched-solaris-x86, r-release-linux-x86_64, r-release-windows-ix86+x86_64, r-oldrel-windows-ix86+x86_64

Version: 0.1.17.45
Check: package dependencies
Result: NOTE
    Package which this enhances but not available for checking: ‘RPostgreSQL’
Flavor: r-release-osx-x86_64-mavericks