CRAN Package Check Results for Package PivotalR

Last updated on 2017-02-26 23:48:32.

Flavor Version Tinstall Tcheck Ttotal Status Flags
r-devel-linux-x86_64-debian-clang 0.1.18.3 6.42 74.76 81.18 NOTE
r-devel-linux-x86_64-debian-gcc 0.1.18.3 5.84 78.78 84.62 NOTE
r-devel-linux-x86_64-fedora-clang 0.1.18.3 165.98 NOTE --no-stop-on-test-error
r-devel-linux-x86_64-fedora-gcc 0.1.18.3 162.48 NOTE --no-stop-on-test-error
r-devel-macos-x86_64-clang 0.1.18.3 134.76 NOTE --no-stop-on-test-error
r-devel-windows-ix86+x86_64 0.1.18.3 19.00 205.00 224.00 OK
r-patched-linux-x86_64 0.1.18.3 5.76 73.45 79.21 OK
r-patched-solaris-sparc 0.1.18.3 959.00 OK
r-patched-solaris-x86 0.1.18.3 170.50 OK
r-release-linux-x86_64 0.1.18.3 5.78 75.69 81.46 OK
r-release-osx-x86_64-mavericks 0.1.18.3 OK
r-release-windows-ix86+x86_64 0.1.18.3 26.00 202.00 228.00 OK
r-oldrel-windows-ix86+x86_64 0.1.18.3 37.00 270.00 307.00 OK

Check Details

Version: 0.1.18.3
Check: compiled code
Result: NOTE
    File ‘PivotalR/libs/PivotalR.so’:
     Found no calls to: ‘R_registerRoutines’, ‘R_useDynamicSymbols’
    
    It is good practice to register native routines and to disable symbol
    search.
    
    See ‘Writing portable packages’ in the ‘Writing R Extensions’ manual.
Flavors: r-devel-linux-x86_64-debian-clang, r-devel-linux-x86_64-debian-gcc

Version: 0.1.18.3
Flags: --no-stop-on-test-error
Check: compiled code
Result: NOTE
    File ‘PivotalR/libs/PivotalR.so’:
     Found no calls to: ‘R_registerRoutines’, ‘R_useDynamicSymbols’
    
    It is good practice to register native routines and to disable symbol
    search.
    
    See ‘Writing portable packages’ in the ‘Writing R Extensions’ manual.
Flavors: r-devel-linux-x86_64-fedora-clang, r-devel-linux-x86_64-fedora-gcc, r-devel-macos-x86_64-clang