CRAN Package Check Results for Package PivotalR

Last updated on 2014-10-31 11:47:29.

Flavor Version Tinstall Tcheck Ttotal Status Flags
r-devel-linux-x86_64-debian-clang 0.1.17.8 7.29 79.19 86.48 OK
r-devel-linux-x86_64-debian-gcc 0.1.17.8 6.94 76.19 83.13 OK
r-devel-linux-x86_64-fedora-clang 0.1.17.8 189.07 OK
r-devel-linux-x86_64-fedora-gcc 0.1.17.8 177.98 OK
r-devel-osx-x86_64-clang 0.1.17.8 160.79 OK
r-devel-windows-ix86+x86_64 0.1.17.8 18.00 121.00 139.00 OK
r-patched-linux-x86_64 0.1.17.8 7.19 80.02 87.22 OK
r-patched-solaris-sparc 0.1.17.8 969.70 OK
r-patched-solaris-x86 0.1.17.8 234.00 OK
r-release-linux-ix86 0.1.17.3 9.19 95.46 104.65 OK
r-release-linux-x86_64 0.1.17.8 7.36 79.60 86.96 OK
r-release-osx-x86_64-mavericks 0.1.17.8 NOTE
r-release-osx-x86_64-snowleopard 0.1.17.8 OK
r-release-windows-ix86+x86_64 0.1.17.8 19.00 135.00 154.00 OK
r-oldrel-windows-ix86+x86_64 0.1.17.8 19.00 129.00 148.00 OK

Check Details

Version: 0.1.17.8
Check: package dependencies
Result: NOTE
    Package which this enhances but not available for checking: ‘RPostgreSQL’
Flavor: r-release-osx-x86_64-mavericks

Version: 0.1.17.8
Check: re-building of vignette outputs
Result: NOTE
    Error in re-building vignettes:
     ...
    Error in texi2dvi(file = file, pdf = TRUE, clean = clean, quiet = quiet, :
     Running 'texi2dvi' on 'pivotalr.tex' failed.
    LaTeX errors:
    ! LaTeX Error: File `titlesec.sty' not found.
    
    Type X to quit or <RETURN> to proceed,
    or enter new name. (Default extension: sty)
    
    ./RJournal.sty:98: ==> Fatal error occurred, no output PDF file produced!
    Calls: buildVignettes -> texi2pdf -> texi2dvi
    Execution halted
Flavor: r-release-osx-x86_64-mavericks