CRAN Package Check Results for Package PivotalR

Last updated on 2017-05-25 13:47:14.

Flavor Version Tinstall Tcheck Ttotal Status Flags
r-devel-linux-x86_64-debian-clang 0.1.18.3 6.38 75.70 82.08 NOTE
r-devel-linux-x86_64-debian-gcc 0.1.18.3 6.39 75.15 81.54 NOTE
r-devel-linux-x86_64-fedora-clang 0.1.18.3 169.41 NOTE --no-stop-on-test-error
r-devel-linux-x86_64-fedora-gcc 0.1.18.3 161.60 NOTE --no-stop-on-test-error
r-devel-windows-ix86+x86_64 0.1.18.3 19.00 157.00 176.00 OK
r-patched-linux-x86_64 0.1.18.3 6.17 76.71 82.87 NOTE
r-patched-solaris-sparc 0.1.18.3 985.30 OK
r-patched-solaris-x86 0.1.18.3 197.60 OK
r-release-linux-x86_64 0.1.18.3 5.77 77.26 83.03 NOTE
r-release-windows-ix86+x86_64 0.1.18.3 35.00 214.00 249.00 OK
r-release-osx-x86_64 0.1.18.3 WARN
r-oldrel-windows-ix86+x86_64 0.1.18.3 23.00 198.00 221.00 OK
r-oldrel-osx-x86_64 0.1.18.3 OK

Check Details

Version: 0.1.18.3
Check: compiled code
Result: NOTE
    File ‘PivotalR/libs/PivotalR.so’:
     Found no calls to: ‘R_registerRoutines’, ‘R_useDynamicSymbols’
    
    It is good practice to register native routines and to disable symbol
    search.
    
    See ‘Writing portable packages’ in the ‘Writing R Extensions’ manual.
Flavors: r-devel-linux-x86_64-debian-clang, r-devel-linux-x86_64-debian-gcc, r-patched-linux-x86_64, r-release-linux-x86_64

Version: 0.1.18.3
Flags: --no-stop-on-test-error
Check: compiled code
Result: NOTE
    File ‘PivotalR/libs/PivotalR.so’:
     Found no calls to: ‘R_registerRoutines’, ‘R_useDynamicSymbols’
    
    It is good practice to register native routines and to disable symbol
    search.
    
    See ‘Writing portable packages’ in the ‘Writing R Extensions’ manual.
Flavors: r-devel-linux-x86_64-fedora-clang, r-devel-linux-x86_64-fedora-gcc

Version: 0.1.18.3
Check: package dependencies
Result: NOTE
    Packages suggested but not available for checking:
     ‘RPostgreSQL’ ‘topicmodels’
Flavor: r-release-osx-x86_64

Version: 0.1.18.3
Check: re-building of vignette outputs
Result: WARN
    Error in re-building vignettes:
     ...
    Error in texi2dvi(file = file, pdf = TRUE, clean = clean, quiet = quiet, :
     Running 'texi2dvi' on 'pivotalr.tex' failed.
    LaTeX errors:
    ! LaTeX Error: File `titlesec.sty' not found.
    
    Type X to quit or <RETURN> to proceed,
    or enter new name. (Default extension: sty)
    
    ! Emergency stop.
    <read *>
    
    l.98 ^^M
    
    ! ==> Fatal error occurred, no output PDF file produced!
    Calls: buildVignettes -> texi2pdf -> texi2dvi
    Execution halted
Flavor: r-release-osx-x86_64