CRAN Package Check Results for Package PivotalR

Last updated on 2014-09-01 14:46:35.

Flavor Version Tinstall Tcheck Ttotal Status Flags
r-devel-linux-x86_64-debian-clang 0.1.16.17 7.55 74.07 81.62 NOTE
r-devel-linux-x86_64-debian-gcc 0.1.16.17 6.90 72.76 79.66 NOTE
r-devel-linux-x86_64-fedora-clang 0.1.16.17 195.81 OK
r-devel-linux-x86_64-fedora-gcc 0.1.16.17 179.62 NOTE
r-devel-osx-x86_64-clang 0.1.16.17 156.66 OK
r-devel-windows-ix86+x86_64 0.1.16.17 19.00 137.00 156.00 NOTE
r-patched-linux-x86_64 0.1.16.17 7.14 75.36 82.50 OK
r-patched-solaris-sparc 0.1.16.17 957.90 OK
r-patched-solaris-x86 0.1.16.17 234.00 OK
r-release-linux-ix86 0.1.16.17 9.90 93.88 103.78 OK
r-release-linux-x86_64 0.1.16.17 7.18 75.95 83.12 OK
r-release-osx-x86_64-mavericks 0.1.16.17 NOTE
r-release-osx-x86_64-snowleopard 0.1.16.17 OK
r-release-windows-ix86+x86_64 0.1.16.17 19.00 138.00 157.00 OK
r-oldrel-windows-ix86+x86_64 0.1.16.17 20.00 132.00 152.00 OK

Check Details

Version: 0.1.16.17
Check: compiled code
Result: NOTE
    File ‘/home/hornik/tmp/R.check/r-devel-clang/Work/build/Packages/PivotalR/libs/PivotalR.so’:
     Found ‘rand’, possibly from ‘rand’ (C)
     Object: ‘elcd.o’
    
    Compiled code should not call entry points which might terminate R nor
    write to stdout/stderr instead of to the console, nor the C RNG.
    
    See ‘Writing portable packages’ in the ‘Writing R Extensions’ manual.
Flavor: r-devel-linux-x86_64-debian-clang

Version: 0.1.16.17
Check: compiled code
Result: NOTE
    File ‘/home/hornik/tmp/R.check/r-devel-gcc/Work/build/Packages/PivotalR/libs/PivotalR.so’:
     Found ‘rand’, possibly from ‘rand’ (C)
     Object: ‘elcd.o’
    
    Compiled code should not call entry points which might terminate R nor
    write to stdout/stderr instead of to the console, nor the C RNG.
    
    See ‘Writing portable packages’ in the ‘Writing R Extensions’ manual.
Flavor: r-devel-linux-x86_64-debian-gcc

Version: 0.1.16.17
Check: compiled code
Result: NOTE
    File ‘/data/gannet/ripley/R/packages/tests-devel/PivotalR.Rcheck/PivotalR/libs/PivotalR.so’:
     Found ‘rand’, possibly from ‘rand’ (C)
     Object: ‘elcd.o’
    
    Compiled code should not call entry points which might terminate R nor
    write to stdout/stderr instead of to the console, nor the C RNG.
    
    See ‘Writing portable packages’ in the ‘Writing R Extensions’ manual.
Flavor: r-devel-linux-x86_64-fedora-gcc

Version: 0.1.16.17
Check: compiled code
Result: NOTE
    File 'd:/Rcompile/CRANpkg/lib/3.2/PivotalR/libs/i386/PivotalR.dll':
     Found 'rand', possibly from 'rand' (C)
     Object: 'elcd.o'
    File 'd:/Rcompile/CRANpkg/lib/3.2/PivotalR/libs/x64/PivotalR.dll':
     Found 'rand', possibly from 'rand' (C)
     Object: 'elcd.o'
    
    Compiled code should not call entry points which might terminate R nor
    write to stdout/stderr instead of to the console, nor the C RNG.
    
    See 'Writing portable packages' in the 'Writing R Extensions' manual.
Flavor: r-devel-windows-ix86+x86_64

Version: 0.1.16.17
Check: package dependencies
Result: NOTE
    Package which this enhances but not available for checking: ‘RPostgreSQL’
Flavor: r-release-osx-x86_64-mavericks

Version: 0.1.16.17
Check: re-building of vignette outputs
Result: NOTE
    Error in re-building vignettes:
     ...
    Error in texi2dvi(file = file, pdf = TRUE, clean = clean, quiet = quiet, :
     Running 'texi2dvi' on 'pivotalr.tex' failed.
    LaTeX errors:
    ! LaTeX Error: File `titlesec.sty' not found.
    
    Type X to quit or <RETURN> to proceed,
    or enter new name. (Default extension: sty)
    
    ./RJournal.sty:98: ==> Fatal error occurred, no output PDF file produced!
    Calls: buildVignettes -> texi2pdf -> texi2dvi
    Execution halted
Flavor: r-release-osx-x86_64-mavericks