CRAN Package Check Results for Package PlackettLuce

Last updated on 2020-12-03 03:50:03 CET.

Flavor Version Tinstall Tcheck Ttotal Status Flags
r-devel-linux-x86_64-debian-clang 0.3.1 13.41 214.68 228.09 OK
r-devel-linux-x86_64-debian-gcc 0.3.1 10.52 154.28 164.80 OK
r-devel-linux-x86_64-fedora-clang 0.3.1 267.74 OK
r-devel-linux-x86_64-fedora-gcc 0.3.1 272.43 OK
r-devel-windows-ix86+x86_64 0.3.1 23.00 260.00 283.00 OK
r-patched-linux-x86_64 0.3.1 11.34 206.35 217.69 OK
r-patched-solaris-x86 0.3.1 349.00 OK
r-release-linux-x86_64 0.3.1 12.03 203.36 215.39 OK
r-release-macos-x86_64 0.3.1 OK
r-release-windows-ix86+x86_64 0.3.1 18.00 198.00 216.00 OK
r-oldrel-macos-x86_64 0.3.1 NOTE
r-oldrel-windows-ix86+x86_64 0.3.1 18.00 249.00 267.00 OK

Check Details

Version: 0.3.1
Check: package dependencies
Result: NOTE
    Package suggested but not available for checking: ‘BiocStyle’
Flavor: r-oldrel-macos-x86_64