CRAN Package Check Results for Package PlackettLuce

Last updated on 2020-09-25 23:50:27 CEST.

Flavor Version Tinstall Tcheck Ttotal Status Flags
r-devel-linux-x86_64-debian-clang 0.2-9 11.76 193.85 205.61 WARN
r-devel-linux-x86_64-debian-gcc 0.2-9 9.18 141.74 150.92 WARN
r-devel-linux-x86_64-fedora-clang 0.2-9 259.74 WARN
r-devel-linux-x86_64-fedora-gcc 0.2-9 258.27 WARN
r-devel-windows-ix86+x86_64 0.2-9 24.00 234.00 258.00 WARN
r-patched-linux-x86_64 0.2-9 12.87 187.46 200.33 WARN
r-patched-solaris-x86 0.2-9 345.40 NOTE
r-release-linux-x86_64 0.2-9 10.91 187.86 198.77 WARN
r-release-macos-x86_64 0.2-9 NOTE
r-release-windows-ix86+x86_64 0.2-9 21.00 279.00 300.00 OK
r-oldrel-macos-x86_64 0.2-9 NOTE
r-oldrel-windows-ix86+x86_64 0.2-9 21.00 227.00 248.00 WARN

Check Details

Version: 0.2-9
Check: package dependencies
Result: NOTE
    Package suggested but not available for checking: 'BradleyTerryScalable'
Flavors: r-devel-linux-x86_64-debian-clang, r-devel-linux-x86_64-debian-gcc, r-devel-linux-x86_64-fedora-clang, r-devel-linux-x86_64-fedora-gcc, r-patched-linux-x86_64, r-patched-solaris-x86, r-release-linux-x86_64, r-release-macos-x86_64

Version: 0.2-9
Check: re-building of vignette outputs
Result: WARN
    Error(s) in re-building vignettes:
     ...
    --- re-building 'Overview.Rmd' using rmarkdown
    Quitting from lines 44-52 (Overview.Rmd)
    Error: processing vignette 'Overview.Rmd' failed with diagnostics:
    argument is of length zero
    --- failed re-building 'Overview.Rmd'
    
    SUMMARY: processing the following file failed:
     'Overview.Rmd'
    
    Error: Vignette re-building failed.
    Execution halted
Flavors: r-devel-linux-x86_64-debian-clang, r-devel-linux-x86_64-debian-gcc, r-patched-linux-x86_64, r-release-linux-x86_64

Version: 0.2-9
Check: re-building of vignette outputs
Result: WARN
    Error(s) in re-building vignettes:
    --- re-building ‘Overview.Rmd’ using rmarkdown
    Quitting from lines 44-52 (Overview.Rmd)
    Error: processing vignette 'Overview.Rmd' failed with diagnostics:
    argument is of length zero
    --- failed re-building ‘Overview.Rmd’
    
    SUMMARY: processing the following file failed:
     ‘Overview.Rmd’
    
    Error: Vignette re-building failed.
    Execution halted
Flavors: r-devel-linux-x86_64-fedora-clang, r-devel-linux-x86_64-fedora-gcc, r-devel-windows-ix86+x86_64, r-oldrel-windows-ix86+x86_64

Version: 0.2-9
Check: package dependencies
Result: NOTE
    Package suggested but not available for checking: 'BradleyTerry2'
Flavor: r-devel-windows-ix86+x86_64

Version: 0.2-9
Check: package dependencies
Result: NOTE
    Package suggested but not available for checking: ‘BiocStyle’
Flavor: r-oldrel-macos-x86_64