CRAN Package Check Results for Package Plasmidprofiler

Last updated on 2019-10-18 18:47:59 CEST.

Flavor Version Tinstall Tcheck Ttotal Status Flags
r-devel-linux-x86_64-debian-clang 0.1.6 6.93 55.20 62.13 NOTE
r-devel-linux-x86_64-debian-gcc 0.1.6 5.59 47.13 52.72 NOTE
r-devel-linux-x86_64-fedora-clang 0.1.6 74.55 NOTE
r-devel-linux-x86_64-fedora-gcc 0.1.6 70.68 NOTE
r-devel-windows-ix86+x86_64 0.1.6 23.00 102.00 125.00 OK
r-patched-linux-x86_64 0.1.6 5.99 50.96 56.95 OK
r-patched-solaris-x86 0.1.6 107.70 OK
r-release-linux-x86_64 0.1.6 5.12 53.03 58.15 OK
r-release-windows-ix86+x86_64 0.1.6 13.00 67.00 80.00 OK
r-release-osx-x86_64 0.1.6 OK
r-oldrel-windows-ix86+x86_64 0.1.6 7.00 75.00 82.00 OK
r-oldrel-osx-x86_64 0.1.6 OK

Check Details

Version: 0.1.6
Check: for non-standard things in the check directory
Result: NOTE
    Found the following files/directories:
     'P2Run.csv' 'P2Run.html' 'P2Run.png'
Flavors: r-devel-linux-x86_64-debian-clang, r-devel-linux-x86_64-debian-gcc, r-devel-linux-x86_64-fedora-clang, r-devel-linux-x86_64-fedora-gcc