CRAN Package Check Results for Package Plasmidprofiler

Last updated on 2019-07-17 18:48:08 CEST.

Flavor Version Tinstall Tcheck Ttotal Status Flags
r-devel-linux-x86_64-debian-clang 0.1.6 6.31 53.87 60.18 NOTE
r-devel-linux-x86_64-debian-gcc 0.1.6 5.02 43.98 49.00 NOTE
r-devel-linux-x86_64-fedora-clang 0.1.6 69.46 NOTE
r-devel-linux-x86_64-fedora-gcc 0.1.6 66.49 NOTE
r-devel-windows-ix86+x86_64 0.1.6 24.00 69.00 93.00 OK
r-patched-linux-x86_64 0.1.6 6.17 53.36 59.53 OK
r-patched-solaris-x86 0.1.6 108.70 OK
r-release-linux-x86_64 0.1.6 6.01 53.13 59.14 OK
r-release-windows-ix86+x86_64 0.1.6 14.00 103.00 117.00 OK
r-release-osx-x86_64 0.1.6 OK
r-oldrel-windows-ix86+x86_64 0.1.6 10.00 91.00 101.00 OK
r-oldrel-osx-x86_64 0.1.6 OK

Check Details

Version: 0.1.6
Check: for non-standard things in the check directory
Result: NOTE
    Found the following files/directories:
     'P2Run.csv' 'P2Run.html' 'P2Run.png'
Flavors: r-devel-linux-x86_64-debian-clang, r-devel-linux-x86_64-debian-gcc, r-devel-linux-x86_64-fedora-clang, r-devel-linux-x86_64-fedora-gcc