CRAN Package Check Results for Package PlotRegionHighlighter

Last updated on 2018-08-14 11:49:16 CEST.

Flavor Version Tinstall Tcheck Ttotal Status Flags
r-devel-linux-x86_64-debian-clang 1.0 1.38 18.06 19.44 NOTE
r-devel-linux-x86_64-debian-gcc 1.0 0.99 14.91 15.90 NOTE
r-devel-linux-x86_64-fedora-clang 1.0 22.08 NOTE
r-devel-linux-x86_64-fedora-gcc 1.0 21.42 NOTE
r-devel-windows-ix86+x86_64 1.0 5.00 38.00 43.00 NOTE
r-patched-linux-x86_64 1.0 0.92 16.51 17.43 NOTE
r-patched-solaris-x86 1.0 34.40 NOTE
r-release-linux-x86_64 1.0 1.14 16.65 17.79 NOTE
r-release-windows-ix86+x86_64 1.0 4.00 26.00 30.00 NOTE
r-release-osx-x86_64 1.0 NOTE
r-oldrel-windows-ix86+x86_64 1.0 2.00 25.00 27.00 NOTE
r-oldrel-osx-x86_64 1.0 NOTE

Check Details

Version: 1.0
Check: DESCRIPTION meta-information
Result: NOTE
    Malformed Title field: should not end in a period.
Flavors: r-devel-linux-x86_64-debian-clang, r-devel-linux-x86_64-debian-gcc, r-devel-linux-x86_64-fedora-clang, r-devel-linux-x86_64-fedora-gcc, r-devel-windows-ix86+x86_64, r-patched-linux-x86_64, r-patched-solaris-x86, r-release-linux-x86_64, r-release-windows-ix86+x86_64, r-release-osx-x86_64, r-oldrel-windows-ix86+x86_64, r-oldrel-osx-x86_64

Version: 1.0
Check: R code for possible problems
Result: NOTE
    generateEnvelope: no visible global function definition for ‘tail’
    Undefined global functions or variables:
     tail
    Consider adding
     importFrom("utils", "tail")
    to your NAMESPACE file.
Flavors: r-devel-linux-x86_64-debian-clang, r-devel-linux-x86_64-debian-gcc, r-devel-linux-x86_64-fedora-clang, r-devel-linux-x86_64-fedora-gcc, r-devel-windows-ix86+x86_64, r-patched-linux-x86_64, r-patched-solaris-x86, r-release-linux-x86_64, r-release-windows-ix86+x86_64, r-release-osx-x86_64, r-oldrel-windows-ix86+x86_64, r-oldrel-osx-x86_64

Version: 1.0
Check: Rd line widths
Result: NOTE
    Rd file 'envelopeArea_and_Perimeter.Rd':
     \examples lines wider than 100 characters:
     cat("envelope area = ", envelopeStats["area"], " perimeter = ", envelopeStats["perimeter"],"\n")
     cat("circle area = ", pi * r^2, " = ", sum(pi * r^2), "\ncircle perimenter = ", 2 * pi * r, " = ", 2 * pi * sum(r), "\n")
    
    Rd file 'generateEnvelope.Rd':
     \examples lines wider than 100 characters:
     cat("envelope area = ", envelopeStats["area"], " perimeter = ", envelopeStats["perimeter"],"\n")
     cat("circle area = ", pi * r^2, " = ", sum(pi * r^2), "\ncircle perimenter = ", 2 * pi * r, " = ", 2 * pi * sum(r), "\n")
     grid.polygon(envelopeXY[,1], envelopeXY[,2], gp=gpar(fill="pink", col="transparent", lwd=5), default.units="npc")
    
    Rd file 'tangentLine.Rd':
     \examples lines wider than 100 characters:
     tangent <- tangentLine(centers[1,], centers[2,], r0, r[2], k=k) # compute coefficients for the tangent line, if NA, th ... [TRUNCATED]
     grid.abline(-tangent["c"] / tangent["b"], -tangent["a"] / tangent["b"], gp=gpar(col="blue", lwd=ii), units="npc ... [TRUNCATED]
    
    These lines will be truncated in the PDF manual.
Flavors: r-devel-linux-x86_64-debian-clang, r-devel-linux-x86_64-debian-gcc, r-devel-linux-x86_64-fedora-clang, r-devel-linux-x86_64-fedora-gcc, r-patched-linux-x86_64, r-release-linux-x86_64