CRAN Package Check Results for Package PointFore

Last updated on 2022-06-30 16:48:54 CEST.

Flavor Version Tinstall Tcheck Ttotal Status Flags
r-devel-linux-x86_64-debian-clang 0.2.0 6.62 135.90 142.52 OK
r-devel-linux-x86_64-debian-gcc 0.2.0 4.18 95.04 99.22 OK
r-devel-linux-x86_64-fedora-clang 0.2.0 173.26 NOTE
r-devel-linux-x86_64-fedora-gcc 0.2.0 170.70 NOTE
r-devel-windows-x86_64 0.2.0 19.00 155.00 174.00 OK
r-patched-linux-x86_64 0.2.0 6.42 127.36 133.78 OK
r-release-linux-x86_64 0.2.0 5.56 127.52 133.08 OK
r-release-macos-arm64 0.2.0 50.00 NOTE
r-release-macos-x86_64 0.2.0 81.00 NOTE
r-release-windows-x86_64 0.2.0 25.00 160.00 185.00 OK
r-oldrel-macos-arm64 0.2.0 72.00 NOTE
r-oldrel-macos-x86_64 0.2.0 69.00 NOTE
r-oldrel-windows-ix86+x86_64 0.2.0 17.00 169.00 186.00 OK

Check Details

Version: 0.2.0
Check: dependencies in R code
Result: NOTE
    Namespaces in Imports field not imported from:
     ‘car’ ‘lubridate’
     All declared Imports should be used.
Flavors: r-devel-linux-x86_64-fedora-clang, r-devel-linux-x86_64-fedora-gcc, r-release-macos-arm64, r-release-macos-x86_64, r-oldrel-macos-arm64, r-oldrel-macos-x86_64