CRAN Package Check Results for Package PoissonSeq

Last updated on 2017-10-22 14:46:39.

Flavor Version Tinstall Tcheck Ttotal Status Flags
r-devel-linux-x86_64-debian-clang 1.1.2 0.71 12.59 13.31 NOTE
r-devel-linux-x86_64-debian-gcc 1.1.2 0.61 13.28 13.89 NOTE
r-devel-linux-x86_64-fedora-clang 1.1.2 22.66 NOTE
r-devel-linux-x86_64-fedora-gcc 1.1.2 21.61 NOTE
r-devel-windows-ix86+x86_64 1.1.2 3.00 27.00 30.00 NOTE
r-patched-linux-x86_64 1.1.2 0.77 12.70 13.47 NOTE
r-patched-solaris-x86 1.1.2 29.90 NOTE
r-release-linux-x86_64 1.1.2 0.60 12.80 13.41 NOTE
r-release-windows-ix86+x86_64 1.1.2 3.00 29.00 32.00 NOTE
r-release-osx-x86_64 1.1.2 NOTE
r-oldrel-windows-ix86+x86_64 1.1.2 3.00 28.00 31.00 NOTE
r-oldrel-osx-x86_64 1.1.2 NOTE

Check Details

Version: 1.1.2
Check: top-level files
Result: NOTE
    File
     LICENSE
    is not mentioned in the DESCRIPTION file.
Flavors: r-devel-linux-x86_64-debian-clang, r-devel-linux-x86_64-debian-gcc, r-devel-linux-x86_64-fedora-clang, r-devel-linux-x86_64-fedora-gcc, r-devel-windows-ix86+x86_64, r-patched-linux-x86_64, r-patched-solaris-x86, r-release-linux-x86_64, r-release-windows-ix86+x86_64, r-release-osx-x86_64, r-oldrel-windows-ix86+x86_64, r-oldrel-osx-x86_64

Version: 1.1.2
Check: dependencies in R code
Result: NOTE
    Packages in Depends field not imported from:
     ‘combinat’ ‘splines’
     These packages need to be imported from (in the NAMESPACE file)
     for when this namespace is loaded but not attached.
Flavors: r-devel-linux-x86_64-debian-clang, r-devel-linux-x86_64-debian-gcc, r-devel-linux-x86_64-fedora-clang, r-devel-linux-x86_64-fedora-gcc, r-devel-windows-ix86+x86_64, r-patched-linux-x86_64, r-patched-solaris-x86, r-release-linux-x86_64, r-release-windows-ix86+x86_64, r-release-osx-x86_64, r-oldrel-windows-ix86+x86_64, r-oldrel-osx-x86_64

Version: 1.1.2
Check: R code for possible problems
Result: NOTE
    Est.Depth: no visible global function definition for ‘quantile’
    PS.FDR: no visible global function definition for ‘quantile’
    Permu.Ind: no visible global function definition for ‘permn’
    Permu.Ind: no visible global function definition for ‘hcube’
    Trans.Data: no visible global function definition for ‘write.table’
    Trans.Data: no visible global function definition for ‘predict’
    Trans.Data: no visible global function definition for ‘lm’
    Undefined global functions or variables:
     hcube lm permn predict quantile write.table
    Consider adding
     importFrom("stats", "lm", "predict", "quantile")
     importFrom("utils", "write.table")
    to your NAMESPACE file.
Flavors: r-devel-linux-x86_64-debian-clang, r-devel-linux-x86_64-debian-gcc, r-devel-linux-x86_64-fedora-clang, r-devel-linux-x86_64-fedora-gcc, r-devel-windows-ix86+x86_64, r-patched-linux-x86_64, r-patched-solaris-x86, r-release-linux-x86_64, r-release-windows-ix86+x86_64, r-release-osx-x86_64, r-oldrel-windows-ix86+x86_64, r-oldrel-osx-x86_64