CRAN Package Check Results for Package PolynomF

Last updated on 2015-01-28 01:48:11.

Flavor Version Tinstall Tcheck Ttotal Status Flags
r-devel-linux-x86_64-debian-clang 0.94 0.92 10.84 11.77 NOTE
r-devel-linux-x86_64-debian-gcc 0.94 0.86 10.74 11.60 NOTE
r-devel-linux-x86_64-fedora-clang 0.94 25.36 NOTE
r-devel-linux-x86_64-fedora-gcc 0.94 24.04 NOTE
r-devel-osx-x86_64-clang 0.94 28.95 NOTE
r-devel-windows-ix86+x86_64 0.94 6.00 21.00 27.00 NOTE
r-patched-linux-x86_64 0.94 2.92 11.73 14.65 OK
r-patched-solaris-sparc 0.94 146.30 OK
r-patched-solaris-x86 0.94 35.40 OK
r-release-linux-ix86 0.94 1.31 16.90 18.21 OK
r-release-linux-x86_64 0.94 0.98 11.23 12.21 OK
r-release-osx-x86_64-mavericks 0.94 OK
r-release-windows-ix86+x86_64 0.94 4.00 22.00 26.00 OK
r-oldrel-windows-ix86+x86_64 0.94 4.00 22.00 26.00 OK

Check Details

Version: 0.94
Check: dependencies in R code
Result: NOTE
    'library' or 'require' call to ‘stats’ in package code.
     Please use :: or requireNamespace() instead.
     See section 'Suggested packages' in the 'Writing R Extensions' manual.
Flavors: r-devel-linux-x86_64-debian-clang, r-devel-linux-x86_64-debian-gcc, r-devel-linux-x86_64-fedora-clang, r-devel-linux-x86_64-fedora-gcc, r-devel-osx-x86_64-clang, r-devel-windows-ix86+x86_64