CRAN Package Check Results for Package PolynomF

Last updated on 2015-05-28 23:47:53.

Flavor Version Tinstall Tcheck Ttotal Status Flags
r-devel-linux-x86_64-debian-clang 0.94 0.90 10.94 11.84 NOTE
r-devel-linux-x86_64-debian-gcc 0.94 0.92 10.56 11.48 NOTE
r-devel-linux-x86_64-fedora-clang 0.94 24.72 NOTE
r-devel-linux-x86_64-fedora-gcc 0.94 21.33 NOTE
r-devel-osx-x86_64-clang 0.94 27.27 NOTE
r-devel-windows-ix86+x86_64 0.94 6.00 23.00 29.00 NOTE
r-patched-linux-x86_64 0.94 1.05 10.77 11.82 NOTE
r-patched-solaris-sparc 0.94 132.20 NOTE
r-patched-solaris-x86 0.94 31.80 NOTE
r-release-linux-x86_64 0.94 0.84 11.45 12.29 NOTE
r-release-osx-x86_64-mavericks 0.94 NOTE
r-release-osx-x86_64-snowleopard 0.94 NOTE
r-release-windows-ix86+x86_64 0.94 3.00 24.00 27.00 NOTE
r-oldrel-windows-ix86+x86_64 0.94 8.00 23.00 31.00 NOTE

Check Details

Version: 0.94
Check: DESCRIPTION meta-information
Result: NOTE
    Malformed Description field: should contain one or more complete sentences.
Flavors: r-devel-linux-x86_64-debian-clang, r-devel-linux-x86_64-debian-gcc, r-devel-linux-x86_64-fedora-clang, r-devel-linux-x86_64-fedora-gcc, r-devel-osx-x86_64-clang, r-devel-windows-ix86+x86_64, r-patched-linux-x86_64, r-patched-solaris-sparc, r-patched-solaris-x86, r-release-linux-x86_64, r-release-osx-x86_64-mavericks, r-release-osx-x86_64-snowleopard, r-release-windows-ix86+x86_64

Version: 0.94
Check: dependencies in R code
Result: NOTE
    'library' or 'require' call to ‘stats’ in package code.
     Please use :: or requireNamespace() instead.
     See section 'Suggested packages' in the 'Writing R Extensions' manual.
Flavors: r-devel-linux-x86_64-debian-clang, r-devel-linux-x86_64-debian-gcc, r-devel-linux-x86_64-fedora-clang, r-devel-linux-x86_64-fedora-gcc, r-devel-osx-x86_64-clang, r-devel-windows-ix86+x86_64, r-patched-linux-x86_64, r-patched-solaris-sparc, r-patched-solaris-x86, r-release-linux-x86_64, r-release-osx-x86_64-mavericks, r-release-osx-x86_64-snowleopard, r-release-windows-ix86+x86_64, r-oldrel-windows-ix86+x86_64