CRAN Package Check Results for Package PolynomF

Last updated on 2016-05-24 13:47:20.

Flavor Version Tinstall Tcheck Ttotal Status Flags
r-devel-linux-x86_64-debian-gcc 0.94 0.84 11.29 12.13 NOTE
r-devel-linux-x86_64-fedora-clang 0.94 20.08 NOTE
r-devel-linux-x86_64-fedora-gcc 0.94 18.67 NOTE
r-devel-osx-x86_64-clang 0.94 24.82 NOTE
r-devel-windows-ix86+x86_64 0.94 5.00 40.00 45.00 NOTE
r-patched-linux-x86_64 0.94 0.86 10.95 11.81 NOTE
r-patched-solaris-sparc 0.94 128.50 NOTE
r-patched-solaris-x86 0.94 29.30 NOTE
r-release-linux-x86_64 0.94 0.97 10.96 11.93 NOTE
r-release-osx-x86_64-mavericks 0.94 NOTE
r-release-windows-ix86+x86_64 0.94 5.00 40.00 45.00 NOTE
r-oldrel-windows-ix86+x86_64 0.94 5.00 21.00 26.00 NOTE

Check Details

Version: 0.94
Check: DESCRIPTION meta-information
Result: NOTE
    Malformed Description field: should contain one or more complete sentences.
Flavors: r-devel-linux-x86_64-debian-gcc, r-devel-linux-x86_64-fedora-clang, r-devel-linux-x86_64-fedora-gcc, r-devel-osx-x86_64-clang, r-devel-windows-ix86+x86_64, r-patched-linux-x86_64, r-patched-solaris-sparc, r-patched-solaris-x86, r-release-linux-x86_64, r-release-osx-x86_64-mavericks, r-release-windows-ix86+x86_64, r-oldrel-windows-ix86+x86_64

Version: 0.94
Check: dependencies in R code
Result: NOTE
    'library' or 'require' call to ‘stats’ in package code.
     Please use :: or requireNamespace() instead.
     See section 'Suggested packages' in the 'Writing R Extensions' manual.
Flavors: r-devel-linux-x86_64-debian-gcc, r-devel-linux-x86_64-fedora-clang, r-devel-linux-x86_64-fedora-gcc, r-devel-osx-x86_64-clang, r-devel-windows-ix86+x86_64, r-patched-linux-x86_64, r-patched-solaris-sparc, r-patched-solaris-x86, r-release-linux-x86_64, r-release-osx-x86_64-mavericks, r-release-windows-ix86+x86_64, r-oldrel-windows-ix86+x86_64

Version: 0.94
Check: R code for possible problems
Result: NOTE
    .degree: no visible global function definition for ‘coef’
    .effectively_zero: no visible global function definition for ‘coef’
    .monic: no visible global function definition for ‘coef’
    Math.polynom: no visible global function definition for ‘coef’
    Ops.polynom: no visible global function definition for ‘coef’
    as.character.polynom: no visible global function definition for ‘coef’
    as.function.polynom: no visible global function definition for ‘coef’
    deriv.polynom: no visible global function definition for ‘coef’
    integral.polynom: no visible global function definition for ‘coef’
    poly.calc: no visible global function definition for ‘coef’
    poly.from.values: no visible global function definition for ‘coef’
    print.polynom: no visible global function definition for ‘coef’
    solve.polynom: no visible global function definition for ‘coef’
    Undefined global functions or variables:
     coef
    Consider adding
     importFrom("stats", "coef")
    to your NAMESPACE file.
Flavors: r-devel-linux-x86_64-debian-gcc, r-devel-linux-x86_64-fedora-clang, r-devel-linux-x86_64-fedora-gcc, r-devel-osx-x86_64-clang, r-devel-windows-ix86+x86_64, r-patched-linux-x86_64, r-patched-solaris-sparc, r-patched-solaris-x86, r-release-linux-x86_64, r-release-osx-x86_64-mavericks, r-release-windows-ix86+x86_64