CRAN Package Check Results for Package PolynomF

Last updated on 2017-07-25 03:49:34.

Flavor Version Tinstall Tcheck Ttotal Status Flags
r-devel-linux-x86_64-debian-clang 0.94 1.26 20.00 21.26 NOTE
r-devel-linux-x86_64-debian-gcc 0.94 0.90 20.49 21.39 NOTE
r-devel-linux-x86_64-fedora-clang 0.94 24.50 NOTE
r-devel-linux-x86_64-fedora-gcc 0.94 23.79 NOTE
r-devel-windows-ix86+x86_64 0.94 10.00 40.00 50.00 NOTE
r-patched-linux-x86_64 0.94 0.94 20.57 21.51 NOTE
r-patched-solaris-x86 0.94 32.10 NOTE
r-release-linux-x86_64 0.94 0.92 20.48 21.40 NOTE
r-release-windows-ix86+x86_64 0.94 5.00 30.00 35.00 NOTE
r-release-osx-x86_64 0.94 NOTE
r-oldrel-windows-ix86+x86_64 0.94 6.00 29.00 35.00 NOTE
r-oldrel-osx-x86_64 0.94 NOTE

Check Details

Version: 0.94
Check: DESCRIPTION meta-information
Result: NOTE
    Malformed Description field: should contain one or more complete sentences.
Flavors: r-devel-linux-x86_64-debian-clang, r-devel-linux-x86_64-debian-gcc, r-devel-linux-x86_64-fedora-clang, r-devel-linux-x86_64-fedora-gcc, r-devel-windows-ix86+x86_64, r-patched-linux-x86_64, r-patched-solaris-x86, r-release-linux-x86_64, r-release-windows-ix86+x86_64, r-release-osx-x86_64, r-oldrel-windows-ix86+x86_64, r-oldrel-osx-x86_64

Version: 0.94
Check: dependencies in R code
Result: NOTE
    'library' or 'require' call to ‘stats’ in package code.
     Please use :: or requireNamespace() instead.
     See section 'Suggested packages' in the 'Writing R Extensions' manual.
Flavors: r-devel-linux-x86_64-debian-clang, r-devel-linux-x86_64-debian-gcc, r-devel-linux-x86_64-fedora-clang, r-devel-linux-x86_64-fedora-gcc, r-devel-windows-ix86+x86_64, r-patched-linux-x86_64, r-patched-solaris-x86, r-release-linux-x86_64, r-release-windows-ix86+x86_64, r-release-osx-x86_64, r-oldrel-windows-ix86+x86_64, r-oldrel-osx-x86_64

Version: 0.94
Check: R code for possible problems
Result: NOTE
    .degree: no visible global function definition for ‘coef’
    .effectively_zero: no visible global function definition for ‘coef’
    .monic: no visible global function definition for ‘coef’
    Math.polynom: no visible global function definition for ‘coef’
    Ops.polynom: no visible global function definition for ‘coef’
    as.character.polynom: no visible global function definition for ‘coef’
    as.function.polynom: no visible global function definition for ‘coef’
    deriv.polynom: no visible global function definition for ‘coef’
    integral.polynom: no visible global function definition for ‘coef’
    poly.calc: no visible global function definition for ‘coef’
    poly.from.values: no visible global function definition for ‘coef’
    print.polynom: no visible global function definition for ‘coef’
    solve.polynom: no visible global function definition for ‘coef’
    Undefined global functions or variables:
     coef
    Consider adding
     importFrom("stats", "coef")
    to your NAMESPACE file.
Flavors: r-devel-linux-x86_64-debian-clang, r-devel-linux-x86_64-debian-gcc, r-devel-linux-x86_64-fedora-clang, r-devel-linux-x86_64-fedora-gcc, r-devel-windows-ix86+x86_64, r-patched-linux-x86_64, r-patched-solaris-x86, r-release-linux-x86_64, r-release-windows-ix86+x86_64, r-release-osx-x86_64, r-oldrel-windows-ix86+x86_64, r-oldrel-osx-x86_64

Version: 0.94
Check: compiled code
Result: NOTE
    File ‘PolynomF/libs/PolynomF.so’:
     Found no calls to: ‘R_registerRoutines’, ‘R_useDynamicSymbols’
    
    It is good practice to register native routines and to disable symbol
    search.
    
    See ‘Writing portable packages’ in the ‘Writing R Extensions’ manual.
Flavors: r-devel-linux-x86_64-debian-clang, r-devel-linux-x86_64-debian-gcc, r-devel-linux-x86_64-fedora-clang, r-devel-linux-x86_64-fedora-gcc, r-patched-linux-x86_64, r-release-linux-x86_64