CRAN Package Check Results for Package PopGenReport

Last updated on 2014-09-02 23:47:38.

Flavor Version Tinstall Tcheck Ttotal Status Flags
r-devel-linux-x86_64-debian-clang 2.0 10.60 184.44 195.04 OK
r-devel-linux-x86_64-debian-gcc 2.0 10.30 179.92 190.22 OK
r-devel-linux-x86_64-fedora-clang 2.0 484.12 OK
r-devel-linux-x86_64-fedora-gcc 2.0 453.46 OK
r-devel-osx-x86_64-clang 2.0 342.37 OK
r-devel-windows-ix86+x86_64 2.0 26.00 282.00 308.00 OK
r-patched-linux-x86_64 2.0 10.54 190.85 201.39 OK
r-patched-solaris-sparc 2.0 1648.00 OK --no-vignettes
r-patched-solaris-x86 2.0 585.50 OK
r-release-linux-ix86 2.0 12.56 248.75 261.31 OK
r-release-linux-x86_64 2.0 10.96 200.61 211.57 OK
r-release-osx-x86_64-mavericks 2.0 ERROR
r-release-osx-x86_64-snowleopard 2.0 OK
r-release-windows-ix86+x86_64 2.0 27.00 304.00 331.00 OK
r-oldrel-windows-ix86+x86_64 2.0 26.00 298.00 324.00 OK

Check Details

Version: 2.0
Check: package dependencies
Result: ERROR
    Package required but not available: ‘rgdal’
    
    See the information on DESCRIPTION files in the chapter ‘Creating R
    packages’ of the ‘Writing R Extensions’ manual.
Flavor: r-release-osx-x86_64-mavericks