CRAN Package Check Results for Package PopGenReport

Last updated on 2014-10-01 03:48:17.

Flavor Version Tinstall Tcheck Ttotal Status Flags
r-devel-linux-x86_64-debian-clang 2.0 10.12 186.79 196.91 OK
r-devel-linux-x86_64-debian-gcc 2.0 12.82 186.66 199.48 OK
r-devel-linux-x86_64-fedora-clang 2.0 471.13 OK
r-devel-linux-x86_64-fedora-gcc 2.0 471.14 OK
r-devel-osx-x86_64-clang 2.0 337.82 OK
r-devel-windows-ix86+x86_64 2.0 31.00 271.00 302.00 OK
r-patched-linux-x86_64 2.0 10.48 192.14 202.62 OK
r-patched-solaris-sparc 2.0 1648.00 OK --no-vignettes
r-patched-solaris-x86 2.0 586.70 OK
r-release-linux-ix86 2.0 12.75 251.36 264.11 OK
r-release-linux-x86_64 2.0 11.46 195.86 207.32 OK
r-release-osx-x86_64-mavericks 2.0 ERROR
r-release-osx-x86_64-snowleopard 2.0 OK
r-release-windows-ix86+x86_64 2.0 31.00 294.00 325.00 OK
r-oldrel-windows-ix86+x86_64 2.0 35.00 280.00 315.00 OK

Check Details

Version: 2.0
Check: package dependencies
Result: ERROR
    Package required but not available: ‘rgdal’
    
    See the information on DESCRIPTION files in the chapter ‘Creating R
    packages’ of the ‘Writing R Extensions’ manual.
Flavor: r-release-osx-x86_64-mavericks