CRAN Package Check Results for Package PopGenReport

Last updated on 2014-07-23 17:49:02.

Flavor Version Tinstall Tcheck Ttotal Status Flags
r-devel-linux-x86_64-debian-clang 2.0 10.80 190.40 201.20 OK
r-devel-linux-x86_64-debian-gcc 2.0 11.52 184.97 196.49 OK
r-devel-linux-x86_64-fedora-clang 2.0 490.50 OK
r-devel-linux-x86_64-fedora-gcc 2.0 466.69 OK
r-devel-osx-x86_64-clang 2.0 354.05 OK
r-devel-windows-ix86+x86_64 2.0 28.00 298.00 326.00 OK
r-patched-linux-x86_64 2.0 10.41 186.63 197.04 OK
r-patched-solaris-sparc 2.0 626.80 OK --no-vignettes
r-patched-solaris-x86 2.0 579.00 OK
r-release-linux-ix86 2.0 12.65 246.19 258.84 OK
r-release-linux-x86_64 2.0 10.69 189.71 200.40 OK
r-release-osx-x86_64-mavericks 2.0 ERROR
r-release-osx-x86_64-snowleopard 2.0 OK
r-release-windows-ix86+x86_64 2.0 30.00 300.00 330.00 OK
r-oldrel-windows-ix86+x86_64 2.0 32.00 270.00 302.00 OK

Check Details

Version: 2.0
Check: package dependencies
Result: ERROR
    Package required but not available: ‘rgdal’
    
    See the information on DESCRIPTION files in the chapter ‘Creating R
    packages’ of the ‘Writing R Extensions’ manual.
Flavor: r-release-osx-x86_64-mavericks