CRAN Package Check Results for Package PopGenReport

Last updated on 2020-06-07 05:47:46 CEST.

Flavor Version Tinstall Tcheck Ttotal Status Flags
r-devel-linux-x86_64-debian-clang 3.0.4 24.33 231.00 255.33 OK
r-devel-linux-x86_64-debian-gcc 3.0.4 22.69 176.00 198.69 OK
r-devel-linux-x86_64-fedora-clang 3.0.4 316.05 NOTE
r-devel-linux-x86_64-fedora-gcc 3.0.4 321.81 OK
r-devel-windows-ix86+x86_64 3.0.4 91.00 308.00 399.00 OK
r-patched-linux-x86_64 3.0.4 25.36 228.32 253.68 OK
r-patched-solaris-x86 3.0.4 475.00 OK
r-release-linux-x86_64 3.0.4 22.15 228.53 250.68 OK
r-release-osx-x86_64 3.0.4 OK
r-release-windows-ix86+x86_64 3.0.4 82.00 308.00 390.00 OK
r-oldrel-osx-x86_64 3.0.4 OK
r-oldrel-windows-ix86+x86_64 3.0.4 64.00 301.00 365.00 OK

Check Details

Version: 3.0.4
Check: package dependencies
Result: NOTE
    Imports includes 21 non-default packages.
    Importing from so many packages makes the package vulnerable to any of
    them becoming unavailable. Move as many as possible to Suggests and
    use conditionally.
Flavor: r-devel-linux-x86_64-fedora-clang