CRAN Package Check Results for Package PopGenReport

Last updated on 2015-03-31 19:51:12.

Flavor Version Tinstall Tcheck Ttotal Status Flags
r-devel-linux-x86_64-debian-clang 2.1 7.44 149.87 157.31 NOTE
r-devel-linux-x86_64-debian-gcc 2.1 7.35 146.68 154.03 NOTE
r-devel-linux-x86_64-fedora-clang 2.1 330.30 NOTE
r-devel-linux-x86_64-fedora-gcc 2.1 311.07 NOTE
r-devel-osx-x86_64-clang 2.1 298.01 NOTE
r-prerel-windows-ix86+x86_64 2.1 19.00 227.00 246.00 NOTE
r-prerel-linux-x86_64 2.1 7.18 149.57 156.74 NOTE
r-prerel-solaris-sparc 2.1 1164.50 NOTE --no-vignettes
r-prerel-solaris-x86 2.1 409.90 NOTE
r-release-linux-x86_64 2.1 12.91 199.79 212.70 OK
r-release-osx-x86_64-mavericks 2.1 ERROR
r-release-osx-x86_64-snowleopard 2.1 OK
r-release-windows-ix86+x86_64 2.1 42.00 329.00 371.00 OK
r-oldrel-windows-ix86+x86_64 2.1 38.00 291.00 329.00 OK

Check Details

Version: 2.1
Check: DESCRIPTION meta-information
Result: NOTE
    Malformed Description field: should contain one or more complete sentences.
Flavors: r-devel-linux-x86_64-debian-clang, r-devel-linux-x86_64-debian-gcc, r-devel-linux-x86_64-fedora-clang, r-devel-linux-x86_64-fedora-gcc, r-devel-osx-x86_64-clang, r-prerel-windows-ix86+x86_64, r-prerel-linux-x86_64, r-prerel-solaris-x86

Version: 2.1
Flags: --no-vignettes
Check: DESCRIPTION meta-information
Result: NOTE
    Malformed Description field: should contain one or more complete sentences.
Flavor: r-prerel-solaris-sparc

Version: 2.1
Check: package dependencies
Result: ERROR
    Package required but not available: ‘rgdal’
    
    See section ‘The DESCRIPTION file’ in the ‘Writing R Extensions’
    manual.
Flavor: r-release-osx-x86_64-mavericks