CRAN Package Check Results for Package PopGenReport

Last updated on 2015-02-26 23:47:52.

Flavor Version Tinstall Tcheck Ttotal Status Flags
r-devel-linux-x86_64-debian-clang 2.1 7.58 150.88 158.46 NOTE
r-devel-linux-x86_64-debian-gcc 2.1 7.09 145.02 152.12 NOTE
r-devel-linux-x86_64-fedora-clang 2.1 331.15 NOTE
r-devel-linux-x86_64-fedora-gcc 2.1 297.70 NOTE
r-devel-osx-x86_64-clang 2.1 287.06 NOTE
r-devel-windows-ix86+x86_64 2.1 29.00 224.00 253.00 NOTE
r-patched-linux-x86_64 2.1 13.18 198.56 211.73 OK
r-patched-solaris-sparc 2.1 1708.50 OK --no-vignettes
r-patched-solaris-x86 2.1 591.60 OK
r-release-linux-ix86 2.1 12.55 233.67 246.22 OK
r-release-linux-x86_64 2.1 14.28 199.92 214.21 OK
r-release-osx-x86_64-mavericks 2.1 ERROR
r-release-osx-x86_64-snowleopard 2.1 OK
r-release-windows-ix86+x86_64 2.1 41.00 331.00 372.00 OK
r-oldrel-windows-ix86+x86_64 2.1 39.00 310.00 349.00 OK

Check Details

Version: 2.1
Check: DESCRIPTION meta-information
Result: NOTE
    Malformed Description field: should contain one or more complete sentences.
Flavors: r-devel-linux-x86_64-debian-clang, r-devel-linux-x86_64-debian-gcc, r-devel-linux-x86_64-fedora-clang, r-devel-linux-x86_64-fedora-gcc, r-devel-osx-x86_64-clang, r-devel-windows-ix86+x86_64

Version: 2.1
Check: package dependencies
Result: ERROR
    Package required but not available: ‘rgdal’
    
    See section ‘The DESCRIPTION file’ in the ‘Writing R Extensions’
    manual.
Flavor: r-release-osx-x86_64-mavericks