CRAN Package Check Results for Package PopGenReport

Last updated on 2014-12-20 21:46:57.

Flavor Version Tinstall Tcheck Ttotal Status Flags
r-devel-linux-x86_64-debian-clang 2.1 11.22 199.79 211.01 OK
r-devel-linux-x86_64-debian-gcc 2.1 10.56 192.98 203.54 OK
r-devel-linux-x86_64-fedora-clang 2.1 475.39 OK
r-devel-linux-x86_64-fedora-gcc 2.1 437.73 OK
r-devel-osx-x86_64-clang 2.1 403.25 OK
r-devel-windows-ix86+x86_64 2.1 31.00 271.00 302.00 OK
r-patched-linux-x86_64 2.1 11.65 209.57 221.22 OK
r-patched-solaris-sparc 2.1 1511.40 OK --no-vignettes
r-patched-solaris-x86 2.1 669.60 OK
r-release-linux-ix86 2.1 13.32 260.09 273.41 OK
r-release-linux-x86_64 2.1 12.06 207.87 219.93 OK
r-release-osx-x86_64-mavericks 2.1 ERROR
r-release-osx-x86_64-snowleopard 2.1 OK
r-release-windows-ix86+x86_64 2.1 35.00 317.00 352.00 OK
r-oldrel-windows-ix86+x86_64 2.1 33.00 296.00 329.00 OK

Check Details

Version: 2.1
Check: package dependencies
Result: ERROR
    Package required but not available: ‘rgdal’
    
    See the information on DESCRIPTION files in the chapter ‘Creating R
    packages’ of the ‘Writing R Extensions’ manual.
Flavor: r-release-osx-x86_64-mavericks