CRAN Package Check Results for Package PopGenReport

Last updated on 2015-01-29 16:48:33.

Flavor Version Tinstall Tcheck Ttotal Status Flags
r-devel-linux-x86_64-debian-clang 2.1 9.22 164.68 173.91 OK
r-devel-linux-x86_64-debian-gcc 2.1 10.78 162.85 173.63 OK
r-devel-linux-x86_64-fedora-clang 2.1 410.09 OK
r-devel-linux-x86_64-fedora-gcc 2.1 405.83 OK
r-devel-osx-x86_64-clang 2.1 369.68 OK
r-devel-windows-ix86+x86_64 2.1 30.00 231.00 261.00 OK
r-patched-linux-x86_64 2.1 11.12 195.89 207.02 OK
r-patched-solaris-sparc 2.1 1765.90 OK --no-vignettes
r-patched-solaris-x86 2.1 577.10 OK
r-release-linux-ix86 2.1 12.71 268.56 281.28 OK
r-release-linux-x86_64 2.1 13.50 199.50 213.00 OK
r-release-osx-x86_64-mavericks 2.1 ERROR
r-release-osx-x86_64-snowleopard 2.1 OK
r-release-windows-ix86+x86_64 2.1 36.00 316.00 352.00 OK
r-oldrel-windows-ix86+x86_64 2.1 32.00 291.00 323.00 OK

Check Details

Version: 2.1
Check: package dependencies
Result: ERROR
    Package required but not available: ‘rgdal’
    
    See the information on DESCRIPTION files in the chapter ‘Creating R
    packages’ of the ‘Writing R Extensions’ manual.
Flavor: r-release-osx-x86_64-mavericks