CRAN Package Check Results for Package PopGenReport

Last updated on 2014-11-27 20:47:02.

Flavor Version Tinstall Tcheck Ttotal Status Flags
r-devel-linux-x86_64-debian-clang 2.1 10.84 200.51 211.35 OK
r-devel-linux-x86_64-debian-gcc 2.1 11.31 191.17 202.48 OK
r-devel-linux-x86_64-fedora-clang 2.1 482.10 OK
r-devel-linux-x86_64-fedora-gcc 2.1 480.44 OK
r-devel-osx-x86_64-clang 2.1 395.60 OK
r-devel-windows-ix86+x86_64 2.1 31.00 274.00 305.00 OK
r-patched-linux-x86_64 2.1 11.38 209.69 221.07 OK
r-patched-solaris-sparc 2.1 1511.40 OK --no-vignettes
r-patched-solaris-x86 2.1 651.40 OK
r-release-linux-ix86 2.1 13.24 260.58 273.83 OK
r-release-linux-x86_64 2.1 11.46 202.11 213.57 OK
r-release-osx-x86_64-mavericks 2.1 ERROR
r-release-osx-x86_64-snowleopard 2.1 OK
r-release-windows-ix86+x86_64 2.1 29.00 314.00 343.00 OK
r-oldrel-windows-ix86+x86_64 2.1 29.00 287.00 316.00 OK

Check Details

Version: 2.1
Check: package dependencies
Result: ERROR
    Package required but not available: ‘rgdal’
    
    See the information on DESCRIPTION files in the chapter ‘Creating R
    packages’ of the ‘Writing R Extensions’ manual.
Flavor: r-release-osx-x86_64-mavericks