CRAN Package Check Results for Package PopGenReport

Last updated on 2014-04-24 17:49:50.

Flavor Version Tinstall Tcheck Ttotal Status Flags
r-devel-linux-x86_64-debian-clang 1.8 11.54 194.54 206.08 OK
r-devel-linux-x86_64-debian-gcc 1.8 11.41 193.99 205.40 OK
r-devel-linux-x86_64-fedora-clang 1.8 485.69 OK
r-devel-linux-x86_64-fedora-gcc 1.8 464.73 OK
r-devel-osx-x86_64-clang 1.8 384.44 OK
r-devel-osx-x86_64-gcc 1.8 ERROR
r-devel-windows-ix86+x86_64 1.8 24.00 270.00 294.00 OK
r-patched-linux-x86_64 1.8 10.80 201.82 212.62 OK
r-patched-solaris-sparc 1.8 1582.50 OK --no-vignettes
r-patched-solaris-x86 1.8 586.10 OK
r-release-linux-ix86 1.8 17.00 299.00 316.00 OK
r-release-linux-x86_64 1.8 10.87 194.89 205.76 OK
r-release-osx-x86_64-mavericks 1.8 ERROR
r-release-osx-x86_64-snowleopard 1.8 OK
r-release-windows-ix86+x86_64 1.8 26.00 278.00 304.00 OK
r-oldrel-windows-ix86+x86_64 1.8 27.00 264.00 291.00 OK

Check Details

Version: 1.8
Check: package dependencies
Result: ERROR
    Packages required but not available:
     ‘adegenet’ ‘mmod’ ‘knitr’ ‘dismo’ ‘ggplot2’ ‘pegas’ ‘gdistance’
     ‘vegan’ ‘raster’
    
    Files named as vignettes but with no recognized vignette engine:
     ‘inst/doc/PopGenReportIntroduction.rnw’
    (Is a VignetteBuilder field missing?)
    
    See the information on DESCRIPTION files in the chapter ‘Creating R
    packages’ of the ‘Writing R Extensions’ manual.
Flavor: r-devel-osx-x86_64-gcc

Version: 1.8
Check: package dependencies
Result: ERROR
    Package required but not available: ‘rgdal’
    
    See the information on DESCRIPTION files in the chapter ‘Creating R
    packages’ of the ‘Writing R Extensions’ manual.
Flavor: r-release-osx-x86_64-mavericks