CRAN Package Check Results for Package PopGenReport

Last updated on 2015-04-25 19:47:24.

Flavor Version Tinstall Tcheck Ttotal Status Flags
r-devel-linux-x86_64-debian-clang 2.1 7.53 118.87 126.40 NOTE
r-devel-linux-x86_64-debian-gcc 2.1 7.27 114.48 121.74 NOTE
r-devel-linux-x86_64-fedora-clang 2.1 264.49 NOTE
r-devel-linux-x86_64-fedora-gcc 2.1 259.94 NOTE
r-devel-osx-x86_64-clang 2.1 199.82 NOTE
r-devel-windows-ix86+x86_64 2.1 20.00 185.00 205.00 NOTE
r-patched-linux-x86_64 2.1 8.64 119.65 128.29 NOTE
r-patched-solaris-sparc 2.1 1164.50 NOTE --no-vignettes
r-patched-solaris-x86 2.1 414.00 NOTE
r-release-linux-x86_64 2.1 7.26 118.28 125.54 NOTE
r-release-osx-x86_64-mavericks 2.1 ERROR
r-release-osx-x86_64-snowleopard 2.1 ERROR
r-release-windows-ix86+x86_64 2.1 20.00 185.00 205.00 NOTE
r-oldrel-windows-ix86+x86_64 2.1 35.00 282.00 317.00 OK

Check Details

Version: 2.1
Check: DESCRIPTION meta-information
Result: NOTE
    Malformed Description field: should contain one or more complete sentences.
Flavors: r-devel-windows-ix86+x86_64, r-release-windows-ix86+x86_64

Version: 2.1
Check: re-building of vignette outputs
Result: NOTE
    Error in re-building vignettes:
     ...
    Loading required package: xtable
    Loading required package: adegenet
    Loading required package: ade4
     ==========================
     adegenet 1.4-2 is loaded
     ==========================
    
     - to start, type '?adegenet'
     - to browse adegenet website, type 'adegenetWeb()'
     - to post questions/comments: adegenet-forum@lists.r-forge.r-project.org
    
    
    Loading required package: PopGenReport
    Loading required package: knitr
    Loading required package: raster
    Loading required package: sp
    Quitting from lines 335-350 (PopGenReportIntroduction.rnw)
    Error: processing vignette 'PopGenReportIntroduction.rnw' failed with diagnostics:
    missing value where TRUE/FALSE needed
    Execution halted
Flavor: r-devel-windows-ix86+x86_64