CRAN Package Check Results for Package PopGenReport

Last updated on 2015-05-27 11:49:30.

Flavor Version Tinstall Tcheck Ttotal Status Flags
r-devel-linux-x86_64-debian-clang 2.1 7.68 119.49 127.18 NOTE
r-devel-linux-x86_64-debian-gcc 2.1 8.00 116.43 124.44 NOTE
r-devel-linux-x86_64-fedora-clang 2.1 258.04 NOTE
r-devel-linux-x86_64-fedora-gcc 2.1 251.92 NOTE
r-devel-osx-x86_64-clang 2.1 203.64 NOTE
r-devel-windows-ix86+x86_64 2.1 23.00 187.00 210.00 NOTE
r-patched-linux-x86_64 2.1 7.26 116.52 123.78 NOTE
r-patched-solaris-sparc 2.1 1157.40 NOTE --no-vignettes
r-patched-solaris-x86 2.1 359.30 NOTE
r-release-linux-x86_64 2.1 8.08 119.82 127.90 NOTE
r-release-osx-x86_64-mavericks 2.1 NOTE
r-release-osx-x86_64-snowleopard 2.1 ERROR
r-release-windows-ix86+x86_64 2.1 21.00 188.00 209.00 NOTE
r-oldrel-windows-ix86+x86_64 2.1 39.00 268.00 307.00 OK

Check Details

Version: 2.1
Check: DESCRIPTION meta-information
Result: NOTE
    Malformed Description field: should contain one or more complete sentences.
Flavors: r-devel-linux-x86_64-debian-clang, r-devel-linux-x86_64-debian-gcc, r-devel-linux-x86_64-fedora-clang, r-devel-linux-x86_64-fedora-gcc, r-devel-osx-x86_64-clang, r-devel-windows-ix86+x86_64, r-patched-linux-x86_64, r-patched-solaris-x86, r-release-linux-x86_64, r-release-osx-x86_64-mavericks, r-release-windows-ix86+x86_64

Version: 2.1
Check: re-building of vignette outputs
Result: NOTE
    Error in re-building vignettes:
     ...
    Loading required package: xtable
    Loading required package: adegenet
    Loading required package: ade4
     ==========================
     adegenet 1.4-2 is loaded
     ==========================
    
     - to start, type '?adegenet'
     - to browse adegenet website, type 'adegenetWeb()'
     - to post questions/comments: adegenet-forum@lists.r-forge.r-project.org
    
    
    Loading required package: PopGenReport
    Loading required package: knitr
    Loading required package: raster
    Loading required package: sp
    Quitting from lines 335-350 (PopGenReportIntroduction.rnw)
    Error: processing vignette ‘PopGenReportIntroduction.rnw’ failed with diagnostics:
    missing value where TRUE/FALSE needed
    Execution halted
Flavors: r-devel-linux-x86_64-debian-clang, r-devel-linux-x86_64-debian-gcc, r-devel-linux-x86_64-fedora-clang, r-devel-linux-x86_64-fedora-gcc, r-devel-osx-x86_64-clang, r-devel-windows-ix86+x86_64

Version: 2.1
Flags: --no-vignettes
Check: DESCRIPTION meta-information
Result: NOTE
    Malformed Description field: should contain one or more complete sentences.
Flavor: r-patched-solaris-sparc

Version: 2.1
Check: package dependencies
Result: ERROR
    Packages required but not available:
     ‘knitr’ ‘adegenet’ ‘raster’ ‘dismo’ ‘ggplot2’ ‘pegas’ ‘gdistance’
     ‘vegan’ ‘mmod’ ‘GGally’
    
    VignetteBuilder package required for checking but not installed: ‘knitr’
    
    Files named as vignettes but with no recognized vignette engine:
     ‘inst/doc/PopGenReportIntroduction.rnw’
     ‘inst/doc/Tutorial_landgenreport.rnw’
    (Is a VignetteBuilder field missing?)
    
    See section ‘The DESCRIPTION file’ in the ‘Writing R Extensions’
    manual.
Flavor: r-release-osx-x86_64-snowleopard