CRAN Package Check Results for Package PopGenome

Last updated on 2015-03-26 23:47:51.

Flavor Version Tinstall Tcheck Ttotal Status Flags
r-devel-linux-x86_64-debian-clang 2.1.0 11.46 66.14 77.60 NOTE
r-devel-linux-x86_64-debian-gcc 2.1.0 14.24 65.67 79.91 NOTE
r-devel-linux-x86_64-fedora-clang 2.1.0 149.12 NOTE
r-devel-linux-x86_64-fedora-gcc 2.1.0 136.58 NOTE
r-devel-osx-x86_64-clang 2.1.0 141.01 NOTE
r-prerel-windows-ix86+x86_64 2.1.0 102.00 100.00 202.00 NOTE
r-prerel-linux-x86_64 2.1.0 14.01 65.81 79.82 NOTE
r-prerel-solaris-sparc 2.1.0 851.20 NOTE
r-prerel-solaris-x86 2.1.0 160.40 NOTE
r-release-linux-x86_64 2.1.0 14.63 71.80 86.43 NOTE
r-release-osx-x86_64-mavericks 2.1.0 OK
r-release-osx-x86_64-snowleopard 2.1.0 OK
r-release-windows-ix86+x86_64 2.1.0 103.00 116.00 219.00 NOTE
r-oldrel-windows-ix86+x86_64 2.1.0 104.00 106.00 210.00 NOTE

Check Details

Version: 2.1.0
Check: DESCRIPTION meta-information
Result: NOTE
    Malformed Description field: should contain one or more complete sentences.
Flavors: r-devel-linux-x86_64-debian-clang, r-devel-linux-x86_64-debian-gcc, r-devel-linux-x86_64-fedora-clang, r-devel-linux-x86_64-fedora-gcc, r-devel-osx-x86_64-clang, r-prerel-windows-ix86+x86_64, r-prerel-linux-x86_64, r-prerel-solaris-sparc, r-prerel-solaris-x86

Version: 2.1.0
Check: dependencies in R code
Result: NOTE
    'library' or 'require' calls in package code:
     ‘WhopGenome’ ‘bigmemory’ ‘parallel’
     Please use :: or requireNamespace() instead.
     See section 'Suggested packages' in the 'Writing R Extensions' manual.
Flavors: r-devel-linux-x86_64-debian-clang, r-devel-linux-x86_64-debian-gcc, r-devel-linux-x86_64-fedora-clang, r-devel-linux-x86_64-fedora-gcc, r-devel-osx-x86_64-clang, r-prerel-windows-ix86+x86_64, r-prerel-linux-x86_64, r-prerel-solaris-sparc, r-prerel-solaris-x86, r-release-linux-x86_64, r-release-windows-ix86+x86_64

Version: 2.1.0
Check: package dependencies
Result: NOTE
    Package suggested but not available for checking: ‘bigmemory’
Flavors: r-prerel-solaris-sparc, r-release-windows-ix86+x86_64, r-oldrel-windows-ix86+x86_64