CRAN Package Check Results for Package PopGenome

Last updated on 2014-12-21 11:46:41.

Flavor Version Tinstall Tcheck Ttotal Status Flags
r-devel-linux-x86_64-debian-clang 2.1.0 11.12 72.82 83.94 NOTE
r-devel-linux-x86_64-debian-gcc 2.1.0 14.24 69.44 83.68 NOTE
r-devel-linux-x86_64-fedora-clang 2.1.0 89.47 NOTE
r-devel-linux-x86_64-fedora-gcc 2.1.0 82.94 NOTE
r-devel-osx-x86_64-clang 2.1.0 77.86 NOTE
r-devel-windows-ix86+x86_64 2.1.0 107.00 103.00 210.00 OK
r-patched-linux-x86_64 2.1.0 14.25 73.25 87.50 NOTE
r-patched-solaris-sparc 2.1.0 791.90 OK
r-patched-solaris-x86 2.1.0 154.90 NOTE
r-release-linux-ix86 2.1.0 18.83 81.04 99.88 OK
r-release-linux-x86_64 2.1.0 14.38 72.60 86.97 OK
r-release-osx-x86_64-mavericks 2.1.0 OK
r-release-osx-x86_64-snowleopard 2.1.0 OK
r-release-windows-ix86+x86_64 2.1.0 106.00 105.00 211.00 NOTE
r-oldrel-windows-ix86+x86_64 2.1.0 104.00 106.00 210.00 NOTE

Check Details

Version: 2.1.0
Check: package dependencies
Result: NOTE
    Package suggested but not available for checking: ‘WhopGenome’
Flavors: r-devel-linux-x86_64-debian-clang, r-devel-linux-x86_64-debian-gcc, r-devel-linux-x86_64-fedora-clang, r-devel-linux-x86_64-fedora-gcc, r-devel-osx-x86_64-clang, r-patched-linux-x86_64, r-patched-solaris-x86

Version: 2.1.0
Check: package dependencies
Result: NOTE
    Package suggested but not available for checking: 'bigmemory'
Flavors: r-release-windows-ix86+x86_64, r-oldrel-windows-ix86+x86_64