CRAN Package Check Results for Package PopGenome

Last updated on 2014-08-30 19:47:14.

Flavor Version Tinstall Tcheck Ttotal Status Flags
r-devel-linux-x86_64-debian-clang 2.0.8 10.59 65.01 75.60 NOTE
r-devel-linux-x86_64-debian-gcc 2.0.8 14.46 63.74 78.20 NOTE
r-devel-linux-x86_64-fedora-clang 2.0.9 85.44 OK
r-devel-linux-x86_64-fedora-gcc 2.0.9 84.85 OK
r-devel-osx-x86_64-clang 2.0.8 124.60 NOTE
r-devel-windows-ix86+x86_64 2.0.8 151.00 98.00 249.00 NOTE
r-patched-linux-x86_64 2.0.8 14.58 68.61 83.19 OK
r-patched-solaris-sparc 2.0.8 783.60 OK
r-patched-solaris-x86 2.0.8 175.30 OK
r-release-linux-ix86 2.0.8 21.07 84.63 105.70 OK
r-release-linux-x86_64 2.0.8 14.38 68.62 83.00 OK
r-release-osx-x86_64-mavericks 2.0.8 OK
r-release-osx-x86_64-snowleopard 2.0.8 OK
r-release-windows-ix86+x86_64 2.0.8 99.00 108.00 207.00 NOTE
r-oldrel-windows-ix86+x86_64 2.0.8 140.00 100.00 240.00 NOTE

Check Details

Version: 2.0.8
Check: R code for possible problems
Result: NOTE
    Whop_readVCF: no visible global function definition for
     ‘vcf_getcontignames’
    Whop_readVCF: no visible global function definition for
     ‘vcf_getsamples’
    Whop_readVCF: no visible global function definition for
     ‘vcf_selectsamples’
    Whop_readVCF: no visible global function definition for ‘vcf_setregion’
    Whop_readVCF: no visible global function definition for
     ‘VCF_read_snp_diplo_bial_int_nuclcodes’
    concatenate_to_whole_genome: no visible global function definition for
     ‘filebacked.big.matrix’
    readData: no visible global function definition for ‘detectCores’
    readData: no visible global function definition for ‘mclapply’
Flavors: r-devel-linux-x86_64-debian-clang, r-devel-linux-x86_64-debian-gcc, r-devel-osx-x86_64-clang, r-devel-windows-ix86+x86_64

Version: 2.0.8
Check: package dependencies
Result: NOTE
    Package suggested but not available for checking: 'bigmemory'
Flavors: r-devel-windows-ix86+x86_64, r-release-windows-ix86+x86_64, r-oldrel-windows-ix86+x86_64

Version: 2.0.8
Check: R code for possible problems
Result: NOTE
    concatenate_to_whole_genome: no visible global function definition for
     'filebacked.big.matrix'
Flavors: r-release-windows-ix86+x86_64, r-oldrel-windows-ix86+x86_64