CRAN Package Check Results for Package PopGenome

Last updated on 2017-02-25 08:49:35.

Flavor Version Tinstall Tcheck Ttotal Status Flags
r-devel-linux-x86_64-debian-clang 2.2.0 13.24 77.22 90.46 NOTE
r-devel-linux-x86_64-debian-gcc 2.2.0 13.47 78.29 91.77 NOTE
r-devel-linux-x86_64-fedora-clang 2.2.0 164.40 NOTE --no-stop-on-test-error
r-devel-linux-x86_64-fedora-gcc 2.2.0 151.46 NOTE --no-stop-on-test-error
r-devel-macos-x86_64-clang 2.2.0 129.62 NOTE --no-stop-on-test-error
r-devel-windows-ix86+x86_64 2.2.0 185.00 180.00 365.00 OK
r-patched-linux-x86_64 2.2.0 11.92 78.71 90.63 OK
r-patched-solaris-sparc 2.2.0 851.70 OK
r-patched-solaris-x86 2.2.0 149.00 OK
r-release-linux-x86_64 2.2.0 11.90 82.00 93.90 OK
r-release-osx-x86_64-mavericks 2.2.0 OK
r-release-windows-ix86+x86_64 2.2.0 208.00 189.00 397.00 WARN
r-oldrel-windows-ix86+x86_64 2.2.0 234.00 256.00 490.00 OK

Check Details

Version: 2.2.0
Check: compiled code
Result: NOTE
    File ‘PopGenome/libs/PopGenome.so’:
     Found no calls to: ‘R_registerRoutines’, ‘R_useDynamicSymbols’
    
    It is good practice to register native routines and to disable symbol
    search.
    
    See ‘Writing portable packages’ in the ‘Writing R Extensions’ manual.
Flavors: r-devel-linux-x86_64-debian-clang, r-devel-linux-x86_64-debian-gcc

Version: 2.2.0
Flags: --no-stop-on-test-error
Check: compiled code
Result: NOTE
    File ‘PopGenome/libs/PopGenome.so’:
     Found no calls to: ‘R_registerRoutines’, ‘R_useDynamicSymbols’
    
    It is good practice to register native routines and to disable symbol
    search.
    
    See ‘Writing portable packages’ in the ‘Writing R Extensions’ manual.
Flavors: r-devel-linux-x86_64-fedora-clang, r-devel-linux-x86_64-fedora-gcc, r-devel-macos-x86_64-clang

Version: 2.2.0
Check: re-building of vignette outputs
Result: WARN
    Error in re-building vignettes:
     ...
    Warning: running command '"D:\compiler\texmf\miktex\bin\texify.exe" --quiet --pdf "Integration_of_new_Methods.tex" --max-iterations=20 -I "D:/RCompile/recent/R-3.3.2/share/texmf/tex/latex" -I "D:/RCompile/recent/R-3.3.2/share/texmf/bibtex/bst"' had status 1
    Error in find_vignette_product(name, by = "texi2pdf", engine = engine) :
     Failed to locate the 'texi2pdf' output file (by engine 'utils::Sweave') for vignette with name 'Integration_of_new_Methods'. The following files exist in directory '.': '2Lslide.pdf', 'An_introduction_to_the_PopGenome_package.Rnw', 'An_introduction_to_the_PopGenome_package.aux', 'An_introduction_to_the_PopGenome_package.log', 'An_introduction_to_the_PopGenome_package.pdf', 'An_introduction_to_the_PopGenome_package.tex', 'An_introduction_to_the_PopGenome_package.toc', 'GenesTaj.pdf', 'Integration_of_new_Methods-concordance.tex', 'Integration_of_new_Methods.Rnw', 'Integration_of_new_Methods.tex', 'PopGenomeClasses.pdf', 'SFS.pdf', 'Whole_genome_analyses_using_VCF_files.Rnw', 'XXX.pdf', 'XYZ.pdf', 'nucFST.pdf', 'nucFSTvsAll.pdf'
    Calls: buildVignettes -> find_vignette_product
    Execution halted
Flavor: r-release-windows-ix86+x86_64