CRAN Package Check Results for Package PopGenome

Last updated on 2014-07-25 07:53:20.

Flavor Version Tinstall Tcheck Ttotal Status Flags
r-devel-linux-x86_64-debian-clang 2.0.7 10.32 67.30 77.62 OK
r-devel-linux-x86_64-debian-gcc 2.0.7 14.17 67.23 81.40 OK
r-devel-linux-x86_64-fedora-clang 2.0.7 160.27 OK
r-devel-linux-x86_64-fedora-gcc 2.0.7 150.69 OK
r-devel-osx-x86_64-clang 2.0.7 129.74 OK
r-devel-windows-ix86+x86_64 2.0.7 113.00 100.00 213.00 NOTE
r-patched-linux-x86_64 2.0.7 14.25 67.02 81.27 OK
r-patched-solaris-sparc 2.0.7 760.20 OK
r-patched-solaris-x86 2.0.7 170.40 OK
r-release-linux-ix86 2.0.7 19.29 82.24 101.52 OK
r-release-linux-x86_64 2.0.7 14.22 69.68 83.91 OK
r-release-osx-x86_64-mavericks 2.0.7 OK
r-release-osx-x86_64-snowleopard 2.0.7 OK
r-release-windows-ix86+x86_64 2.0.7 156.00 102.00 258.00 NOTE
r-oldrel-windows-ix86+x86_64 2.0.7 83.00 105.00 188.00 NOTE

Check Details

Version: 2.0.7
Check: package dependencies
Result: NOTE
    Package suggested but not available for checking: 'bigmemory'
Flavors: r-devel-windows-ix86+x86_64, r-release-windows-ix86+x86_64, r-oldrel-windows-ix86+x86_64

Version: 2.0.7
Check: R code for possible problems
Result: NOTE
    concatenate_to_whole_genome: no visible global function definition for
     'filebacked.big.matrix'
Flavors: r-devel-windows-ix86+x86_64, r-release-windows-ix86+x86_64, r-oldrel-windows-ix86+x86_64