CRAN Package Check Results for Package PopGenome

Last updated on 2018-02-22 05:47:58 CET.

Flavor Version Tinstall Tcheck Ttotal Status Flags
r-devel-linux-x86_64-debian-clang 2.2.4 58.00 104.58 162.58 WARN
r-devel-linux-x86_64-debian-gcc 2.2.4 51.26 91.38 142.64 WARN
r-devel-linux-x86_64-fedora-clang 2.2.4 227.00 WARN
r-devel-linux-x86_64-fedora-gcc 2.2.4 210.82 WARN
r-devel-windows-ix86+x86_64 2.2.4 215.00 141.00 356.00 WARN
r-patched-linux-x86_64 2.2.4 19.56 127.13 146.69 OK
r-patched-solaris-x86 2.2.4 187.50 OK
r-release-linux-x86_64 2.2.4 19.28 125.31 144.59 OK
r-release-windows-ix86+x86_64 2.2.4 176.00 183.00 359.00 OK
r-release-osx-x86_64 2.2.4 OK
r-oldrel-windows-ix86+x86_64 2.2.4 107.00 143.00 250.00 OK
r-oldrel-osx-x86_64 2.2.4 OK

Additional issues

rchk

Check Details

Version: 2.2.4
Check: whether package can be installed
Result: WARN
    Found the following significant warnings:
     whopgenome/rdnapp_MAF.h:243:12: warning: explicitly assigning value of variable of type 'unsigned int' to itself [-Wself-assign]
     whopgenome/whoptbi_info.cpp:115:6: warning: 'this' pointer cannot be null in well-defined C++ code; comparison may be assumed to always evaluate to false [-Wtautological-undefined-compare]
     whopgenome/whoptbi_info.cpp:120:7: warning: reference cannot be bound to dereferenced null pointer in well-defined C++ code; comparison may be assumed to always evaluate to false [-Wtautological-undefined-compare]
     whopgenome/whoptbi_region.cpp:78:6: warning: 'this' pointer cannot be null in well-defined C++ code; comparison may be assumed to always evaluate to false [-Wtautological-undefined-compare]
     Note: break may be used in wrong context: no loop is visible
Flavors: r-devel-linux-x86_64-debian-clang, r-devel-linux-x86_64-fedora-clang

Version: 2.2.4
Check: whether package can be installed
Result: WARN
    Found the following significant warnings:
     Note: break may be used in wrong context: no loop is visible
Flavors: r-devel-linux-x86_64-debian-gcc, r-devel-linux-x86_64-fedora-gcc, r-devel-windows-ix86+x86_64