CRAN Package Check Results for Package PopGenome

Last updated on 2014-09-01 23:46:49.

Flavor Version Tinstall Tcheck Ttotal Status Flags
r-devel-linux-x86_64-debian-clang 2.0.9 10.58 66.30 76.88 OK
r-devel-linux-x86_64-debian-gcc 2.0.9 14.77 65.03 79.80 OK
r-devel-linux-x86_64-fedora-clang 2.0.9 85.44 OK
r-devel-linux-x86_64-fedora-gcc 2.0.9 84.85 OK
r-devel-osx-x86_64-clang 2.0.9 125.49 OK
r-devel-windows-ix86+x86_64 2.0.9 111.00 94.00 205.00 NOTE
r-patched-linux-x86_64 2.0.8 14.58 68.61 83.19 OK
r-patched-solaris-sparc 2.0.9 774.70 OK
r-patched-solaris-x86 2.0.9 153.30 OK
r-release-linux-ix86 2.0.8 21.07 84.63 105.70 OK
r-release-linux-x86_64 2.0.9 14.58 70.06 84.65 OK
r-release-osx-x86_64-mavericks 2.0.9 OK
r-release-osx-x86_64-snowleopard 2.0.8 OK
r-release-windows-ix86+x86_64 2.0.9 85.00 99.00 184.00 NOTE
r-oldrel-windows-ix86+x86_64 2.0.9 83.00 97.00 180.00 NOTE

Check Details

Version: 2.0.9
Check: package dependencies
Result: NOTE
    Package suggested but not available for checking: 'bigmemory'
Flavors: r-devel-windows-ix86+x86_64, r-release-windows-ix86+x86_64, r-oldrel-windows-ix86+x86_64