CRAN Package Check Results for Package PopGenome

Last updated on 2015-04-24 23:46:46.

Flavor Version Tinstall Tcheck Ttotal Status Flags
r-devel-linux-x86_64-debian-clang 2.1.0 11.40 69.29 80.70 NOTE
r-devel-linux-x86_64-debian-gcc 2.1.0 14.26 66.34 80.61 NOTE
r-devel-linux-x86_64-fedora-clang 2.1.0 149.73 NOTE
r-devel-linux-x86_64-fedora-gcc 2.1.0 136.85 NOTE
r-devel-osx-x86_64-clang 2.1.0 138.39 NOTE
r-devel-windows-ix86+x86_64 2.1.0 112.00 92.00 204.00 NOTE
r-patched-linux-x86_64 2.1.0 14.37 66.77 81.14 NOTE
r-patched-solaris-sparc 2.1.0 851.20 NOTE
r-patched-solaris-x86 2.1.0 162.60 NOTE
r-release-linux-x86_64 2.1.0 14.17 66.24 80.42 NOTE
r-release-osx-x86_64-mavericks 2.1.0 ERROR
r-release-osx-x86_64-snowleopard 2.1.0 NOTE
r-release-windows-ix86+x86_64 2.1.0 112.00 95.00 207.00 NOTE
r-oldrel-windows-ix86+x86_64 2.1.0 82.00 89.00 171.00 NOTE

Check Details

Version: 2.1.0
Check: DESCRIPTION meta-information
Result: NOTE
    Malformed Description field: should contain one or more complete sentences.
Flavors: r-devel-linux-x86_64-debian-gcc, r-devel-windows-ix86+x86_64, r-patched-linux-x86_64, r-release-windows-ix86+x86_64

Version: 2.1.0
Check: dependencies in R code
Result: NOTE
    'library' or 'require' calls in package code:
     ‘WhopGenome’ ‘bigmemory’ ‘parallel’
     Please use :: or requireNamespace() instead.
     See section 'Suggested packages' in the 'Writing R Extensions' manual.
Flavors: r-devel-linux-x86_64-debian-gcc, r-devel-windows-ix86+x86_64, r-patched-linux-x86_64, r-release-windows-ix86+x86_64, r-oldrel-windows-ix86+x86_64

Version: 2.1.0
Check: package dependencies
Result: NOTE
    Package suggested but not available for checking: 'bigmemory'
Flavor: r-oldrel-windows-ix86+x86_64