CRAN Package Check Results for Package PopGenome

Last updated on 2014-11-23 03:48:06.

Flavor Version Tinstall Tcheck Ttotal Status Flags
r-devel-linux-x86_64-debian-clang 2.1.0 11.07 72.05 83.12 OK
r-devel-linux-x86_64-debian-gcc 2.1.0 14.26 69.56 83.82 OK
r-devel-linux-x86_64-fedora-clang 2.1.0 158.36 OK
r-devel-linux-x86_64-fedora-gcc 2.1.0 143.88 OK
r-devel-osx-x86_64-clang 2.1.0 136.78 OK
r-devel-windows-ix86+x86_64 2.1.0 110.00 97.00 207.00 OK
r-patched-linux-x86_64 2.1.0 14.58 72.73 87.31 OK
r-patched-solaris-sparc 2.1.0 791.90 OK
r-patched-solaris-x86 2.1.0 171.90 OK
r-release-linux-ix86 2.1.0 19.65 81.59 101.24 OK
r-release-linux-x86_64 2.1.0 14.36 70.84 85.20 OK
r-release-osx-x86_64-mavericks 2.1.0 OK
r-release-osx-x86_64-snowleopard 2.1.0 OK
r-release-windows-ix86+x86_64 2.1.0 134.00 116.00 250.00 NOTE
r-oldrel-windows-ix86+x86_64 2.1.0 100.00 123.00 223.00 NOTE

Check Details

Version: 2.1.0
Check: package dependencies
Result: NOTE
    Package suggested but not available for checking: 'bigmemory'
Flavors: r-release-windows-ix86+x86_64, r-oldrel-windows-ix86+x86_64