CRAN Package Check Results for Package PopGenome

Last updated on 2014-04-21 09:48:06.

Flavor Version Tinstall Tcheck Ttotal Status Flags
r-devel-linux-x86_64-debian-clang 2.0.6 11.49 70.27 81.76 OK
r-devel-linux-x86_64-debian-gcc 2.0.6 14.15 70.90 85.05 OK
r-devel-linux-x86_64-fedora-clang 2.0.6 161.90 OK
r-devel-linux-x86_64-fedora-gcc 2.0.6 153.81 OK
r-devel-macosx-x86_64-clang 2.0.6 128.48 OK
r-devel-macosx-x86_64-gcc 2.0.6 OK
r-devel-windows-ix86+x86_64 2.0.6 93.00 99.00 192.00 NOTE
r-patched-linux-x86_64 2.0.6 14.09 70.95 85.04 OK
r-patched-solaris-sparc 2.0.6 776.50 OK
r-patched-solaris-x86 2.0.6 171.00 OK
r-release-linux-ix86 OK
r-release-linux-x86_64 2.0.6 14.00 70.64 84.64 OK
r-release-macosx-x86_64 2.0.6 OK
r-release-windows-ix86+x86_64 2.0.6 82.00 97.00 179.00 NOTE
r-oldrel-windows-ix86+x86_64 2.0.6 88.00 96.00 184.00 NOTE

Check Details

Version: 2.0.6
Check: package dependencies
Result: NOTE
    Package suggested but not available for checking: 'bigmemory'
Flavors: r-devel-windows-ix86+x86_64, r-release-windows-ix86+x86_64, r-oldrel-windows-ix86+x86_64

Version: 2.0.6
Check: R code for possible problems
Result: NOTE
    concatenate_to_whole_genome: no visible global function definition for
     'filebacked.big.matrix'
Flavors: r-devel-windows-ix86+x86_64, r-release-windows-ix86+x86_64, r-oldrel-windows-ix86+x86_64