CRAN Package Check Results for Package PopGenome

Last updated on 2018-04-24 00:47:09 CEST.

Flavor Version Tinstall Tcheck Ttotal Status Flags
r-devel-linux-x86_64-debian-clang 2.2.4 58.26 110.15 168.41 WARN
r-devel-linux-x86_64-debian-gcc 2.2.4 49.87 91.50 141.37 WARN
r-devel-linux-x86_64-fedora-clang 2.2.4 228.27 WARN
r-devel-linux-x86_64-fedora-gcc 2.2.4 210.37 WARN
r-devel-windows-ix86+x86_64 2.2.4 232.00 147.00 379.00 WARN
r-devel-osx-x86_64 2.2.4 WARN
r-patched-linux-x86_64 2.2.4 56.13 119.80 175.93 WARN
r-patched-solaris-x86 2.2.4 255.90 WARN
r-release-linux-x86_64 2.2.4 56.59 119.37 175.96 WARN
r-release-windows-ix86+x86_64 2.2.4 143.00 154.00 297.00 OK
r-release-osx-x86_64 2.2.4 OK
r-oldrel-windows-ix86+x86_64 2.2.4 103.00 190.00 293.00 OK

Check Details

Version: 2.2.4
Check: whether package can be installed
Result: WARN
    Found the following significant warnings:
     whopgenome/rdnapp_MAF.h:243:12: warning: explicitly assigning value of variable of type 'unsigned int' to itself [-Wself-assign]
     whopgenome/whoptbi_info.cpp:115:6: warning: 'this' pointer cannot be null in well-defined C++ code; comparison may be assumed to always evaluate to false [-Wtautological-undefined-compare]
     whopgenome/whoptbi_info.cpp:120:7: warning: reference cannot be bound to dereferenced null pointer in well-defined C++ code; comparison may be assumed to always evaluate to false [-Wtautological-undefined-compare]
     whopgenome/whoptbi_region.cpp:78:6: warning: 'this' pointer cannot be null in well-defined C++ code; comparison may be assumed to always evaluate to false [-Wtautological-undefined-compare]
     Note: break used in wrong context: no loop is visible
    See ‘/home/hornik/tmp/R.check/r-devel-clang/Work/PKGS/PopGenome.Rcheck/00install.out’ for details.
    Information on the location(s) of code generating the ‘Note’s can be
    obtained by re-running with environment variable R_KEEP_PKG_SOURCE set
    to ‘yes’.
Flavor: r-devel-linux-x86_64-debian-clang

Version: 2.2.4
Check: whether package can be installed
Result: WARN
    Found the following significant warnings:
     Note: break used in wrong context: no loop is visible
    See ‘/home/hornik/tmp/R.check/r-devel-gcc/Work/PKGS/PopGenome.Rcheck/00install.out’ for details.
    Information on the location(s) of code generating the ‘Note’s can be
    obtained by re-running with environment variable R_KEEP_PKG_SOURCE set
    to ‘yes’.
Flavor: r-devel-linux-x86_64-debian-gcc

Version: 2.2.4
Check: whether package can be installed
Result: WARN
    Found the following significant warnings:
     whopgenome/rdnapp_MAF.h:243:12: warning: explicitly assigning value of variable of type 'unsigned int' to itself [-Wself-assign]
     whopgenome/whoptbi_info.cpp:115:6: warning: 'this' pointer cannot be null in well-defined C++ code; comparison may be assumed to always evaluate to false [-Wtautological-undefined-compare]
     whopgenome/whoptbi_info.cpp:120:7: warning: reference cannot be bound to dereferenced null pointer in well-defined C++ code; comparison may be assumed to always evaluate to false [-Wtautological-undefined-compare]
     whopgenome/whoptbi_region.cpp:78:6: warning: 'this' pointer cannot be null in well-defined C++ code; comparison may be assumed to always evaluate to false [-Wtautological-undefined-compare]
     Note: break used in wrong context: no loop is visible
    See ‘/data/gannet/ripley/R/packages/tests-clang/PopGenome.Rcheck/00install.out’ for details.
    Information on the location(s) of code generating the ‘Note’s can be
    obtained by re-running with environment variable R_KEEP_PKG_SOURCE set
    to ‘yes’.
Flavor: r-devel-linux-x86_64-fedora-clang

Version: 2.2.4
Check: whether package can be installed
Result: WARN
    Found the following significant warnings:
     Note: break used in wrong context: no loop is visible
    See ‘/data/gannet/ripley/R/packages/tests-devel/PopGenome.Rcheck/00install.out’ for details.
    Information on the location(s) of code generating the ‘Note’s can be
    obtained by re-running with environment variable R_KEEP_PKG_SOURCE set
    to ‘yes’.
Flavor: r-devel-linux-x86_64-fedora-gcc

Version: 2.2.4
Check: whether package can be installed
Result: WARN
    Found the following significant warnings:
     Note: break used in wrong context: no loop is visible
    See 'd:/Rcompile/CRANpkg/local/3.5/PopGenome.Rcheck/00install.out' for details.
    Information on the location(s) of code generating the 'Note's can be
    obtained by re-running with environment variable R_KEEP_PKG_SOURCE set
    to 'yes'.
Flavor: r-devel-windows-ix86+x86_64

Version: 2.2.4
Check: whether package can be installed
Result: WARN
    Found the following significant warnings:
     whopgenome/rdnapp_MAF.h:243:12: warning: explicitly assigning value of variable of type 'unsigned int' to itself [-Wself-assign]
     whopgenome/rdnapp_MAF.h:409:45: warning: comparison of unsigned expression >= 0 is always true [-Wtautological-compare]
     whopgenome/whopgen_vcf.cpp:263:28: warning: comparison of unsigned expression >= 0 is always true [-Wtautological-compare]
     whopgenome/whoptbi_info.cpp:115:6: warning: 'this' pointer cannot be null in well-defined C++ code; comparison may be assumed to always evaluate to false [-Wtautological-undefined-compare]
     whopgenome/whoptbi_info.cpp:120:7: warning: reference cannot be bound to dereferenced null pointer in well-defined C++ code; comparison may be assumed to always evaluate to false [-Wtautological-undefined-compare]
     whopgenome/whoptbi_info.cpp:152:44: warning: comparison of unsigned expression < 0 is always false [-Wtautological-compare]
     whopgenome/whoptbi_region.cpp:78:6: warning: 'this' pointer cannot be null in well-defined C++ code; comparison may be assumed to always evaluate to false [-Wtautological-undefined-compare]
     Note: break used in wrong context: no loop is visible
    See ‘/Volumes/SSD-Data/Builds/R-dev-web/QA/Simon/packages/el-capitan-x86_64/results/3.5/PopGenome.Rcheck/00install.out’ for details.
    Information on the location(s) of code generating the ‘Note’s can be
    obtained by re-running with environment variable R_KEEP_PKG_SOURCE set
    to ‘yes’.
Flavor: r-devel-osx-x86_64

Version: 2.2.4
Check: whether package can be installed
Result: WARN
    Found the following significant warnings:
     Note: break used in wrong context: no loop is visible
    See ‘/home/hornik/tmp/R.check/r-patched-gcc/Work/PKGS/PopGenome.Rcheck/00install.out’ for details.
    Information on the location(s) of code generating the ‘Note’s can be
    obtained by re-running with environment variable R_KEEP_PKG_SOURCE set
    to ‘yes’.
Flavor: r-patched-linux-x86_64

Version: 2.2.4
Check: whether package can be installed
Result: WARN
    Found the following significant warnings:
     Note: break used in wrong context: no loop is visible
    See ‘/home/ripley/R/packages/tests32/PopGenome.Rcheck/00install.out’ for details.
    Information on the location(s) of code generating the ‘Note’s can be
    obtained by re-running with environment variable R_KEEP_PKG_SOURCE set
    to ‘yes’.
Flavor: r-patched-solaris-x86

Version: 2.2.4
Check: whether package can be installed
Result: WARN
    Found the following significant warnings:
     Note: break used in wrong context: no loop is visible
    See ‘/home/hornik/tmp/R.check/r-release-gcc/Work/PKGS/PopGenome.Rcheck/00install.out’ for details.
    Information on the location(s) of code generating the ‘Note’s can be
    obtained by re-running with environment variable R_KEEP_PKG_SOURCE set
    to ‘yes’.
Flavor: r-release-linux-x86_64