CRAN Package Check Results for Package PopGenome

Last updated on 2015-01-31 17:49:45.

Flavor Version Tinstall Tcheck Ttotal Status Flags
r-devel-linux-x86_64-debian-clang 2.1.0 11.01 67.92 78.93 NOTE
r-devel-linux-x86_64-debian-gcc 2.1.0 14.30 65.73 80.02 NOTE
r-devel-linux-x86_64-fedora-clang 2.1.0 155.22 NOTE
r-devel-linux-x86_64-fedora-gcc 2.1.0 141.91 NOTE
r-devel-osx-x86_64-clang 2.1.0 136.96 NOTE
r-devel-windows-ix86+x86_64 2.1.0 179.00 83.00 262.00 NOTE
r-patched-linux-x86_64 2.1.0 14.77 71.55 86.32 NOTE
r-patched-solaris-sparc 2.1.0 842.40 NOTE
r-patched-solaris-x86 2.1.0 170.10 NOTE
r-release-linux-ix86 2.1.0 18.76 85.31 104.07 NOTE
r-release-linux-x86_64 2.1.0 14.52 70.98 85.50 NOTE
r-release-osx-x86_64-mavericks 2.1.0 OK
r-release-osx-x86_64-snowleopard 2.1.0 OK
r-release-windows-ix86+x86_64 2.1.0 110.00 103.00 213.00 NOTE
r-oldrel-windows-ix86+x86_64 2.1.0 108.00 106.00 214.00 NOTE

Check Details

Version: 2.1.0
Check: package dependencies
Result: NOTE
    Package suggested but not available for checking: ‘WhopGenome’
Flavors: r-devel-linux-x86_64-debian-clang, r-devel-linux-x86_64-debian-gcc, r-devel-linux-x86_64-fedora-clang, r-devel-linux-x86_64-fedora-gcc, r-devel-osx-x86_64-clang, r-patched-linux-x86_64, r-patched-solaris-x86, r-release-linux-ix86, r-release-linux-x86_64

Version: 2.1.0
Check: dependencies in R code
Result: NOTE
    'library' or 'require' calls in package code:
     ‘WhopGenome’ ‘bigmemory’ ‘parallel’
     Please use :: or requireNamespace() instead.
     See section 'Suggested packages' in the 'Writing R Extensions' manual.
Flavors: r-devel-linux-x86_64-debian-clang, r-devel-linux-x86_64-debian-gcc, r-devel-linux-x86_64-fedora-clang, r-devel-linux-x86_64-fedora-gcc, r-devel-osx-x86_64-clang, r-devel-windows-ix86+x86_64

Version: 2.1.0
Check: package dependencies
Result: NOTE
    Packages suggested but not available for checking: ‘bigmemory’ ‘WhopGenome’
Flavor: r-patched-solaris-sparc

Version: 2.1.0
Check: package dependencies
Result: NOTE
    Package suggested but not available for checking: 'bigmemory'
Flavors: r-release-windows-ix86+x86_64, r-oldrel-windows-ix86+x86_64