CRAN Package Check Results for Package PortfolioAnalysis

Last updated on 2020-12-05 06:51:00 CET.

Flavor Version Tinstall Tcheck Ttotal Status Flags
r-devel-linux-x86_64-debian-clang 1.1 7.46 62.18 69.64 OK
r-devel-linux-x86_64-debian-gcc 1.1 7.01 48.30 55.31 OK
r-devel-linux-x86_64-fedora-clang 1.1 90.57 NOTE
r-devel-linux-x86_64-fedora-gcc 1.1 79.57 NOTE
r-devel-windows-ix86+x86_64 1.1 18.00 89.00 107.00 OK
r-patched-linux-x86_64 1.1 7.86 56.29 64.15 OK
r-patched-solaris-x86 1.1 113.30 NOTE
r-release-linux-x86_64 1.1 8.83 57.25 66.08 OK
r-release-macos-x86_64 1.1 NOTE
r-release-windows-ix86+x86_64 1.1 14.00 64.00 78.00 OK
r-oldrel-macos-x86_64 1.1 NOTE
r-oldrel-windows-ix86+x86_64 1.1 15.00 80.00 95.00 OK

Check Details

Version: 1.1
Check: dependencies in R code
Result: NOTE
    Namespace in Imports field not imported from: ‘plotly’
     All declared Imports should be used.
Flavors: r-devel-linux-x86_64-fedora-clang, r-devel-linux-x86_64-fedora-gcc, r-patched-solaris-x86, r-release-macos-x86_64, r-oldrel-macos-x86_64