CRAN Package Check Results for Package PortfolioAnalytics

Last updated on 2018-10-17 09:49:19 CEST.

Flavor Version Tinstall Tcheck Ttotal Status Flags
r-devel-linux-x86_64-debian-clang 1.1.0 13.53 420.67 434.20 OK
r-devel-linux-x86_64-debian-gcc 1.1.0 13.05 281.55 294.60 OK
r-devel-linux-x86_64-fedora-clang 1.1.0 683.36 OK
r-devel-linux-x86_64-fedora-gcc 1.1.0 666.37 OK
r-devel-windows-ix86+x86_64 1.1.0 35.00 681.00 716.00 OK --no-vignettes
r-patched-linux-x86_64 1.1.0 13.40 392.15 405.55 OK
r-patched-solaris-x86 1.1.0 845.00 NOTE
r-release-linux-x86_64 1.1.0 11.65 373.54 385.19 OK
r-release-windows-ix86+x86_64 1.1.0 28.00 936.00 964.00 OK --no-vignettes
r-release-osx-x86_64 1.1.0 WARN
r-oldrel-windows-ix86+x86_64 1.1.0 17.00 771.00 788.00 OK --no-vignettes
r-oldrel-osx-x86_64 1.1.0 WARN

Check Details

Version: 1.1.0
Check: package dependencies
Result: NOTE
    Package suggested but not available for checking: ‘ROI.plugin.symphony’
Flavor: r-patched-solaris-x86

Version: 1.1.0
Check: package dependencies
Result: NOTE
    Packages suggested but not available for checking:
     ‘Rglpk’ ‘ROI.plugin.glpk’ ‘ROI.plugin.symphony’
Flavors: r-release-osx-x86_64, r-oldrel-osx-x86_64

Version: 1.1.0
Check: running R code from vignettes
Result: WARN
    Errors in running code in vignettes:
    when running code in ‘ROI_vignette.Rnw’
     ...
    
    > suppressMessages(library(ROI))
    
    > suppressMessages(library(ROI.plugin.quadprog))
    
    > suppressMessages(library(ROI.plugin.glpk))
    
     When sourcing ‘ROI_vignette.R’:
    Error: there is no package called ‘ROI.plugin.glpk’
    Execution halted
    when running code in ‘portfolio_vignette.Rnw’
     ...
    
    > maxret <- add.objective(portfolio = init, type = "return",
    + name = "mean")
    
    > opt_maxret <- optimize.portfolio(R = R, portfolio = maxret,
    + optimize_method = "ROI", trace = TRUE)
    
     When sourcing ‘portfolio_vignette.R’:
    Error: paste0("package:", plugin) %in% search() || requireNamespace(plugin, .... is not TRUE
    Execution halted
Flavors: r-release-osx-x86_64, r-oldrel-osx-x86_64

Version: 1.1.0
Check: re-building of vignette outputs
Result: NOTE
    Error in re-building vignettes:
     ...
    
    Error: processing vignette 'ROI_vignette.Rnw' failed with diagnostics:
     chunk 1
    Error in library(ROI.plugin.glpk) :
     there is no package called ‘ROI.plugin.glpk’
    Execution halted
Flavors: r-release-osx-x86_64, r-oldrel-osx-x86_64