CRAN Package Check Results for Package PortfolioAnalytics

Last updated on 2017-11-19 01:51:01.

Flavor Version Tinstall Tcheck Ttotal Status Flags
r-devel-linux-x86_64-debian-clang 1.0.3636 2.56 276.73 279.28 NOTE
r-devel-linux-x86_64-debian-gcc 1.0.3636 3.12 290.28 293.41 NOTE
r-devel-linux-x86_64-fedora-clang 1.0.3636 540.77 NOTE
r-devel-linux-x86_64-fedora-gcc 1.0.3636 479.59 NOTE
r-devel-windows-ix86+x86_64 1.0.3636 18.00 337.00 355.00 NOTE --no-vignettes
r-patched-linux-x86_64 1.0.3636 2.66 267.03 269.68 NOTE
r-patched-solaris-x86 1.0.3636 556.30 NOTE
r-release-linux-x86_64 1.0.3636 2.74 286.08 288.82 NOTE
r-release-windows-ix86+x86_64 1.0.3636 11.00 415.00 426.00 NOTE --no-vignettes
r-release-osx-x86_64 1.0.3636 WARN
r-oldrel-windows-ix86+x86_64 1.0.3636 11.00 454.00 465.00 NOTE --no-vignettes
r-oldrel-osx-x86_64 1.0.3636 NOTE

Check Details

Version: 1.0.3636
Check: R code for possible problems
Result: NOTE
    CCCgarch.MM: no visible global function definition for ‘hasArg’
    CCCgarch.MM: no visible global function definition for ‘sd’
    CCCgarch.MM: no visible global function definition for ‘predict’
    CCCgarch.MM: no visible global function definition for ‘cor’
    CCCgarch.MM: no visible global function definition for ‘cov’
    ac.ranking: no visible global function definition for ‘hasArg’
    ac.ranking: no visible global function definition for ‘median’
    add.constraint: no visible global function definition for ‘hasArg’
    add.objective: no visible global function definition for ‘hasArg’
    add.objective_v1: no visible global function definition for ‘hasArg’
    add.objective_v2: no visible global function definition for ‘hasArg’
    add.sub.portfolio: no visible global function definition for ‘hasArg’
    applyFUN : moments: no visible global function definition for ‘cov’
    barplotGroupWeights: no visible global function definition for
     ‘barplot’
    barplotGroupWeights: no visible global function definition for ‘box’
    barplotOptWeights: no visible global function definition for ‘barplot’
    barplotOptWeights: no visible global function definition for ‘box’
    barplotRiskBudget: no visible global function definition for ‘na.omit’
    barplotRiskBudget: no visible global function definition for ‘strwidth’
    barplotRiskBudget: no visible global function definition for ‘par’
    barplotRiskBudget: no visible global function definition for ‘barplot’
    barplotRiskBudget: no visible global function definition for ‘box’
    barplotWeights: no visible global function definition for ‘strwidth’
    barplotWeights: no visible global function definition for ‘par’
    barplotWeights: no visible global function definition for ‘barplot’
    barplotWeights: no visible global function definition for ‘box’
    black.litterman: no visible global function definition for ‘cov’
    box_constraint: no visible global function definition for ‘hasArg’
    centroid: no visible global function definition for ‘qnorm’
    centroid.buckets: no visible global function definition for ‘rnorm’
    centroid.complete.mc: no visible global function definition for ‘rnorm’
    centroid.sectors: no visible global function definition for ‘rnorm’
    centroid.sign: no visible global function definition for ‘rnorm’
    chart.Concentration: no visible global function definition for
     ‘heat.colors’
    chart.Concentration: no visible global function definition for ‘par’
    chart.Concentration: no visible global function definition for ‘layout’
    chart.Concentration: no visible global function definition for ‘plot’
    chart.Concentration: no visible global function definition for ‘points’
    chart.Concentration: no visible global function definition for ‘text’
    chart.Concentration: no visible global function definition for ‘axis’
    chart.Concentration: no visible global function definition for ‘box’
    chart.Concentration: no visible global function definition for ‘image’
    chart.Concentration: no visible global function definition for ‘hist’
    chart.Concentration: no visible global function definition for ‘lines’
    chart.Concentration: no visible global function definition for ‘title’
    chart.EF.Weights.efficient.frontier: no visible global function
     definition for ‘barplot’
    chart.EF.Weights.efficient.frontier: no visible global function
     definition for ‘axis’
    chart.EF.Weights.efficient.frontier: no visible global function
     definition for ‘mtext’
    chart.EF.Weights.efficient.frontier: no visible global function
     definition for ‘title’
    chart.EF.Weights.efficient.frontier: no visible global function
     definition for ‘box’
    chart.EfficientFrontier.efficient.frontier: no visible global function
     definition for ‘plot’
    chart.EfficientFrontier.efficient.frontier: no visible global function
     definition for ‘points’
    chart.EfficientFrontier.efficient.frontier: no visible global function
     definition for ‘text’
    chart.EfficientFrontier.efficient.frontier: no visible global function
     definition for ‘abline’
    chart.EfficientFrontier.efficient.frontier: no visible global function
     definition for ‘axis’
    chart.EfficientFrontier.efficient.frontier: no visible global function
     definition for ‘box’
    chart.EfficientFrontier.optimize.portfolio: no visible global function
     definition for ‘plot’
    chart.EfficientFrontier.optimize.portfolio: no visible global function
     definition for ‘points’
    chart.EfficientFrontier.optimize.portfolio: no visible global function
     definition for ‘text’
    chart.EfficientFrontier.optimize.portfolio: no visible global function
     definition for ‘abline’
    chart.EfficientFrontier.optimize.portfolio: no visible global function
     definition for ‘axis’
    chart.EfficientFrontier.optimize.portfolio: no visible global function
     definition for ‘box’
    chart.EfficientFrontier.optimize.portfolio.ROI: no visible global
     function definition for ‘plot’
    chart.EfficientFrontier.optimize.portfolio.ROI: no visible global
     function definition for ‘points’
    chart.EfficientFrontier.optimize.portfolio.ROI: no visible global
     function definition for ‘text’
    chart.EfficientFrontier.optimize.portfolio.ROI: no visible global
     function definition for ‘abline’
    chart.EfficientFrontier.optimize.portfolio.ROI: no visible global
     function definition for ‘axis’
    chart.EfficientFrontier.optimize.portfolio.ROI: no visible global
     function definition for ‘box’
    chart.EfficientFrontierOverlay: no visible global function definition
     for ‘plot’
    chart.EfficientFrontierOverlay: no visible global function definition
     for ‘axis’
    chart.EfficientFrontierOverlay: no visible global function definition
     for ‘box’
    chart.EfficientFrontierOverlay: no visible global function definition
     for ‘points’
    chart.EfficientFrontierOverlay: no visible global function definition
     for ‘text’
    chart.EfficientFrontierOverlay: no visible global function definition
     for ‘lines’
    chart.GroupWeights: no visible global function definition for
     ‘strwidth’
    chart.GroupWeights: no visible global function definition for ‘par’
    chart.GroupWeights: no visible global function definition for ‘plot’
    chart.GroupWeights: no visible global function definition for ‘points’
    chart.GroupWeights: no visible global function definition for ‘axis’
    chart.GroupWeights: no visible global function definition for ‘box’
    chart.RiskBudget.opt.list: no visible global function definition for
     ‘na.omit’
    chart.RiskBudget.opt.list: no visible global function definition for
     ‘strwidth’
    chart.RiskBudget.opt.list: no visible global function definition for
     ‘par’
    chart.RiskBudget.opt.list: no visible global function definition for
     ‘plot’
    chart.RiskBudget.opt.list: no visible global function definition for
     ‘points’
    chart.RiskBudget.opt.list: no visible global function definition for
     ‘axis’
    chart.RiskBudget.opt.list: no visible global function definition for
     ‘box’
    chart.RiskBudget.optimize.portfolio: no visible global function
     definition for ‘strwidth’
    chart.RiskBudget.optimize.portfolio: no visible global function
     definition for ‘par’
    chart.RiskBudget.optimize.portfolio: no visible global function
     definition for ‘plot’
    chart.RiskBudget.optimize.portfolio: no visible global function
     definition for ‘head’
    chart.RiskBudget.optimize.portfolio: no visible global function
     definition for ‘points’
    chart.RiskBudget.optimize.portfolio: no visible global function
     definition for ‘axis’
    chart.RiskBudget.optimize.portfolio: no visible global function
     definition for ‘box’
    chart.RiskReward.opt.list: no visible global function definition for
     ‘na.omit’
    chart.RiskReward.opt.list: no visible global function definition for
     ‘plot’
    chart.RiskReward.opt.list: no visible global function definition for
     ‘text’
    chart.RiskReward.opt.list: no visible global function definition for
     ‘points’
    chart.RiskReward.opt.list: no visible global function definition for
     ‘axis’
    chart.RiskReward.opt.list: no visible global function definition for
     ‘box’
    chart.RiskReward.optimize.portfolio.DEoptim: no visible global function
     definition for ‘plot’
    chart.RiskReward.optimize.portfolio.DEoptim: no visible global function
     definition for ‘points’
    chart.RiskReward.optimize.portfolio.DEoptim: no visible global function
     definition for ‘text’
    chart.RiskReward.optimize.portfolio.DEoptim: no visible global function
     definition for ‘head’
    chart.RiskReward.optimize.portfolio.DEoptim: no visible global function
     definition for ‘colorRamp’
    chart.RiskReward.optimize.portfolio.DEoptim: no visible global function
     definition for ‘rgb’
    chart.RiskReward.optimize.portfolio.DEoptim: no visible global function
     definition for ‘segments’
    chart.RiskReward.optimize.portfolio.DEoptim: no visible global function
     definition for ‘axis’
    chart.RiskReward.optimize.portfolio.DEoptim: no visible global function
     definition for ‘box’
    chart.RiskReward.optimize.portfolio.GenSA: no visible global function
     definition for ‘plot’
    chart.RiskReward.optimize.portfolio.GenSA: no visible global function
     definition for ‘points’
    chart.RiskReward.optimize.portfolio.GenSA: no visible global function
     definition for ‘text’
    chart.RiskReward.optimize.portfolio.GenSA: no visible global function
     definition for ‘axis’
    chart.RiskReward.optimize.portfolio.GenSA: no visible global function
     definition for ‘box’
    chart.RiskReward.optimize.portfolio.ROI: no visible global function
     definition for ‘plot’
    chart.RiskReward.optimize.portfolio.ROI: no visible global function
     definition for ‘points’
    chart.RiskReward.optimize.portfolio.ROI: no visible global function
     definition for ‘text’
    chart.RiskReward.optimize.portfolio.ROI: no visible global function
     definition for ‘axis’
    chart.RiskReward.optimize.portfolio.ROI: no visible global function
     definition for ‘box’
    chart.RiskReward.optimize.portfolio.pso: no visible global function
     definition for ‘plot’
    chart.RiskReward.optimize.portfolio.pso: no visible global function
     definition for ‘points’
    chart.RiskReward.optimize.portfolio.pso: no visible global function
     definition for ‘text’
    chart.RiskReward.optimize.portfolio.pso: no visible global function
     definition for ‘axis’
    chart.RiskReward.optimize.portfolio.pso: no visible global function
     definition for ‘box’
    chart.RiskReward.optimize.portfolio.random: no visible global function
     definition for ‘plot’
    chart.RiskReward.optimize.portfolio.random: no visible global function
     definition for ‘points’
    chart.RiskReward.optimize.portfolio.random: no visible global function
     definition for ‘text’
    chart.RiskReward.optimize.portfolio.random: no visible global function
     definition for ‘head’
    chart.RiskReward.optimize.portfolio.random: no visible global function
     definition for ‘axis’
    chart.RiskReward.optimize.portfolio.random: no visible global function
     definition for ‘box’
    chart.Scatter.DE: no visible global function definition for ‘plot’
    chart.Scatter.DE: no visible global function definition for ‘points’
    chart.Scatter.DE: no visible global function definition for ‘text’
    chart.Scatter.DE: no visible global function definition for ‘head’
    chart.Scatter.DE: no visible global function definition for ‘colorRamp’
    chart.Scatter.DE: no visible global function definition for ‘rgb’
    chart.Scatter.DE: no visible global function definition for ‘segments’
    chart.Scatter.DE: no visible global function definition for ‘axis’
    chart.Scatter.DE: no visible global function definition for ‘box’
    chart.Scatter.GenSA: no visible global function definition for ‘plot’
    chart.Scatter.GenSA: no visible global function definition for ‘points’
    chart.Scatter.GenSA: no visible global function definition for ‘text’
    chart.Scatter.GenSA: no visible global function definition for ‘axis’
    chart.Scatter.GenSA: no visible global function definition for ‘box’
    chart.Scatter.ROI: no visible global function definition for ‘plot’
    chart.Scatter.ROI: no visible global function definition for ‘points’
    chart.Scatter.ROI: no visible global function definition for ‘text’
    chart.Scatter.ROI: no visible global function definition for ‘axis’
    chart.Scatter.ROI: no visible global function definition for ‘box’
    chart.Scatter.RP: no visible global function definition for ‘plot’
    chart.Scatter.RP: no visible global function definition for ‘points’
    chart.Scatter.RP: no visible global function definition for ‘text’
    chart.Scatter.RP: no visible global function definition for ‘head’
    chart.Scatter.RP: no visible global function definition for ‘axis’
    chart.Scatter.RP: no visible global function definition for ‘box’
    chart.Scatter.pso: no visible global function definition for ‘plot’
    chart.Scatter.pso: no visible global function definition for ‘points’
    chart.Scatter.pso: no visible global function definition for ‘text’
    chart.Scatter.pso: no visible global function definition for ‘axis’
    chart.Scatter.pso: no visible global function definition for ‘box’
    chart.Weights.DE: no visible global function definition for ‘strwidth’
    chart.Weights.DE: no visible global function definition for ‘par’
    chart.Weights.DE: no visible global function definition for ‘plot’
    chart.Weights.DE: no visible global function definition for ‘points’
    chart.Weights.DE: no visible global function definition for ‘axis’
    chart.Weights.DE: no visible global function definition for ‘box’
    chart.Weights.GenSA: no visible global function definition for
     ‘strwidth’
    chart.Weights.GenSA: no visible global function definition for ‘par’
    chart.Weights.GenSA: no visible global function definition for ‘plot’
    chart.Weights.GenSA: no visible global function definition for ‘points’
    chart.Weights.GenSA: no visible global function definition for ‘axis’
    chart.Weights.GenSA: no visible global function definition for ‘box’
    chart.Weights.ROI: no visible global function definition for ‘strwidth’
    chart.Weights.ROI: no visible global function definition for ‘par’
    chart.Weights.ROI: no visible global function definition for ‘plot’
    chart.Weights.ROI: no visible global function definition for ‘points’
    chart.Weights.ROI: no visible global function definition for ‘axis’
    chart.Weights.ROI: no visible global function definition for ‘box’
    chart.Weights.RP: no visible global function definition for ‘strwidth’
    chart.Weights.RP: no visible global function definition for ‘par’
    chart.Weights.RP: no visible global function definition for ‘plot’
    chart.Weights.RP: no visible global function definition for ‘points’
    chart.Weights.RP: no visible global function definition for ‘head’
    chart.Weights.RP: no visible global function definition for ‘axis’
    chart.Weights.RP: no visible global function definition for ‘box’
    chart.Weights.opt.list: no visible global function definition for
     ‘strwidth’
    chart.Weights.opt.list: no visible global function definition for ‘par’
    chart.Weights.opt.list: no visible global function definition for
     ‘plot’
    chart.Weights.opt.list: no visible global function definition for
     ‘points’
    chart.Weights.opt.list: no visible global function definition for
     ‘axis’
    chart.Weights.opt.list: no visible global function definition for ‘box’
    chart.Weights.optimize.portfolio.DEoptim: no visible global function
     definition for ‘strwidth’
    chart.Weights.optimize.portfolio.DEoptim: no visible global function
     definition for ‘par’
    chart.Weights.optimize.portfolio.DEoptim: no visible global function
     definition for ‘plot’
    chart.Weights.optimize.portfolio.DEoptim: no visible global function
     definition for ‘points’
    chart.Weights.optimize.portfolio.DEoptim: no visible global function
     definition for ‘axis’
    chart.Weights.optimize.portfolio.DEoptim: no visible global function
     definition for ‘box’
    chart.Weights.optimize.portfolio.GenSA: no visible global function
     definition for ‘strwidth’
    chart.Weights.optimize.portfolio.GenSA: no visible global function
     definition for ‘par’
    chart.Weights.optimize.portfolio.GenSA: no visible global function
     definition for ‘plot’
    chart.Weights.optimize.portfolio.GenSA: no visible global function
     definition for ‘points’
    chart.Weights.optimize.portfolio.GenSA: no visible global function
     definition for ‘axis’
    chart.Weights.optimize.portfolio.GenSA: no visible global function
     definition for ‘box’
    chart.Weights.optimize.portfolio.ROI: no visible global function
     definition for ‘strwidth’
    chart.Weights.optimize.portfolio.ROI: no visible global function
     definition for ‘par’
    chart.Weights.optimize.portfolio.ROI: no visible global function
     definition for ‘plot’
    chart.Weights.optimize.portfolio.ROI: no visible global function
     definition for ‘points’
    chart.Weights.optimize.portfolio.ROI: no visible global function
     definition for ‘axis’
    chart.Weights.optimize.portfolio.ROI: no visible global function
     definition for ‘box’
    chart.Weights.optimize.portfolio.pso: no visible global function
     definition for ‘strwidth’
    chart.Weights.optimize.portfolio.pso: no visible global function
     definition for ‘par’
    chart.Weights.optimize.portfolio.pso: no visible global function
     definition for ‘plot’
    chart.Weights.optimize.portfolio.pso: no visible global function
     definition for ‘points’
    chart.Weights.optimize.portfolio.pso: no visible global function
     definition for ‘axis’
    chart.Weights.optimize.portfolio.pso: no visible global function
     definition for ‘box’
    chart.Weights.optimize.portfolio.random: no visible global function
     definition for ‘strwidth’
    chart.Weights.optimize.portfolio.random: no visible global function
     definition for ‘par’
    chart.Weights.optimize.portfolio.random: no visible global function
     definition for ‘plot’
    chart.Weights.optimize.portfolio.random: no visible global function
     definition for ‘points’
    chart.Weights.optimize.portfolio.random: no visible global function
     definition for ‘head’
    chart.Weights.optimize.portfolio.random: no visible global function
     definition for ‘axis’
    chart.Weights.optimize.portfolio.random: no visible global function
     definition for ‘box’
    chart.Weights.pso: no visible global function definition for ‘strwidth’
    chart.Weights.pso: no visible global function definition for ‘par’
    chart.Weights.pso: no visible global function definition for ‘plot’
    chart.Weights.pso: no visible global function definition for ‘points’
    chart.Weights.pso: no visible global function definition for ‘axis’
    chart.Weights.pso: no visible global function definition for ‘box’
    charts.DE: no visible global function definition for ‘par’
    charts.DE: no visible global function definition for ‘layout’
    charts.GenSA: no visible global function definition for ‘par’
    charts.GenSA: no visible global function definition for ‘layout’
    charts.ROI: no visible global function definition for ‘par’
    charts.ROI: no visible global function definition for ‘layout’
    charts.RP: no visible global function definition for ‘par’
    charts.RP: no visible global function definition for ‘layout’
    charts.pso: no visible global function definition for ‘par’
    charts.pso: no visible global function definition for ‘layout’
    constrained_objective: no visible global function definition for
     ‘hasArg’
    constrained_objective_v1: no visible global function definition for
     ‘hasArg’
    constrained_objective_v2: no visible global function definition for
     ‘hasArg’
    constraint: no visible global function definition for ‘hasArg’
    constraint_v2: no visible global function definition for ‘hasArg’
    extractCokurtosis: no visible global function definition for ‘cov’
    extractCovariance: no visible global function definition for ‘cov’
    fn_map: no visible global function definition for ‘runif’
    gmv_opt_leverage: no visible global function definition for ‘cov’
    gmv_opt_ptc: no visible global function definition for ‘cov’
    gmv_opt_toc: no visible global function definition for ‘cov’
    max_sr_opt: no visible global function definition for ‘optimize’
    mean_etl_opt: no visible global function definition for ‘optimize’
    meanetl.efficient.frontier: no visible global function definition for
     ‘na.omit’
    meanvar.efficient.frontier: no visible global function definition for
     ‘na.omit’
    minmax_objective: no visible global function definition for ‘hasArg’
    objective: no visible global function definition for ‘hasArg’
    optimize.portfolio: no visible global function definition for ‘hasArg’
    optimize.portfolio: no visible global function definition for
     ‘sessionInfo’
    optimize.portfolio: no visible global function definition for ‘var’
    optimize.portfolio.rebalancing: no visible global function definition
     for ‘hasArg’
    optimize.portfolio.rebalancing_v1: no visible global function
     definition for ‘hasArg’
    optimize.portfolio_v1: no visible global function definition for
     ‘hasArg’
    optimize.portfolio_v1: no visible global function definition for
     ‘sessionInfo’
    optimize.portfolio_v2: no visible global function definition for
     ‘hasArg’
    optimize.portfolio_v2: no visible global function definition for
     ‘sessionInfo’
    optimize.portfolio_v2: no visible global function definition for ‘var’
    pHist: no visible global function definition for ‘hist’
    pHist: no visible global function definition for ‘plot’
    portfolio.moments.bl: no visible global function definition for
     ‘hasArg’
    portfolio.moments.boudt: no visible global function definition for
     ‘hasArg’
    print.optimize.portfolio.parallel: no visible global function
     definition for ‘quantile’
    print.portfolio: no visible global function definition for ‘head’
    proxy.mult.portfolio: no visible global function definition for
     ‘na.omit’
    random_portfolios: no visible global function definition for ‘hasArg’
    random_portfolios_v2: no visible global function definition for
     ‘hasArg’
    return_objective: no visible global function definition for ‘hasArg’
    risk_budget_objective: no visible global function definition for
     ‘hasArg’
    rp_grid: no visible global function definition for ‘na.omit’
    rp_simplex: no visible global function definition for ‘runif’
    scatterFUN: no visible binding for global variable ‘var’
    set.portfolio.moments: no visible global function definition for
     ‘hasArg’
    set.portfolio.moments: no visible global function definition for ‘cov’
    set.portfolio.moments_v1: no visible global function definition for
     ‘hasArg’
    set.portfolio.moments_v1: no visible global function definition for
     ‘cov’
    set.portfolio.moments_v2: no visible global function definition for
     ‘hasArg’
    set.portfolio.moments_v2: no visible global function definition for
     ‘cov’
    statistical.factor.model: no visible global function definition for
     ‘prcomp’
    turnover_objective: no visible global function definition for ‘hasArg’
    var.portfolio: no visible global function definition for ‘var’
    Undefined global functions or variables:
     abline axis barplot box colorRamp cor cov hasArg head heat.colors
     hist image layout lines median mtext na.omit optimize par plot points
     prcomp predict qnorm quantile rgb rnorm runif sd segments sessionInfo
     strwidth text title var
    Consider adding
     importFrom("grDevices", "colorRamp", "heat.colors", "rgb")
     importFrom("graphics", "abline", "axis", "barplot", "box", "hist",
     "image", "layout", "lines", "mtext", "par", "plot",
     "points", "segments", "strwidth", "text", "title")
     importFrom("methods", "hasArg")
     importFrom("stats", "cor", "cov", "median", "na.omit", "optimize",
     "prcomp", "predict", "qnorm", "quantile", "rnorm", "runif",
     "sd", "var")
     importFrom("utils", "head", "sessionInfo")
    to your NAMESPACE file (and ensure that your DESCRIPTION Imports field
    contains 'methods').
Flavors: r-devel-linux-x86_64-debian-clang, r-devel-linux-x86_64-debian-gcc, r-devel-linux-x86_64-fedora-clang, r-devel-linux-x86_64-fedora-gcc, r-patched-linux-x86_64, r-patched-solaris-x86, r-release-linux-x86_64, r-release-osx-x86_64, r-oldrel-osx-x86_64

Version: 1.0.3636
Check: compiled code
Result: NOTE
    File ‘PortfolioAnalytics/libs/PortfolioAnalytics.so’:
     Found no calls to: ‘R_registerRoutines’, ‘R_useDynamicSymbols’
    
    It is good practice to register native routines and to disable symbol
    search.
    
    See ‘Writing portable packages’ in the ‘Writing R Extensions’ manual.
Flavors: r-devel-linux-x86_64-debian-clang, r-devel-linux-x86_64-debian-gcc, r-devel-linux-x86_64-fedora-clang, r-devel-linux-x86_64-fedora-gcc, r-patched-linux-x86_64, r-release-linux-x86_64

Version: 1.0.3636
Flags: --no-vignettes
Check: R code for possible problems
Result: NOTE
    CCCgarch.MM: no visible global function definition for 'hasArg'
    CCCgarch.MM: no visible global function definition for 'sd'
    CCCgarch.MM: no visible global function definition for 'predict'
    CCCgarch.MM: no visible global function definition for 'cor'
    CCCgarch.MM: no visible global function definition for 'cov'
    ac.ranking: no visible global function definition for 'hasArg'
    ac.ranking: no visible global function definition for 'median'
    add.constraint: no visible global function definition for 'hasArg'
    add.objective: no visible global function definition for 'hasArg'
    add.objective_v1: no visible global function definition for 'hasArg'
    add.objective_v2: no visible global function definition for 'hasArg'
    add.sub.portfolio: no visible global function definition for 'hasArg'
    applyFUN : moments: no visible global function definition for 'cov'
    barplotGroupWeights: no visible global function definition for
     'barplot'
    barplotGroupWeights: no visible global function definition for 'box'
    barplotOptWeights: no visible global function definition for 'barplot'
    barplotOptWeights: no visible global function definition for 'box'
    barplotRiskBudget: no visible global function definition for 'na.omit'
    barplotRiskBudget: no visible global function definition for 'strwidth'
    barplotRiskBudget: no visible global function definition for 'par'
    barplotRiskBudget: no visible global function definition for 'barplot'
    barplotRiskBudget: no visible global function definition for 'box'
    barplotWeights: no visible global function definition for 'strwidth'
    barplotWeights: no visible global function definition for 'par'
    barplotWeights: no visible global function definition for 'barplot'
    barplotWeights: no visible global function definition for 'box'
    black.litterman: no visible global function definition for 'cov'
    box_constraint: no visible global function definition for 'hasArg'
    centroid: no visible global function definition for 'qnorm'
    centroid.buckets: no visible global function definition for 'rnorm'
    centroid.complete.mc: no visible global function definition for 'rnorm'
    centroid.sectors: no visible global function definition for 'rnorm'
    centroid.sign: no visible global function definition for 'rnorm'
    chart.Concentration: no visible global function definition for
     'heat.colors'
    chart.Concentration: no visible global function definition for 'par'
    chart.Concentration: no visible global function definition for 'layout'
    chart.Concentration: no visible global function definition for 'plot'
    chart.Concentration: no visible global function definition for 'points'
    chart.Concentration: no visible global function definition for 'text'
    chart.Concentration: no visible global function definition for 'axis'
    chart.Concentration: no visible global function definition for 'box'
    chart.Concentration: no visible global function definition for 'image'
    chart.Concentration: no visible global function definition for 'hist'
    chart.Concentration: no visible global function definition for 'lines'
    chart.Concentration: no visible global function definition for 'title'
    chart.EF.Weights.efficient.frontier: no visible global function
     definition for 'barplot'
    chart.EF.Weights.efficient.frontier: no visible global function
     definition for 'axis'
    chart.EF.Weights.efficient.frontier: no visible global function
     definition for 'mtext'
    chart.EF.Weights.efficient.frontier: no visible global function
     definition for 'title'
    chart.EF.Weights.efficient.frontier: no visible global function
     definition for 'box'
    chart.EfficientFrontier.efficient.frontier: no visible global function
     definition for 'plot'
    chart.EfficientFrontier.efficient.frontier: no visible global function
     definition for 'points'
    chart.EfficientFrontier.efficient.frontier: no visible global function
     definition for 'text'
    chart.EfficientFrontier.efficient.frontier: no visible global function
     definition for 'abline'
    chart.EfficientFrontier.efficient.frontier: no visible global function
     definition for 'axis'
    chart.EfficientFrontier.efficient.frontier: no visible global function
     definition for 'box'
    chart.EfficientFrontier.optimize.portfolio: no visible global function
     definition for 'plot'
    chart.EfficientFrontier.optimize.portfolio: no visible global function
     definition for 'points'
    chart.EfficientFrontier.optimize.portfolio: no visible global function
     definition for 'text'
    chart.EfficientFrontier.optimize.portfolio: no visible global function
     definition for 'abline'
    chart.EfficientFrontier.optimize.portfolio: no visible global function
     definition for 'axis'
    chart.EfficientFrontier.optimize.portfolio: no visible global function
     definition for 'box'
    chart.EfficientFrontier.optimize.portfolio.ROI: no visible global
     function definition for 'plot'
    chart.EfficientFrontier.optimize.portfolio.ROI: no visible global
     function definition for 'points'
    chart.EfficientFrontier.optimize.portfolio.ROI: no visible global
     function definition for 'text'
    chart.EfficientFrontier.optimize.portfolio.ROI: no visible global
     function definition for 'abline'
    chart.EfficientFrontier.optimize.portfolio.ROI: no visible global
     function definition for 'axis'
    chart.EfficientFrontier.optimize.portfolio.ROI: no visible global
     function definition for 'box'
    chart.EfficientFrontierOverlay: no visible global function definition
     for 'plot'
    chart.EfficientFrontierOverlay: no visible global function definition
     for 'axis'
    chart.EfficientFrontierOverlay: no visible global function definition
     for 'box'
    chart.EfficientFrontierOverlay: no visible global function definition
     for 'points'
    chart.EfficientFrontierOverlay: no visible global function definition
     for 'text'
    chart.EfficientFrontierOverlay: no visible global function definition
     for 'lines'
    chart.GroupWeights: no visible global function definition for
     'strwidth'
    chart.GroupWeights: no visible global function definition for 'par'
    chart.GroupWeights: no visible global function definition for 'plot'
    chart.GroupWeights: no visible global function definition for 'points'
    chart.GroupWeights: no visible global function definition for 'axis'
    chart.GroupWeights: no visible global function definition for 'box'
    chart.RiskBudget.opt.list: no visible global function definition for
     'na.omit'
    chart.RiskBudget.opt.list: no visible global function definition for
     'strwidth'
    chart.RiskBudget.opt.list: no visible global function definition for
     'par'
    chart.RiskBudget.opt.list: no visible global function definition for
     'plot'
    chart.RiskBudget.opt.list: no visible global function definition for
     'points'
    chart.RiskBudget.opt.list: no visible global function definition for
     'axis'
    chart.RiskBudget.opt.list: no visible global function definition for
     'box'
    chart.RiskBudget.optimize.portfolio: no visible global function
     definition for 'strwidth'
    chart.RiskBudget.optimize.portfolio: no visible global function
     definition for 'par'
    chart.RiskBudget.optimize.portfolio: no visible global function
     definition for 'plot'
    chart.RiskBudget.optimize.portfolio: no visible global function
     definition for 'head'
    chart.RiskBudget.optimize.portfolio: no visible global function
     definition for 'points'
    chart.RiskBudget.optimize.portfolio: no visible global function
     definition for 'axis'
    chart.RiskBudget.optimize.portfolio: no visible global function
     definition for 'box'
    chart.RiskReward.opt.list: no visible global function definition for
     'na.omit'
    chart.RiskReward.opt.list: no visible global function definition for
     'plot'
    chart.RiskReward.opt.list: no visible global function definition for
     'text'
    chart.RiskReward.opt.list: no visible global function definition for
     'points'
    chart.RiskReward.opt.list: no visible global function definition for
     'axis'
    chart.RiskReward.opt.list: no visible global function definition for
     'box'
    chart.RiskReward.optimize.portfolio.DEoptim: no visible global function
     definition for 'plot'
    chart.RiskReward.optimize.portfolio.DEoptim: no visible global function
     definition for 'points'
    chart.RiskReward.optimize.portfolio.DEoptim: no visible global function
     definition for 'text'
    chart.RiskReward.optimize.portfolio.DEoptim: no visible global function
     definition for 'head'
    chart.RiskReward.optimize.portfolio.DEoptim: no visible global function
     definition for 'colorRamp'
    chart.RiskReward.optimize.portfolio.DEoptim: no visible global function
     definition for 'rgb'
    chart.RiskReward.optimize.portfolio.DEoptim: no visible global function
     definition for 'segments'
    chart.RiskReward.optimize.portfolio.DEoptim: no visible global function
     definition for 'axis'
    chart.RiskReward.optimize.portfolio.DEoptim: no visible global function
     definition for 'box'
    chart.RiskReward.optimize.portfolio.GenSA: no visible global function
     definition for 'plot'
    chart.RiskReward.optimize.portfolio.GenSA: no visible global function
     definition for 'points'
    chart.RiskReward.optimize.portfolio.GenSA: no visible global function
     definition for 'text'
    chart.RiskReward.optimize.portfolio.GenSA: no visible global function
     definition for 'axis'
    chart.RiskReward.optimize.portfolio.GenSA: no visible global function
     definition for 'box'
    chart.RiskReward.optimize.portfolio.ROI: no visible global function
     definition for 'plot'
    chart.RiskReward.optimize.portfolio.ROI: no visible global function
     definition for 'points'
    chart.RiskReward.optimize.portfolio.ROI: no visible global function
     definition for 'text'
    chart.RiskReward.optimize.portfolio.ROI: no visible global function
     definition for 'axis'
    chart.RiskReward.optimize.portfolio.ROI: no visible global function
     definition for 'box'
    chart.RiskReward.optimize.portfolio.pso: no visible global function
     definition for 'plot'
    chart.RiskReward.optimize.portfolio.pso: no visible global function
     definition for 'points'
    chart.RiskReward.optimize.portfolio.pso: no visible global function
     definition for 'text'
    chart.RiskReward.optimize.portfolio.pso: no visible global function
     definition for 'axis'
    chart.RiskReward.optimize.portfolio.pso: no visible global function
     definition for 'box'
    chart.RiskReward.optimize.portfolio.random: no visible global function
     definition for 'plot'
    chart.RiskReward.optimize.portfolio.random: no visible global function
     definition for 'points'
    chart.RiskReward.optimize.portfolio.random: no visible global function
     definition for 'text'
    chart.RiskReward.optimize.portfolio.random: no visible global function
     definition for 'head'
    chart.RiskReward.optimize.portfolio.random: no visible global function
     definition for 'axis'
    chart.RiskReward.optimize.portfolio.random: no visible global function
     definition for 'box'
    chart.Scatter.DE: no visible global function definition for 'plot'
    chart.Scatter.DE: no visible global function definition for 'points'
    chart.Scatter.DE: no visible global function definition for 'text'
    chart.Scatter.DE: no visible global function definition for 'head'
    chart.Scatter.DE: no visible global function definition for 'colorRamp'
    chart.Scatter.DE: no visible global function definition for 'rgb'
    chart.Scatter.DE: no visible global function definition for 'segments'
    chart.Scatter.DE: no visible global function definition for 'axis'
    chart.Scatter.DE: no visible global function definition for 'box'
    chart.Scatter.GenSA: no visible global function definition for 'plot'
    chart.Scatter.GenSA: no visible global function definition for 'points'
    chart.Scatter.GenSA: no visible global function definition for 'text'
    chart.Scatter.GenSA: no visible global function definition for 'axis'
    chart.Scatter.GenSA: no visible global function definition for 'box'
    chart.Scatter.ROI: no visible global function definition for 'plot'
    chart.Scatter.ROI: no visible global function definition for 'points'
    chart.Scatter.ROI: no visible global function definition for 'text'
    chart.Scatter.ROI: no visible global function definition for 'axis'
    chart.Scatter.ROI: no visible global function definition for 'box'
    chart.Scatter.RP: no visible global function definition for 'plot'
    chart.Scatter.RP: no visible global function definition for 'points'
    chart.Scatter.RP: no visible global function definition for 'text'
    chart.Scatter.RP: no visible global function definition for 'head'
    chart.Scatter.RP: no visible global function definition for 'axis'
    chart.Scatter.RP: no visible global function definition for 'box'
    chart.Scatter.pso: no visible global function definition for 'plot'
    chart.Scatter.pso: no visible global function definition for 'points'
    chart.Scatter.pso: no visible global function definition for 'text'
    chart.Scatter.pso: no visible global function definition for 'axis'
    chart.Scatter.pso: no visible global function definition for 'box'
    chart.Weights.DE: no visible global function definition for 'strwidth'
    chart.Weights.DE: no visible global function definition for 'par'
    chart.Weights.DE: no visible global function definition for 'plot'
    chart.Weights.DE: no visible global function definition for 'points'
    chart.Weights.DE: no visible global function definition for 'axis'
    chart.Weights.DE: no visible global function definition for 'box'
    chart.Weights.GenSA: no visible global function definition for
     'strwidth'
    chart.Weights.GenSA: no visible global function definition for 'par'
    chart.Weights.GenSA: no visible global function definition for 'plot'
    chart.Weights.GenSA: no visible global function definition for 'points'
    chart.Weights.GenSA: no visible global function definition for 'axis'
    chart.Weights.GenSA: no visible global function definition for 'box'
    chart.Weights.ROI: no visible global function definition for 'strwidth'
    chart.Weights.ROI: no visible global function definition for 'par'
    chart.Weights.ROI: no visible global function definition for 'plot'
    chart.Weights.ROI: no visible global function definition for 'points'
    chart.Weights.ROI: no visible global function definition for 'axis'
    chart.Weights.ROI: no visible global function definition for 'box'
    chart.Weights.RP: no visible global function definition for 'strwidth'
    chart.Weights.RP: no visible global function definition for 'par'
    chart.Weights.RP: no visible global function definition for 'plot'
    chart.Weights.RP: no visible global function definition for 'points'
    chart.Weights.RP: no visible global function definition for 'head'
    chart.Weights.RP: no visible global function definition for 'axis'
    chart.Weights.RP: no visible global function definition for 'box'
    chart.Weights.opt.list: no visible global function definition for
     'strwidth'
    chart.Weights.opt.list: no visible global function definition for 'par'
    chart.Weights.opt.list: no visible global function definition for
     'plot'
    chart.Weights.opt.list: no visible global function definition for
     'points'
    chart.Weights.opt.list: no visible global function definition for
     'axis'
    chart.Weights.opt.list: no visible global function definition for 'box'
    chart.Weights.optimize.portfolio.DEoptim: no visible global function
     definition for 'strwidth'
    chart.Weights.optimize.portfolio.DEoptim: no visible global function
     definition for 'par'
    chart.Weights.optimize.portfolio.DEoptim: no visible global function
     definition for 'plot'
    chart.Weights.optimize.portfolio.DEoptim: no visible global function
     definition for 'points'
    chart.Weights.optimize.portfolio.DEoptim: no visible global function
     definition for 'axis'
    chart.Weights.optimize.portfolio.DEoptim: no visible global function
     definition for 'box'
    chart.Weights.optimize.portfolio.GenSA: no visible global function
     definition for 'strwidth'
    chart.Weights.optimize.portfolio.GenSA: no visible global function
     definition for 'par'
    chart.Weights.optimize.portfolio.GenSA: no visible global function
     definition for 'plot'
    chart.Weights.optimize.portfolio.GenSA: no visible global function
     definition for 'points'
    chart.Weights.optimize.portfolio.GenSA: no visible global function
     definition for 'axis'
    chart.Weights.optimize.portfolio.GenSA: no visible global function
     definition for 'box'
    chart.Weights.optimize.portfolio.ROI: no visible global function
     definition for 'strwidth'
    chart.Weights.optimize.portfolio.ROI: no visible global function
     definition for 'par'
    chart.Weights.optimize.portfolio.ROI: no visible global function
     definition for 'plot'
    chart.Weights.optimize.portfolio.ROI: no visible global function
     definition for 'points'
    chart.Weights.optimize.portfolio.ROI: no visible global function
     definition for 'axis'
    chart.Weights.optimize.portfolio.ROI: no visible global function
     definition for 'box'
    chart.Weights.optimize.portfolio.pso: no visible global function
     definition for 'strwidth'
    chart.Weights.optimize.portfolio.pso: no visible global function
     definition for 'par'
    chart.Weights.optimize.portfolio.pso: no visible global function
     definition for 'plot'
    chart.Weights.optimize.portfolio.pso: no visible global function
     definition for 'points'
    chart.Weights.optimize.portfolio.pso: no visible global function
     definition for 'axis'
    chart.Weights.optimize.portfolio.pso: no visible global function
     definition for 'box'
    chart.Weights.optimize.portfolio.random: no visible global function
     definition for 'strwidth'
    chart.Weights.optimize.portfolio.random: no visible global function
     definition for 'par'
    chart.Weights.optimize.portfolio.random: no visible global function
     definition for 'plot'
    chart.Weights.optimize.portfolio.random: no visible global function
     definition for 'points'
    chart.Weights.optimize.portfolio.random: no visible global function
     definition for 'head'
    chart.Weights.optimize.portfolio.random: no visible global function
     definition for 'axis'
    chart.Weights.optimize.portfolio.random: no visible global function
     definition for 'box'
    chart.Weights.pso: no visible global function definition for 'strwidth'
    chart.Weights.pso: no visible global function definition for 'par'
    chart.Weights.pso: no visible global function definition for 'plot'
    chart.Weights.pso: no visible global function definition for 'points'
    chart.Weights.pso: no visible global function definition for 'axis'
    chart.Weights.pso: no visible global function definition for 'box'
    charts.DE: no visible global function definition for 'par'
    charts.DE: no visible global function definition for 'layout'
    charts.GenSA: no visible global function definition for 'par'
    charts.GenSA: no visible global function definition for 'layout'
    charts.ROI: no visible global function definition for 'par'
    charts.ROI: no visible global function definition for 'layout'
    charts.RP: no visible global function definition for 'par'
    charts.RP: no visible global function definition for 'layout'
    charts.pso: no visible global function definition for 'par'
    charts.pso: no visible global function definition for 'layout'
    constrained_objective: no visible global function definition for
     'hasArg'
    constrained_objective_v1: no visible global function definition for
     'hasArg'
    constrained_objective_v2: no visible global function definition for
     'hasArg'
    constraint: no visible global function definition for 'hasArg'
    constraint_v2: no visible global function definition for 'hasArg'
    extractCokurtosis: no visible global function definition for 'cov'
    extractCovariance: no visible global function definition for 'cov'
    fn_map: no visible global function definition for 'runif'
    gmv_opt_leverage: no visible global function definition for 'cov'
    gmv_opt_ptc: no visible global function definition for 'cov'
    gmv_opt_toc: no visible global function definition for 'cov'
    max_sr_opt: no visible global function definition for 'optimize'
    mean_etl_opt: no visible global function definition for 'optimize'
    meanetl.efficient.frontier: no visible global function definition for
     'na.omit'
    meanvar.efficient.frontier: no visible global function definition for
     'na.omit'
    minmax_objective: no visible global function definition for 'hasArg'
    objective: no visible global function definition for 'hasArg'
    optimize.portfolio: no visible global function definition for 'hasArg'
    optimize.portfolio: no visible global function definition for
     'sessionInfo'
    optimize.portfolio: no visible global function definition for 'var'
    optimize.portfolio.rebalancing: no visible global function definition
     for 'hasArg'
    optimize.portfolio.rebalancing_v1: no visible global function
     definition for 'hasArg'
    optimize.portfolio_v1: no visible global function definition for
     'hasArg'
    optimize.portfolio_v1: no visible global function definition for
     'sessionInfo'
    optimize.portfolio_v2: no visible global function definition for
     'hasArg'
    optimize.portfolio_v2: no visible global function definition for
     'sessionInfo'
    optimize.portfolio_v2: no visible global function definition for 'var'
    pHist: no visible global function definition for 'hist'
    pHist: no visible global function definition for 'plot'
    portfolio.moments.bl: no visible global function definition for
     'hasArg'
    portfolio.moments.boudt: no visible global function definition for
     'hasArg'
    print.optimize.portfolio.parallel: no visible global function
     definition for 'quantile'
    print.portfolio: no visible global function definition for 'head'
    proxy.mult.portfolio: no visible global function definition for
     'na.omit'
    random_portfolios: no visible global function definition for 'hasArg'
    random_portfolios_v2: no visible global function definition for
     'hasArg'
    return_objective: no visible global function definition for 'hasArg'
    risk_budget_objective: no visible global function definition for
     'hasArg'
    rp_grid: no visible global function definition for 'na.omit'
    rp_simplex: no visible global function definition for 'runif'
    scatterFUN: no visible binding for global variable 'var'
    set.portfolio.moments: no visible global function definition for
     'hasArg'
    set.portfolio.moments: no visible global function definition for 'cov'
    set.portfolio.moments_v1: no visible global function definition for
     'hasArg'
    set.portfolio.moments_v1: no visible global function definition for
     'cov'
    set.portfolio.moments_v2: no visible global function definition for
     'hasArg'
    set.portfolio.moments_v2: no visible global function definition for
     'cov'
    statistical.factor.model: no visible global function definition for
     'prcomp'
    turnover_objective: no visible global function definition for 'hasArg'
    var.portfolio: no visible global function definition for 'var'
    Undefined global functions or variables:
     abline axis barplot box colorRamp cor cov hasArg head heat.colors
     hist image layout lines median mtext na.omit optimize par plot points
     prcomp predict qnorm quantile rgb rnorm runif sd segments sessionInfo
     strwidth text title var
    Consider adding
     importFrom("grDevices", "colorRamp", "heat.colors", "rgb")
     importFrom("graphics", "abline", "axis", "barplot", "box", "hist",
     "image", "layout", "lines", "mtext", "par", "plot",
     "points", "segments", "strwidth", "text", "title")
     importFrom("methods", "hasArg")
     importFrom("stats", "cor", "cov", "median", "na.omit", "optimize",
     "prcomp", "predict", "qnorm", "quantile", "rnorm", "runif",
     "sd", "var")
     importFrom("utils", "head", "sessionInfo")
    to your NAMESPACE file (and ensure that your DESCRIPTION Imports field
    contains 'methods').
Flavors: r-devel-windows-ix86+x86_64, r-release-windows-ix86+x86_64, r-oldrel-windows-ix86+x86_64

Version: 1.0.3636
Check: package dependencies
Result: NOTE
    Package suggested but not available for checking: ‘ROI.plugin.symphony’
Flavors: r-patched-solaris-x86, r-oldrel-osx-x86_64

Version: 1.0.3636
Check: package dependencies
Result: NOTE
    Packages suggested but not available for checking:
     ‘Rglpk’ ‘ROI.plugin.glpk’ ‘ROI.plugin.symphony’
Flavor: r-release-osx-x86_64

Version: 1.0.3636
Check: running R code from vignettes
Result: WARN
    Errors in running code in vignettes:
    when running code in ‘ROI_vignette.Rnw’
     ...
    
    > suppressMessages(library(ROI))
    
    > suppressMessages(library(ROI.plugin.quadprog))
    
    > suppressMessages(library(ROI.plugin.glpk))
    
     When sourcing ‘ROI_vignette.R’:
    Error: there is no package called ‘ROI.plugin.glpk’
    Execution halted
    when running code in ‘custom_moments_objectives.Rnw’
     ...
    + r .... [TRUNCATED]
    
    > opt.sd <- optimize.portfolio(R, SD.portf, optimize_method = "ROI",
    + momentFUN = "sigma.robust")
    Loading required package: MASS
    
     When sourcing ‘custom_moments_objectives.R’:
    Error: No solution found: Error in UseMethod("as.constraint") :
     no applicable method for 'as.constraint' applied to an object of class "c('matrix', 'list')"
    Execution halted
    when running code in ‘portfolio_vignette.Rnw’
     ...
    
    > maxret <- add.objective(portfolio = init, type = "return",
    + name = "mean")
    
    > opt_maxret <- optimize.portfolio(R = R, portfolio = maxret,
    + optimize_method = "ROI", trace = TRUE)
    
     When sourcing ‘portfolio_vignette.R’:
    Error: paste0("package:", plugin) %in% search() || requireNamespace(plugin, .... is not TRUE
    Execution halted
Flavor: r-release-osx-x86_64

Version: 1.0.3636
Check: re-building of vignette outputs
Result: NOTE
    Error in re-building vignettes:
     ...
    Error in texi2dvi(file = file, pdf = TRUE, clean = clean, quiet = quiet, :
     Running 'texi2dvi' on 'DesignThoughts.tex' failed.
    LaTeX errors:
    ! LaTeX Error: File `footmisc.sty' not found.
    
    Type X to quit or <RETURN> to proceed,
    or enter new name. (Default extension: sty)
    
    ! Emergency stop.
    <read *>
    
    l.13 \usepackage
     {ctable}^^M
    ! ==> Fatal error occurred, no output PDF file produced!
    Calls: buildVignettes -> texi2pdf -> texi2dvi
    Execution halted
Flavor: r-release-osx-x86_64