CRAN Package Check Results for Package PortfolioOptim

Last updated on 2019-05-24 15:47:58 CEST.

Flavor Version Tinstall Tcheck Ttotal Status Flags
r-devel-linux-x86_64-debian-clang 1.1.1 2.24 21.92 24.16 OK
r-devel-linux-x86_64-debian-gcc 1.1.1 1.71 17.04 18.75 OK
r-devel-linux-x86_64-fedora-clang 1.1.1 29.20 OK
r-devel-linux-x86_64-fedora-gcc 1.1.1 27.80 OK
r-devel-windows-ix86+x86_64 1.1.1 5.00 36.00 41.00 OK
r-patched-linux-x86_64 1.1.1 2.36 21.82 24.18 OK
r-patched-solaris-x86 1.1.1 3.50 ERROR
r-release-linux-x86_64 1.1.1 2.51 21.95 24.46 OK
r-release-windows-ix86+x86_64 1.1.1 7.00 35.00 42.00 OK
r-release-osx-x86_64 1.1.1 ERROR
r-oldrel-windows-ix86+x86_64 1.1.1 5.00 33.00 38.00 OK
r-oldrel-osx-x86_64 1.1.1 ERROR

Check Details

Version: 1.1.1
Check: package dependencies
Result: ERROR
    Package required but not available: ‘Rsymphony’
    
    See section ‘The DESCRIPTION file’ in the ‘Writing R Extensions’
    manual.
Flavors: r-patched-solaris-x86, r-release-osx-x86_64, r-oldrel-osx-x86_64