CRAN Package Check Results for Package PortfolioOptim

Last updated on 2019-07-21 10:46:19 CEST.

Flavor Version Tinstall Tcheck Ttotal Status Flags
r-devel-linux-x86_64-debian-clang 1.1.1 2.38 21.86 24.24 OK
r-devel-linux-x86_64-debian-gcc 1.1.1 1.83 17.98 19.81 OK
r-devel-linux-x86_64-fedora-clang 1.1.1 29.31 OK
r-devel-linux-x86_64-fedora-gcc 1.1.1 28.35 OK
r-devel-windows-ix86+x86_64 1.1.1 4.00 52.00 56.00 OK
r-patched-linux-x86_64 1.1.1 2.52 21.81 24.33 OK
r-patched-solaris-x86 1.1.1 3.60 ERROR
r-release-linux-x86_64 1.1.1 2.28 21.60 23.88 OK
r-release-windows-ix86+x86_64 1.1.1 4.00 33.00 37.00 OK
r-release-osx-x86_64 1.1.1 ERROR
r-oldrel-windows-ix86+x86_64 1.1.1 5.00 34.00 39.00 OK
r-oldrel-osx-x86_64 1.1.1 ERROR

Check Details

Version: 1.1.1
Check: package dependencies
Result: ERROR
    Package required but not available: ‘Rsymphony’
    
    See section ‘The DESCRIPTION file’ in the ‘Writing R Extensions’
    manual.
Flavors: r-patched-solaris-x86, r-release-osx-x86_64, r-oldrel-osx-x86_64